000
CXUS53 KARX 010930
CF6OLZ
PRELIMINARY LOCAL CLIMATOLOGICAL DATA (WS FORM: F-6)

                                          STATION:   OELWEIN IA
                                          MONTH:     JANUARY
                                          YEAR:      2015
                                          LATITUDE:   42 40 N
                                          LONGITUDE:  91 58 W

  TEMPERATURE IN F:       :PCPN:    SNOW:  WIND      :SUNSHINE: SKY     :PK WND
================================================================================
1   2   3   4   5  6A  6B    7    8   9   10  11  12  13   14  15   16   17  18
                                     12Z  AVG MX 2MIN
DY MAX MIN AVG DEP HDD CDD  WTR  SNW DPTH SPD SPD DIR MIN PSBL S-S WX    SPD DR
================================================================================

 1  32  12  22   M  43   0 0.00  0.0    0 12.9 23 250   M    M   3        27 280
 2  28  12  20   M  45   0    T    T    0  5.2 12 150   M    M   2         M  M
 3  34  27  31   M  34   0 0.00  0.0    0  6.2 12 360   M    M  10 12      M  M
 4  27  -4  12   M  53   0    M    M    1 20.8 27 330   M    M   5 8      37 340
 5   5 -11  -3   M  68   0    M    M    1  9.6 13 140   M    M   3 8       M  M
 6   7 -15  -4   M  69   0    T    T    4 13.2 27 330   M    M   4 9      33 310
 7   1 -11  -5   M  70   0 0.00  0.0    4 19.0 29 320   M    M   3 9      35 320
 8  19 -11   4   M  61   0    M    M    4 20.9 32 310   M    M   9 8      43 310
 9   7  -6   1   M  64   0    M    M    5 18.6 28 310   M    M   6        43 310
10  23  -9   7   M  58   0 0.00  0.0    4 11.7 20 170   M    M   4         M  M
11  25   7  16   M  49   0 0.00  0.0    4  5.2 12 360   M    M   2         M  M
12  16  -4   6   M  59   0 0.00  0.0    4 11.8 17 350   M    M   1        25 350
13  18  -8   5   M  60   0 0.00  0.0    4  7.5 13 150   M    M   3         M  M
14  25   5  15   M  50   0 0.00  0.0    3  7.9 13 180   M    M   9 1       M  M
15  36  18  27   M  38   0 0.00  0.0    3 10.1 15 310   M    M   3 1      21 280
16  37  14  26   M  39   0 0.00  0.0    2 11.7 21 140   M    M   2 12      M  M
17  39  32  36   M  29   0 0.00  0.0    2 15.4 23 290   M    M   7        32 290
18  41  27  34   M  31   0 0.00  0.0    1 11.3 18 280   M    M   0        21 280
19  41  23  32   M  33   0 0.00  0.0    1  7.1 14 150   M    M   4         M  M
20  34  30  32   M  33   0    M    M    0  6.6 10 300   M    M  10 12      M  M
21  32  27  30   M  35   0    M    M    2  5.9 12 330   M    M  10 1      15 330
22  30  18  24   M  41   0 0.00  0.0    1  8.4 15 220   M    M   9 1       M  M
23  36  21  29   M  36   0 0.00  0.0    1 12.9 18 210   M    M   3 1      24 200
24  45  23  34   M  31   0 0.00  0.0    1  7.9 12 270   M    M   4 1       M  M
25  36  21  29   M  36   0    M    M    1 11.7 21  60   M    M   9 1      28  60
26  43  21  32   M  33   0 0.00  0.0    M 11.0 16 180   M    M  10 1      21 170
27  36  28  32   M  33   0 0.00  0.0    M  8.1 13 160   M    M  10        15 160
28  36  25  31   M  34   0    M    M    M 16.6 24 140   M    M   7 12     30 140
29  34  21  28   M  37   0 0.00  0.0    0 20.5 27 310   M    M   9 1      37 320
30  28  10  19   M  46   0 0.00  0.0    0  7.2 15 350   M    M   1        17 340
31  36  19  28   M  37   0    M    M    M  7.2 14  80   M    M   6 1       M  M
================================================================================
SM  887  362      1385   0    T     T    350.1          M      168
================================================================================
AV 28.6 11.7                              11.3 FASTST   M    M   5    MAX(MPH)
                                 MISC ---->    32   M                 43    M
================================================================================
NOTES:
# LAST OF SEVERAL OCCURRENCES

COLUMN 17 PEAK WIND IN M.P.H.

PRELIMINARY LOCAL CLIMATOLOGICAL DATA (WS FORM: F-6) , PAGE 2

                                          STATION:  OELWEIN IA
                                          MONTH:    JANUARY
                                          YEAR:     2015
                                          LATITUDE:   42 40 N
                                          LONGITUDE:  91 58 W

[TEMPERATURE DATA]      [PRECIPITATION DATA]       SYMBOLS USED IN COLUMN 16

AVERAGE MONTHLY: 20.1   TOTAL FOR MONTH:      T    1 = FOG OR MIST
DPTR FM NORMAL:     M   DPTR FM NORMAL:       M    2 = FOG REDUCING VISIBILITY
HIGHEST:    45 ON 24    GRTST 24HR    T  ON  6- 6      TO 1/4 MILE OR LESS
LOWEST:    -15 ON  6                               3 = THUNDER
                        SNOW, ICE PELLETS, HAIL    4 = ICE PELLETS
                        TOTAL MONTH:    T          5 = HAIL
                        GRTST 24HR    T  ON  6- 6  6 = FREEZING RAIN OR DRIZZLE
                        GRTST DEPTH:   5 ON  9     7 = DUSTSTORM OR SANDSTORM:
                                                       VSBY 1/2 MILE OR LESS
                                                   8 = SMOKE OR HAZE
[NO. OF DAYS WITH]      [WEATHER - DAYS WITH]      9 = BLOWING SNOW
                                                   X = TORNADO
MAX 32 OR BELOW:  16    0.01 INCH OR MORE:   0
MAX 90 OR ABOVE:   0    0.10 INCH OR MORE:   0
MIN 32 OR BELOW:  31    0.50 INCH OR MORE:   0
MIN  0 OR BELOW:   9    1.00 INCH OR MORE:   0

[HDD (BASE 65) ]
TOTAL THIS MO.  1385    CLEAR  (SCALE 0-3)  11
DPTR FM NORMAL     M    PTCLDY (SCALE 4-7)  10
TOTAL FM JUL 1  4298    CLOUDY (SCALE 8-10) 10
DPTR FM NORMAL     M

[CDD (BASE 65) ]
TOTAL THIS MO.     0
DPTR FM NORMAL     M    [PRESSURE DATA]
TOTAL FM JAN 1     0    HIGHEST SLP M ON M
DPTR FM NORMAL     M    LOWEST  SLP M ON M

[REMARKS]
#FINAL-01-15#
