000
CXAK56 PAFG 171439
CF6OME
PRELIMINARY LOCAL CLIMATOLOGICAL DATA (WS FORM: F-6)

                                          STATION:   NOME AK
                                          MONTH:     DECEMBER
                                          YEAR:      2017
                                          LATITUDE:   64 30 N
                                          LONGITUDE: 165 26 W

  TEMPERATURE IN F:       :PCPN:    SNOW:  WIND      :SUNSHINE: SKY     :PK WND
================================================================================
1   2   3   4   5  6A  6B    7    8   9   10  11  12  13   14  15   16   17  18
                                     12Z  AVG MX 2MIN
DY MAX MIN AVG DEP HDD CDD  WTR  SNW DPTH SPD SPD DIR MIN PSBL S-S WX    SPD DR
================================================================================

 1  36  18  27  14  38   0 0.26  3.9   10 21.0 36  90   M    M  10 1689   46 110
 2  32  28  30  18  35   0 0.05  0.5   14 10.7 16 160   M    M  10 1268    M  M
 3  30  21  26  14  39   0 0.06  0.7   14 10.7 13 330   M    M   7 1268   31  10
 4  30  25  28  16  37   0 0.02  0.4   15 17.2 41  30   M    M   6 189    52  30
 5  30  26  28  16  37   0 0.04  0.5   15 17.0 28 140   M    M  10 1      33 140
 6  27  22  25  13  40   0 0.03  0.4   16  9.6 16 100   M    M  10 12     19 110
 7  25  10  18   7  47   0 0.01  0.3   16  9.8 25  10   M    M   3 1      31  10
 8  23  -1  11   0  54   0 0.00  0.0   16  5.3 24  10   M    M   0 1      27  10
 9  15  -3   6  -5  59   0 0.00  0.0   16  1.7 15 360   M    M   0 1      19 360
10  22  10  16   5  49   0    T    T   16 10.6 26 350   M    M   6 18     31 350
11  26  18  22  12  43   0 0.05  0.8   16 11.7 29 360   M    M  10 189    34 360
12  34  23  29  19  36   0 0.07  0.4   16 12.3 23  90   M    M  10 1      29 100
13  33  27  30  20  35   0 0.08  0.7   17 12.3 22 270   M    M  10 16     27  90
14  27  21  24  14  41   0    T  0.2   15 12.3 22 270   M    M  10 1      26 270
15  28  15  22  12  43   0    T  0.1   15 16.6 28  40   M    M   6 1      33  40
16  30  21  26  16  39   0    T    T   15  7.7 23  40   M    M   9 1      28  30
================================================================================
SM  448  281       672   0  0.67     8.9 186.5          M      117
================================================================================
AV 28.0 17.6                              11.7 FASTST   M    M   7    MAX(MPH)
                                 MISC ---->  # 41  30               # 52   30
================================================================================
NOTES:
# LAST OF SEVERAL OCCURRENCES

COLUMN 17 PEAK WIND IN M.P.H.

PRELIMINARY LOCAL CLIMATOLOGICAL DATA (WS FORM: F-6) , PAGE 2

                                          STATION:  NOME AK
                                          MONTH:    DECEMBER
                                          YEAR:     2017
                                          LATITUDE:   64 30 N
                                          LONGITUDE: 165 26 W

[TEMPERATURE DATA]      [PRECIPITATION DATA]       SYMBOLS USED IN COLUMN 16

AVERAGE MONTHLY: 22.8   TOTAL FOR MONTH:   0.67    1 = FOG OR MIST
DPTR FM NORMAL:  11.7   DPTR FM NORMAL:    0.12    2 = FOG REDUCING VISIBILITY
HIGHEST:    36 ON  1    GRTST 24HR  0.26 ON  1- 1      TO 1/4 MILE OR LESS
LOWEST:     -3 ON  9                               3 = THUNDER
                        SNOW, ICE PELLETS, HAIL    4 = ICE PELLETS
                        TOTAL MONTH:   8.9 INCHES  5 = HAIL
                        GRTST 24HR   3.9 ON  1- 1  6 = FREEZING RAIN OR DRIZZLE
                        GRTST DEPTH:  17 ON 13     7 = DUSTSTORM OR SANDSTORM:
                                                       VSBY 1/2 MILE OR LESS
                                                   8 = SMOKE OR HAZE
[NO. OF DAYS WITH]      [WEATHER - DAYS WITH]      9 = BLOWING SNOW
                                                   X = TORNADO
MAX 32 OR BELOW:  13    0.01 INCH OR MORE:  10
MAX 90 OR ABOVE:   0    0.10 INCH OR MORE:   1
MIN 32 OR BELOW:  16    0.50 INCH OR MORE:   0
MIN  0 OR BELOW:   2    1.00 INCH OR MORE:   0

[HDD (BASE 65) ]
TOTAL THIS MO.   672    CLEAR  (SCALE 0-3)   3
DPTR FM NORMAL  -193    PTCLDY (SCALE 4-7)   4
TOTAL FM JUL 1  4460    CLOUDY (SCALE 8-10)  9
DPTR FM NORMAL  -498

[CDD (BASE 65) ]
TOTAL THIS MO.     0
DPTR FM NORMAL     0    [PRESSURE DATA]
TOTAL FM JAN 1     4    HIGHEST SLP M ON M
DPTR FM NORMAL     1    LOWEST  SLP 29.70 ON 16

[REMARKS]
