000
CXAK56 PAOM 290903
CF6OME

PRELIMINARY LOCAL CLIMATOLOGICAL DATA (WS FORM: F-6)

                                          STATION:   NOME
                                          MONTH:     07
                                          YEAR:      2014
                                          LATITUDE:   64 31 N
                                          LONGITUDE: 165 27 W

  TEMPERATURE IN F:       :PCPN:    SNOW:  WIND      :SUNSHINE: SKY     :PK WND
================================================================================
1   2   3   4   5  6A  6B    7     8   9   10  11  12  13   14  15   16  17  18
                                      12Z  AVG MX 2MIN
DY MAX MIN AVG DEP HDD CDD  WTR   SNW DPTH SPD SPD DIR MIN PSBL S-S WX   SPD DR
================================================================================

 1  48  45  47  -5  18   0  0.29  0.0   0 10.2 15  180   M    M   M 1     18 160
 2  46  44  45  -7  20   0  0.20  0.0   0  8.1 13  190   M    M   M 1     16 200
 3  46  43  45  -7  20   0  0.00  0.0   0  6.1 10  190   M    M   M 1     12 200
 4  49  42  46  -6  19   0  0.00  0.0   0  7.6 18  270   M    M   M       21 260
 5  68  43  56   4   9   0     T  0.0   0  5.9 13  240   M    M   M       14 260
 6  68  53  61   9   4   0  0.02  0.0   0  4.9 14  110   M    M   M 1     17  90
 7  84  50  67  15   0   2     T  0.0   0  8.9 25   90   M    M   M 1     29  30
 8  66  53  60   8   5   0  0.00  0.0   0  6.8 17  130   M    M   M       21 130
 9  66  48  57   4   8   0  0.17  0.0   0  5.9 15  140   M    M   M 1     18  80
10  70  47  59   6   6   0  0.03  0.0   0  6.9 18  250   M    M   M       21 250
11  67  56  62   9   3   0  0.14  0.0   0  6.5 15  350   M    M   M 1     18 350
12  63  55  59   6   6   0     T  0.0   0  6.8 17  130   M    M   M 1     21 100
13  58  49  54   1  11   0     T  0.0   0 10.3 21  220   M    M   M 1     23 230
14  50  46  48  -5  17   0  0.03  0.0   0 16.2 28  230   M    M   M 12    33 240
15  47  45  46  -7  19   0  0.51  0.0   0 14.7 24  220   M    M   M 1     28 220
16  48  46  47  -6  18   0  0.33  0.0   0 15.1 24  230   M    M   M 1     27 220
17  55  46  51  -2  14   0  0.28  0.0   0  6.8 14  350   M    M   M 1     17 350
18  56  36  46  -7  19   0  0.00  0.0   0 11.9 26  260   M    M   M       31 260
19  55  41  48  -4  17   0  0.17  0.0   0 17.1 28  360   M    M   M 1     35 360
20  49  37  43  -9  22   0  0.00  0.0   0 10.6 18  200   M    M   M 1     21 200
21  47  46  47  -5  18   0  0.08  0.0   0  8.9 20  200   M    M   M 1     23 200
22  55  40  48  -4  17   0  0.04  0.0   0  8.8 21  270   M    M   M 1     24 280
23  56  41  49  -3  16   0  0.08  0.0   0 10.9 20  210   M    M   M 1     22 200
24  59  41  50  -2  15   0  0.00  0.0   0  9.9 18  340   M    M   M       24 340
25  49  33  41 -11  24   0  0.00  0.0   0  7.2 15  250   M    M   M       17 250
26  52  45  49  -3  16   0     T  0.0   0  4.6 10  230   M    M   M       14 230
27  50  45  48  -4  17   0  0.11  0.0   0  5.8 15  120   M    M   M 1     18 120
28  64  46  55   3  10   0     T  0.0   0  6.8 22   40   M    M   M 12    26  40
================================================================================
SM 1591 1262       388   2  2.48 0.0    250.2           M        M
================================================================================
AV 56.8 45.1                              8.9 FASTST  PSBL  %   M    MAX(MPH)
                                 MISC ---->  #  28  360                 35 360
================================================================================
NOTES:
# LAST OF SEVERAL OCCURRENCES

COLUMN 17 PEAK WIND IN M.P.H.

PRELIMINARY LOCAL CLIMATOLOGICAL DATA (WS FORM: F-6) , PAGE 2

                                          STATION:   NOME
                                          MONTH:     07
                                          YEAR:      2014
                                          LATITUDE:  64 31 N
                                          LONGITUDE: 165 27 W

[TEMPERATURE DATA]      [PRECIPITATION DATA]       SYMBOLS USED IN COLUMN 16

AVERAGE MONTHLY:50.9   TOTAL FOR MONTH: 2.48       1 = FOG
DPTR FM NORMAL: -1.5   DPTR FM NORMAL: 0.66       2 = FOG REDUCING VISIBILITY
HIGHEST:    84 ON  7    GRTST 24HR   0.51 ON 15        TO 1/4 MILE OR LESS
LOWEST:     33 ON 25                               3 = THUNDER
                        SNOW, ICE PELLETS, HAIL    4 = ICE PELLETS
                        TOTAL MONTH: 0.0         5 = HAIL
                        GRTST 24HR   0.0           6 = GLAZE OR RIME
                        GRTST DEPTH:    0          7 = BLOWING DUST OR SAND:
                                                       VSBY 1/2 MILE OR LESS
                                                   8 = SMOKE OR HAZE
[NO. OF DAYS WITH]      [WEATHER - DAYS WITH]      9 = BLOWING SNOW
                                                   X = TORNADO
MAX 32 OR BELOW:   0    0.01 INCH OR MORE:  15
MAX 70 OR ABOVE:   2    0.10 INCH OR MORE:   9
MIN 32 OR BELOW:   0    0.50 INCH OR MORE:   1
MIN  0 OR BELOW:   0    1.00 INCH OR MORE:   0

[HDD (BASE 65) ]
TOTAL THIS MO.   388    CLEAR  (SCALE 0-3)   M
DPTR FM NORMAL    27    PTCLDY (SCALE 4-7)   M
SEASONAL TOTAL   388    CLOUDY (SCALE 8-10)  M
DPTR FM NORMAL    27

[CDD (BASE 65) ]
TOTAL THIS MO.     2
DPTR FM NORMAL     2    [PRESSURE DATA]
SEASONAL TOTAL     2    HIGHEST SLP     M
DPTR FM NORMAL     2    LOWEST  SLP     M

[REMARKS]
