000
CXUS56 KOTX 290900
CF6OMK
PRELIMINARY LOCAL CLIMATOLOGICAL DATA (WS FORM: F-6)

                                          STATION:   OMAK WA AIRPORT
                                          MONTH:     MAY
                                          YEAR:      2017
                                          LATITUDE:   48 27 N
                                          LONGITUDE: 119 31 W

  TEMPERATURE IN F:       :PCPN:    SNOW:  WIND      :SUNSHINE: SKY     :PK WND
================================================================================
1   2   3   4   5  6A  6B    7    8   9   10  11  12  13   14  15   16   17  18
                                     12Z  AVG MX 2MIN
DY MAX MIN AVG DEP HDD CDD  WTR  SNW DPTH SPD SPD DIR MIN PSBL S-S WX    SPD DR
================================================================================

 1  56  35  46  -8  19   0    T    M    M  7.0 17 150   M    M   5        23 220
 2  66  35  51  -3  14   0 0.00    M    M  6.5 16 150   M    M   2        23 140
 3  75  53  64  10   1   0 0.00    M    M  9.7 18 150   M    M   6        25 140
 4  82  54  68  14   0   3 0.15    M    M  5.3 15 270   M    M   4 13     21 270
 5  75  56  66  11   0   1 0.23    M    M  8.8 24 200   M    M   4 13     31 200
 6  64  46  55   0  10   0 0.00    M    M  9.3 20  30   M    M   7        24  20
 7  67  39  53  -2  12   0 0.00    M    M  7.9 17  30   M    M   1        23  40
 8  69  37  53  -3  12   0 0.00    M    M  5.8 18 360   M    M   2        32 280
 9  73  48  61   5   4   0 0.00    M    M  8.2 17  10   M    M   0        20 360
10  79  49  64   8   1   0 0.00    M    M  6.6 20 150   M    M   0        25 150
11  65  50  58   1   7   0 0.27    M    M  7.3 22 190   M    M   7 1      27 210
12  63  38  51  -6  14   0 0.10    M    M 10.4 26 310   M    M   3        35 300
13  59  32  46 -11  19   0 0.06    M    M  3.5 20 210   M    M   2        26 200
14  58  37  48 -10  17   0    T    M    M  6.1 21 160   M    M   2        31 140
15  60  33  47 -11  18   0 0.01    M    M  7.2 24 180   M    M   5        31 170
16  52  43  48 -10  17   0 0.55    M    M  4.7 17  10   M    M   9 1      22  10
17  73  37  55  -4  10   0 0.08    M    M  7.6 21 160   M    M   4 3      26 160
18  70  44  57  -2   8   0    T    M    M  4.7 17 100   M    M   4 3      22 100
19  74  45  60   1   5   0 0.00    M    M  6.9 14 160   M    M   1        19 220
20  75  55  65   5   0   0    T    M    M  9.0 16 160   M    M   3        20 150
21  83  46  65   5   0   0 0.00    M    M  4.8 12 290   M    M   0        14 240
22  86  51  69   9   0   4 0.00    M    M  5.1 10 220   M    M   0        14  20
23  88  52  70  10   0   5 0.00    M    M  9.2 26 250   M    M   0        37 270
24  67  46  57  -4   8   0 0.00    M    M  9.3 24  10   M    M   3        32  10
25  73  45  59  -2   6   0 0.05    M    M  7.4 26  60   M    M   3        34  80
26  80  43  62   1   3   0 0.00    M    M  4.5 13 290   M    M   0        14 300
27  85  46  66   5   0   1 0.00    M    M  5.5 14 210   M    M   0        17 200
28  86  49  68   6   0   3 0.00    M    M  4.9 15 200   M    M   0        19 210
================================================================================
SM 2003 1244       205  17  1.50    M    193.2          M       77
================================================================================
AV 71.5 44.4                               6.9 FASTST   M    M   3    MAX(MPH)
                                 MISC ---->  # 26 310               # 37  270
================================================================================
NOTES:
# LAST OF SEVERAL OCCURRENCES

COLUMN 17 PEAK WIND IN M.P.H.

PRELIMINARY LOCAL CLIMATOLOGICAL DATA (WS FORM: F-6) , PAGE 2

                                          STATION:  OMAK WA AIRPORT
                                          MONTH:    MAY
                                          YEAR:     2017
                                          LATITUDE:   48 27 N
                                          LONGITUDE: 119 31 W

[TEMPERATURE DATA]      [PRECIPITATION DATA]       SYMBOLS USED IN COLUMN 16

AVERAGE MONTHLY: 58.0   TOTAL FOR MONTH:   1.50    1 = FOG OR MIST
DPTR FM NORMAL:   0.2   DPTR FM NORMAL:    0.41    2 = FOG REDUCING VISIBILITY
HIGHEST:    88 ON 23    GRTST 24HR  0.55 ON 16-16      TO 1/4 MILE OR LESS
LOWEST:     32 ON 13                               3 = THUNDER
                        SNOW, ICE PELLETS, HAIL    4 = ICE PELLETS
                        TOTAL MONTH:    M          5 = HAIL
                        GRTST 24HR    M  ON   M    6 = FREEZING RAIN OR DRIZZLE
                        GRTST DEPTH:  M  ON   M    7 = DUSTSTORM OR SANDSTORM:
                                                       VSBY 1/2 MILE OR LESS
                                                   8 = SMOKE OR HAZE
[NO. OF DAYS WITH]      [WEATHER - DAYS WITH]      9 = BLOWING SNOW
                                                   X = TORNADO
MAX 32 OR BELOW:   0    0.01 INCH OR MORE:   9
MAX 90 OR ABOVE:   0    0.10 INCH OR MORE:   5
MIN 32 OR BELOW:   1    0.50 INCH OR MORE:   1
MIN  0 OR BELOW:   0    1.00 INCH OR MORE:   0

[HDD (BASE 65) ]
TOTAL THIS MO.   205    CLEAR  (SCALE 0-3)  17
DPTR FM NORMAL   -16    PTCLDY (SCALE 4-7)  10
TOTAL FM JUL 1  6403    CLOUDY (SCALE 8-10)  1
DPTR FM NORMAL   143

[CDD (BASE 65) ]
TOTAL THIS MO.    17
DPTR FM NORMAL    -1    [PRESSURE DATA]
TOTAL FM JAN 1    17    HIGHEST SLP M ON M
DPTR FM NORMAL    -2    LOWEST  SLP 29.52 ON 16

[REMARKS]
