000
CXUS56 KOTX 261500
CF6OMK
PRELIMINARY LOCAL CLIMATOLOGICAL DATA (WS FORM: F-6)

                                          STATION:   OMAK WA AIRPORT
                                          MONTH:     MAY
                                          YEAR:      2016
                                          LATITUDE:   48 27 N
                                          LONGITUDE: 119 31 W

  TEMPERATURE IN F:       :PCPN:    SNOW:  WIND      :SUNSHINE: SKY     :PK WND
================================================================================
1   2   3   4   5  6A  6B    7    8   9   10  11  12  13   14  15   16   17  18
                                     12Z  AVG MX 2MIN
DY MAX MIN AVG DEP HDD CDD  WTR  SNW DPTH SPD SPD DIR MIN PSBL S-S WX    SPD DR
================================================================================

 1  78  44  61   7   4   0 0.00    M    M  8.9 20  10   M    M   0        23  20
 2  82  43  63   9   2   0 0.00    M    M  5.1 15 200   M    M   0        19 180
 3  86  45  66  12   0   1 0.00    M    M  5.5 20 190   M    M   0        29 190
 4  80  57  69  15   0   4 0.03    M    M  6.4 32 170   M    M   4        37 170
 5  65  56  61   6   4   0 0.06    M    M 13.2 28  10   M    M   6        33  20
 6  82  55  69  14   0   4 0.00    M    M 15.4 24  10   M    M   1        30  10
 7  87  56  72  17   0   7 0.00    M    M 10.0 20 340   M    M   0        25 340
 8  76  50  63   7   2   0 0.00    M    M 16.2 33  20   M    M   1        41  20
 9  72  44  58   2   7   0 0.00    M    M 12.3 31  20   M    M   2        39 360
10  74  35  55  -1  10   0 0.00    M    M  6.2 17 360   M    M   1        22 360
11  79  40  60   3   5   0 0.00    M    M 11.3 31  10   M    M   3        43  10
12  76  52  64   7   1   0 0.00    M    M 14.1 26  10   M    M   1        32  10
13  78  56  67  10   0   2 0.00    M    M  8.9 22 360   M    M   3        26  10
14  76  50  63   5   2   0 0.00    M    M  9.4 20  10   M    M   0        24  10
15  71  51  61   3   4   0 0.00    M    M  8.5 21 170   M    M   1        27 160
16  77  44  61   3   4   0 0.00    M    M  6.1 15 170   M    M   2        18 170
17  81  48  65   6   0   0 0.00    M    M  8.1 16 180   M    M   0        21 220
18  81  49  65   6   0   0 0.00    M    M  8.0 18  20   M    M   1        24 290
19  60  46  53  -6  12   0 0.19    M    M  8.1 17  10   M    M   8        22  10
20  70  40  55  -5  10   0 0.04    M    M  9.8 20  10   M    M   4        23 350
21  66  51  59  -1   6   0 0.37    M    M  6.2 16  10   M    M   8 1      20 360
22  71  48  60   0   5   0 0.00    M    M  7.7 21 290   M    M   5 1      29 300
23  68  52  60   0   5   0    T    M    M  5.0 12 180   M    M   8        19 190
24  75  48  62   1   3   0 0.00    M    M  6.5 18 140   M    M   4        23 160
25  80  47  64   3   1   0    T    M    M  6.2 20  30   M    M   1        24  30
================================================================================
SM 1891 1207        87  18  0.69    M    223.1          M       64
================================================================================
AV 75.6 48.3                               8.9 FASTST   M    M   3    MAX(MPH)
                                 MISC ---->  # 33  20               # 43   10
================================================================================
NOTES:
# LAST OF SEVERAL OCCURRENCES

COLUMN 17 PEAK WIND IN M.P.H.

PRELIMINARY LOCAL CLIMATOLOGICAL DATA (WS FORM: F-6) , PAGE 2

                                          STATION:  OMAK WA AIRPORT
                                          MONTH:    MAY
                                          YEAR:     2016
                                          LATITUDE:   48 27 N
                                          LONGITUDE: 119 31 W

[TEMPERATURE DATA]      [PRECIPITATION DATA]       SYMBOLS USED IN COLUMN 16

AVERAGE MONTHLY: 62.0   TOTAL FOR MONTH:   0.69    1 = FOG OR MIST
DPTR FM NORMAL:   4.6   DPTR FM NORMAL:   -0.29    2 = FOG REDUCING VISIBILITY
HIGHEST:    87 ON  7    GRTST 24HR  0.37 ON 21-21      TO 1/4 MILE OR LESS
LOWEST:     35 ON 10                               3 = THUNDER
                        SNOW, ICE PELLETS, HAIL    4 = ICE PELLETS
                        TOTAL MONTH:    M          5 = HAIL
                        GRTST 24HR    M  ON   M    6 = FREEZING RAIN OR DRIZZLE
                        GRTST DEPTH:  M  ON   M    7 = DUSTSTORM OR SANDSTORM:
                                                       VSBY 1/2 MILE OR LESS
                                                   8 = SMOKE OR HAZE
[NO. OF DAYS WITH]      [WEATHER - DAYS WITH]      9 = BLOWING SNOW
                                                   X = TORNADO
MAX 32 OR BELOW:   0    0.01 INCH OR MORE:   5
MAX 90 OR ABOVE:   0    0.10 INCH OR MORE:   2
MIN 32 OR BELOW:   0    0.50 INCH OR MORE:   0
MIN  0 OR BELOW:   0    1.00 INCH OR MORE:   0

[HDD (BASE 65) ]
TOTAL THIS MO.    87    CLEAR  (SCALE 0-3)  17
DPTR FM NORMAL  -120    PTCLDY (SCALE 4-7)   7
TOTAL FM JUL 1  5362    CLOUDY (SCALE 8-10)  1
DPTR FM NORMAL  -884

[CDD (BASE 65) ]
TOTAL THIS MO.    18
DPTR FM NORMAL     3    [PRESSURE DATA]
TOTAL FM JAN 1    23    HIGHEST SLP M ON M
DPTR FM NORMAL     7    LOWEST  SLP  0.00 ON M

[REMARKS]
