000
CXUS56 KBOI 291002
CF6ONO
PRELIMINARY LOCAL CLIMATOLOGICAL DATA (WS FORM: F-6)

                                          STATION:   ONTARIO OR
                                          MONTH:     MAY
                                          YEAR:      2017
                                          LATITUDE:   44  1 N
                                          LONGITUDE: 117  1 W

  TEMPERATURE IN F:       :PCPN:    SNOW:  WIND      :SUNSHINE: SKY     :PK WND
================================================================================
1   2   3   4   5  6A  6B    7    8   9   10  11  12  13   14  15   16   17  18
                                     12Z  AVG MX 2MIN
DY MAX MIN AVG DEP HDD CDD  WTR  SNW DPTH SPD SPD DIR MIN PSBL S-S WX    SPD DR
================================================================================

 1  63  41  52  -3  13   0    T    M    M  8.7 22 300   M    M   3        28 310
 2  70  46  58   3   7   0 0.00    M    M  6.4 18 290   M    M   4        23 290
 3  77  43  60   5   5   0 0.00    M    M  3.2  9 320   M    M   1        13 310
 4  87  47  67  11   0   2 0.00    M    M  3.3 14 120   M    M   0        19 120
 5  80  56  68  12   0   3 0.41    M    M  6.8 29 280   M    M   4 3      33 270
 6  56  46  51  -5  14   0 0.03    M    M 24.4 37 320   M    M   8        45 310
 7  67  47  57   0   8   0 0.00    M    M 13.9 26 310   M    M   3        32 320
 8  71  43  57   0   8   0 0.00    M    M  7.1 18 310   M    M   0        23 310
 9  78  45  62   5   3   0 0.00    M    M  2.9 13 340   M    M   0        16 340
10  83  46  65   7   0   0 0.00    M    M  3.4 10 100   M    M   0        15  40
11  85  46  66   8   0   1 0.00    M    M  4.1 20 250   M    M   0        25 250
12  57  38  48 -10  17   0 0.07    M    M  6.3 13 330   M    M   1        25 260
13  60  31  46 -13  19   0    T    M    M  6.4 30 330   M    M   M        37 320
14  63  33  48 -11  17   0 0.00    M    M  4.5 13 330   M    M   M        17 330
15  68  49  59   0   6   0 0.00    M    M  4.6 12 300   M    M   1 8      16 330
16  54  39  47 -13  18   0 0.62    M    M  9.2 29 320   M    M   8 1      36 330
17  56  35  46 -14  19   0 0.00    M    M 10.6 25 310   M    M   7        32 310
18   M   M   M   M   M   M    M    M    M  3.7  8 330   M    M   1         M  M
19  76   M   M   M   M   M 0.00    M    M  4.1 15 290   M    M   0        18 290
20  79  48  64   3   1   0    T    M    M  5.3 23 330   M    M   3        28 350
21  79  48  64   3   1   0 0.00    M    M  3.5  9 280   M    M   0        12 300
22  86  49  68   7   0   3 0.00    M    M  2.6  8  30   M    M   0        11  30
23  89  51  70   8   0   5 0.00    M    M  3.7 13 100   M    M   0        18 100
24  77  52  65   3   0   0 0.00    M    M 16.8 31 330   M    M   0        38 320
25  70  48  59  -3   6   0 0.15    M    M  9.9 28 260   M    M   5        34 270
26  78  50  64   2   1   0 0.00    M    M  6.3 14 320   M    M   3        20  10
27  81  46  64   1   1   0 0.00    M    M  2.1 10 240   M    M   0        13 240
28  86  46  66   3   0   1 0.00    M    M  3.3  9 330   M    M   0        13 310
================================================================================
SM 1976 1169       164  15  1.28    M    187.1          M       52
================================================================================
AV 73.2 45.0                               6.7 FASTST   M    M   2    MAX(MPH)
                                 MISC ---->  # 37 320               # 45  310
================================================================================
NOTES:
# LAST OF SEVERAL OCCURRENCES

COLUMN 17 PEAK WIND IN M.P.H.

PRELIMINARY LOCAL CLIMATOLOGICAL DATA (WS FORM: F-6) , PAGE 2

                                          STATION:  ONTARIO OR
                                          MONTH:    MAY
                                          YEAR:     2017
                                          LATITUDE:   44  1 N
                                          LONGITUDE: 117  1 W

[TEMPERATURE DATA]      [PRECIPITATION DATA]       SYMBOLS USED IN COLUMN 16

AVERAGE MONTHLY: 59.1   TOTAL FOR MONTH:   1.28    1 = FOG OR MIST
DPTR FM NORMAL:   0.1   DPTR FM NORMAL:    0.12    2 = FOG REDUCING VISIBILITY
HIGHEST:    89 ON 23    GRTST 24HR  0.62 ON 16-16      TO 1/4 MILE OR LESS
LOWEST:     31 ON 13                               3 = THUNDER
                        SNOW, ICE PELLETS, HAIL    4 = ICE PELLETS
                        TOTAL MONTH:    M          5 = HAIL
                        GRTST 24HR    M  ON   M    6 = FREEZING RAIN OR DRIZZLE
                        GRTST DEPTH:  M  ON   M    7 = DUSTSTORM OR SANDSTORM:
                                                       VSBY 1/2 MILE OR LESS
                                                   8 = SMOKE OR HAZE
[NO. OF DAYS WITH]      [WEATHER - DAYS WITH]      9 = BLOWING SNOW
                                                   X = TORNADO
MAX 32 OR BELOW:   0    0.01 INCH OR MORE:   5
MAX 90 OR ABOVE:   0    0.10 INCH OR MORE:   3
MIN 32 OR BELOW:   1    0.50 INCH OR MORE:   1
MIN  0 OR BELOW:   0    1.00 INCH OR MORE:   0

[HDD (BASE 65) ]
TOTAL THIS MO.   164    CLEAR  (SCALE 0-3)  19
DPTR FM NORMAL   -33    PTCLDY (SCALE 4-7)   7
TOTAL FM JUL 1  6018    CLOUDY (SCALE 8-10)  0
DPTR FM NORMAL    80

[CDD (BASE 65) ]
TOTAL THIS MO.    15
DPTR FM NORMAL   -14    [PRESSURE DATA]
TOTAL FM JAN 1    15    HIGHEST SLP M ON M
DPTR FM NORMAL   -15    LOWEST  SLP 29.55 ON 24

[REMARKS]
