000
CXUS56 KBOI 241002
CF6ONO
PRELIMINARY LOCAL CLIMATOLOGICAL DATA (WS FORM: F-6)

                                          STATION:   ONTARIO OR
                                          MONTH:     MAY
                                          YEAR:      2015
                                          LATITUDE:   44  1 N
                                          LONGITUDE: 117  1 W

  TEMPERATURE IN F:       :PCPN:    SNOW:  WIND      :SUNSHINE: SKY     :PK WND
================================================================================
1   2   3   4   5  6A  6B    7    8   9   10  11  12  13   14  15   16   17  18
                                     12Z  AVG MX 2MIN
DY MAX MIN AVG DEP HDD CDD  WTR  SNW DPTH SPD SPD DIR MIN PSBL S-S WX    SPD DR
================================================================================

 1  79  36  58   3   7   0 0.00    M    M  2.9  9  50   M    M   0        14  50
 2  81  39  60   5   5   0 0.00    M    M  6.0 17 320   M    M   0        22 320
 3  80  48  64   9   1   0 0.00    M    M  5.7 18 320   M    M   0        24 320
 4  84  42  63   7   2   0 0.00    M    M  4.6 21 330   M    M   0        28 320
 5  74  52  63   7   2   0 0.00    M    M 20.8 28 320   M    M   1        35 300
 6  69  44  57   1   8   0 0.00    M    M 16.7 30 310   M    M   1        38 320
 7  64  45  55  -2  10   0    T    M    M 13.4 30 310   M    M   5        39 310
 8  78  40  59   2   6   0 0.00    M    M  7.6 23 330   M    M   2 1      30 310
 9  80  47  64   7   1   0 0.00    M    M 10.8 23 330   M    M   0        29 310
10  75  41  58   0   7   0 0.00    M    M  3.3 16 160   M    M   0        22 160
11  72  43  58   0   7   0    T    M    M  5.3 24 310   M    M   3        32 310
12  75  46  61   3   4   0 0.14    M    M  8.3 33 230   M    M   4 1      42 240
13  66  45  56  -3   9   0 0.02    M    M  5.7 14 170   M    M   5        18 180
14  77  44  61   2   4   0    T    M    M  6.1 15 300   M    M   2        19  60
15  65  52  59   0   6   0 0.27    M    M 11.5 21 310   M    M  10 1      26 310
16  70  53  62   2   3   0 0.02    M    M 14.0 26 300   M    M   7        33 300
17  75  54  65   5   0   0 0.37    M    M  6.7 22 300   M    M   6 13     27 300
18  73  53  63   3   2   0    T    M    M  3.7 12 350   M    M   8        16 350
19  74  55  65   5   0   0 0.44    M    M  3.5 15 350   M    M   7 3      20 330
20  72  56  64   3   1   0 0.19    M    M  4.2 15 100   M    M   8 1      19 100
21  75  56  66   5   0   1 0.04    M    M  2.9 10  50   M    M   5 1      17  50
22  77  51  64   3   1   0 0.10    M    M  5.0 22 310   M    M   5 13     27 310
23  85  54  70   8   0   5 0.00    M    M 10.4 28 310   M    M   2        34 310
================================================================================
SM 1720 1096        86   6  1.59    M    179.1          M       81
================================================================================
AV 74.8 47.7                               7.8 FASTST   M    M   4    MAX(MPH)
                                 MISC ---->  # 33 230               # 42  240
================================================================================
NOTES:
# LAST OF SEVERAL OCCURRENCES

COLUMN 17 PEAK WIND IN M.P.H.

PRELIMINARY LOCAL CLIMATOLOGICAL DATA (WS FORM: F-6) , PAGE 2

                                          STATION:  ONTARIO OR
                                          MONTH:    MAY
                                          YEAR:     2015
                                          LATITUDE:   44  1 N
                                          LONGITUDE: 117  1 W

[TEMPERATURE DATA]      [PRECIPITATION DATA]       SYMBOLS USED IN COLUMN 16

AVERAGE MONTHLY: 61.2   TOTAL FOR MONTH:   1.59    1 = FOG OR MIST
DPTR FM NORMAL:   3.0   DPTR FM NORMAL:    0.65    2 = FOG REDUCING VISIBILITY
HIGHEST:    85 ON 23    GRTST 24HR  0.46 ON 19-20      TO 1/4 MILE OR LESS
LOWEST:     36 ON  1                               3 = THUNDER
                        SNOW, ICE PELLETS, HAIL    4 = ICE PELLETS
                        TOTAL MONTH:    M          5 = HAIL
                        GRTST 24HR    M  ON   M    6 = FREEZING RAIN OR DRIZZLE
                        GRTST DEPTH:  M  ON   M    7 = DUSTSTORM OR SANDSTORM:
                                                       VSBY 1/2 MILE OR LESS
                                                   8 = SMOKE OR HAZE
[NO. OF DAYS WITH]      [WEATHER - DAYS WITH]      9 = BLOWING SNOW
                                                   X = TORNADO
MAX 32 OR BELOW:   0    0.01 INCH OR MORE:   9
MAX 90 OR ABOVE:   0    0.10 INCH OR MORE:   6
MIN 32 OR BELOW:   0    0.50 INCH OR MORE:   0
MIN  0 OR BELOW:   0    1.00 INCH OR MORE:   0

[HDD (BASE 65) ]
TOTAL THIS MO.    86    CLEAR  (SCALE 0-3)  12
DPTR FM NORMAL   -89    PTCLDY (SCALE 4-7)   9
TOTAL FM JUL 1  4790    CLOUDY (SCALE 8-10)  2
DPTR FM NORMAL -1126

[CDD (BASE 65) ]
TOTAL THIS MO.     6
DPTR FM NORMAL   -13    [PRESSURE DATA]
TOTAL FM JAN 1     6    HIGHEST SLP M ON M
DPTR FM NORMAL   -14    LOWEST  SLP 29.51 ON 12

[REMARKS]
