000
CXUS56 KBOI 191002
CF6ONO
PRELIMINARY LOCAL CLIMATOLOGICAL DATA (WS FORM: F-6)

                                          STATION:   ONTARIO OR
                                          MONTH:     SEPTEMBER
                                          YEAR:      2017
                                          LATITUDE:   44  1 N
                                          LONGITUDE: 117  1 W

  TEMPERATURE IN F:       :PCPN:    SNOW:  WIND      :SUNSHINE: SKY     :PK WND
================================================================================
1   2   3   4   5  6A  6B    7    8   9   10  11  12  13   14  15   16   17  18
                                     12Z  AVG MX 2MIN
DY MAX MIN AVG DEP HDD CDD  WTR  SNW DPTH SPD SPD DIR MIN PSBL S-S WX    SPD DR
================================================================================

 1  95  59  77   9   0  12 0.00    M    M  3.7 12 250   M    M   0        19 300
 2  96  53  75   7   0  10 0.00    M    M  1.6  7 260   M    M   0         9  90
 3  99  55  77   9   0  12 0.00    M    M  2.0  9 320   M    M   0        10 320
 4  98  62  80  13   0  15 0.00    M    M  2.9  9 350   M    M   0 8      11 340
 5  91  56  74   7   0   9 0.00    M    M  3.4 10 250   M    M   2 8      12 250
 6  85  54  70   3   0   5 0.00    M    M  2.2  9 220   M    M   5 18     18  30
 7  89  52  71   5   0   6 0.00    M    M  2.2 14 240   M    M   8 18     16 240
 8  94  61  78  12   0  13 0.00    M    M  4.4 12 260   M    M   1 8      30 220
 9  93  65  79  13   0  14    T    M    M  5.3 21 320   M    M   1        28 330
10  91  66  79  14   0  14 0.00    M    M  6.5 21 320   M    M   0        26 310
11  91  56  74   9   0   9 0.00    M    M  3.1 10 330   M    M   0        13 320
12  90  53  72   8   0   7 0.00    M    M  3.7 17 250   M    M   1        23 260
13  88  62  75  11   0  10 0.04    M    M  4.3 18 250   M    M   1 1      25 240
14  77  62  70   6   0   5 0.00    M    M 16.6 29 320   M    M   3        36 320
15  73  46  60  -3   5   0 0.00    M    M 13.2 23 320   M    M   3        28 310
16  68  36  52 -11  13   0 0.00    M    M  2.1  8 350   M    M   0        11  40
17  76  45  61  -1   4   0 0.00    M    M  4.0 14 160   M    M   1        20 160
18  64  47  56  -6   9   0 0.31    M    M  6.8 18 150   M    M   7 1      22 140
================================================================================
SM 1558  990        31 141  0.35    M     88.0          M       33
================================================================================
AV 86.6 55.0                               4.9 FASTST   M    M   2    MAX(MPH)
                                 MISC ---->  # 29 320               # 36  320
================================================================================
NOTES:
# LAST OF SEVERAL OCCURRENCES

COLUMN 17 PEAK WIND IN M.P.H.

PRELIMINARY LOCAL CLIMATOLOGICAL DATA (WS FORM: F-6) , PAGE 2

                                          STATION:  ONTARIO OR
                                          MONTH:    SEPTEMBER
                                          YEAR:     2017
                                          LATITUDE:   44  1 N
                                          LONGITUDE: 117  1 W

[TEMPERATURE DATA]      [PRECIPITATION DATA]       SYMBOLS USED IN COLUMN 16

AVERAGE MONTHLY: 70.8   TOTAL FOR MONTH:   0.35    1 = FOG OR MIST
DPTR FM NORMAL:   5.5   DPTR FM NORMAL:    0.14    2 = FOG REDUCING VISIBILITY
HIGHEST:    99 ON  3    GRTST 24HR  0.31 ON 18-18      TO 1/4 MILE OR LESS
LOWEST:     36 ON 16                               3 = THUNDER
                        SNOW, ICE PELLETS, HAIL    4 = ICE PELLETS
                        TOTAL MONTH:    M          5 = HAIL
                        GRTST 24HR    M  ON   M    6 = FREEZING RAIN OR DRIZZLE
                        GRTST DEPTH:  M  ON   M    7 = DUSTSTORM OR SANDSTORM:
                                                       VSBY 1/2 MILE OR LESS
                                                   8 = SMOKE OR HAZE
[NO. OF DAYS WITH]      [WEATHER - DAYS WITH]      9 = BLOWING SNOW
                                                   X = TORNADO
MAX 32 OR BELOW:   0    0.01 INCH OR MORE:   2
MAX 90 OR ABOVE:  10    0.10 INCH OR MORE:   1
MIN 32 OR BELOW:   0    0.50 INCH OR MORE:   0
MIN  0 OR BELOW:   0    1.00 INCH OR MORE:   0

[HDD (BASE 65) ]
TOTAL THIS MO.    31    CLEAR  (SCALE 0-3)  14
DPTR FM NORMAL   -12    PTCLDY (SCALE 4-7)   3
TOTAL FM JUL 1    31    CLOUDY (SCALE 8-10)  1
DPTR FM NORMAL   -28

[CDD (BASE 65) ]
TOTAL THIS MO.   141
DPTR FM NORMAL    92    [PRESSURE DATA]
TOTAL FM JAN 1  1254    HIGHEST SLP M ON M
DPTR FM NORMAL   412    LOWEST  SLP 29.61 ON 14

[REMARKS]
