000
CXUS56 KSGX 011445
CF6ONT
PRELIMINARY LOCAL CLIMATOLOGICAL DATA (WS FORM: F-6)

                                          STATION:   ONTARIO INTL AIRPORT CA
                                          MONTH:     AUGUST
                                          YEAR:      2015
                                          LATITUDE:   34  2 N
                                          LONGITUDE: 117 37 W

  TEMPERATURE IN F:       :PCPN:    SNOW:  WIND      :SUNSHINE: SKY     :PK WND
================================================================================
1   2   3   4   5  6A  6B    7    8   9   10  11  12  13   14  15   16   17  18
                                     12Z  AVG MX 2MIN
DY MAX MIN AVG DEP HDD CDD  WTR  SNW DPTH SPD SPD DIR MIN PSBL S-S WX    SPD DR
================================================================================

 1  95  66  81   2   0  16 0.00  0.0    0  8.4 20 250   M    M   4 18     25 250
 2  93  66  80   1   0  15 0.00  0.0    0  7.7 18 270   M    M   1 8      23 270
 3  93  65  79   0   0  14 0.00  0.0    0  6.3 20 260   M    M   4 8      24 270
 4  96  67  82   3   0  17 0.00  0.0    0  5.7 16 260   M    M   M        23 250
 5  99  70  85   6   0  20 0.00  0.0    0  5.5 17 270   M    M   5        22 270
 6  92  68  80   1   0  15    T  0.0    0  6.2 17 270   M    M   7 3      21 270
 7  87  65  76  -3   0  11 0.00  0.0    0  8.5 18 250   M    M   6 18     25 240
 8  89  64  77  -2   0  12 0.00  0.0    0  7.3 20 240   M    M   3        23 240
 9  86  60  73  -6   0   8 0.00  0.0    0  7.9 17 260   M    M   1 18     24 230
10  87  60  74  -5   0   9 0.00  0.0    0  7.5 16 260   M    M   1        21 240
11  89  61  75  -4   0  10 0.00  0.0    0  6.5 16 260   M    M   2 8      22 260
12 100  63  82   3   0  17 0.00  0.0    0  5.2 17 260   M    M   1 8      22 270
13 104  71  88   9   0  23 0.00  0.0    0  6.7 20 260   M    M   3        25 260
14 105  73  89  10   0  24 0.00  0.0    0  4.6 17 250   M    M   2        24 270
15 108  71  90  11   0  25 0.00  0.0    0  5.1 18 260   M    M   2        24 280
16 107  73  90  11   0  25 0.00  0.0    0  6.6 18 270   M    M   2        25 260
17  94  68  81   2   0  16 0.00  0.0    0  8.1 21 260   M    M   1 8      26 240
18  91  66  79   0   0  14 0.00  0.0    0  6.6 16 260   M    M   2 18     25 250
19  90  64  77  -2   0  12 0.00  0.0    0  6.6 16 230   M    M   1 18     21 230
20  89  66  78  -1   0  13 0.00  0.0    0  6.1 17 250   M    M   4 8      22 240
21  88  66  77  -2   0  12 0.00  0.0    0  6.3 16 240   M    M   4 8      21 230
22  91  65  78  -1   0  13 0.00  0.0    0  5.8 16 270   M    M   2 18     21 250
23  96  64  80   1   0  15 0.00  0.0    0  6.3 16 250   M    M   1 18     21 280
24  99  65  82   3   0  17 0.00  0.0    0  6.1 20 260   M    M   1 18     23 260
25  93  72  83   4   0  18    T  0.0    0  3.9 15 230   M    M   8 8      19 250
26 100  75  88   9   0  23 0.00  0.0    0  5.3 17 270   M    M   4 8      21 260
27 103  73  88   9   0  23 0.00  0.0    0  5.8 17 270   M    M   1        24 270
28 106  74  90  11   0  25 0.00  0.0    0  5.5 18 250   M    M   1        25 240
29 102  73  88   9   0  23 0.00  0.0    0  6.1 18 230   M    M   1        24 240
30  95  70  83   4   0  18 0.00  0.0    0  6.5 16 230   M    M   3        23 230
31  91  66  79   0   0  14 0.00  0.0    0  6.9 18 260   M    M   1        23 260
================================================================================
SM 2958 2090         0 517    T      0.0 197.6          M       79
================================================================================
AV 95.4 67.4                               6.4 FASTST   M    M   3    MAX(MPH)
                                 MISC ---->  # 21 260               # 26  240
================================================================================
NOTES:
# LAST OF SEVERAL OCCURRENCES

COLUMN 17 PEAK WIND IN M.P.H.

PRELIMINARY LOCAL CLIMATOLOGICAL DATA (WS FORM: F-6) , PAGE 2

                                          STATION:  ONTARIO INTL AIRPORT CA
                                          MONTH:    AUGUST
                                          YEAR:     2015
                                          LATITUDE:   34  2 N
                                          LONGITUDE: 117 37 W

[TEMPERATURE DATA]      [PRECIPITATION DATA]       SYMBOLS USED IN COLUMN 16

AVERAGE MONTHLY: 81.4   TOTAL FOR MONTH:      T    1 = FOG OR MIST
DPTR FM NORMAL:   2.3   DPTR FM NORMAL:   -0.13    2 = FOG REDUCING VISIBILITY
HIGHEST:   108 ON 15    GRTST 24HR    T  ON 25-25      TO 1/4 MILE OR LESS
LOWEST:     60 ON 10, 9                            3 = THUNDER
                        SNOW, ICE PELLETS, HAIL    4 = ICE PELLETS
                        TOTAL MONTH:   0.0 INCH    5 = HAIL
                        GRTST 24HR     0.0         6 = FREEZING RAIN OR DRIZZLE
                        GRTST DEPTH:   0           7 = DUSTSTORM OR SANDSTORM:
                                                       VSBY 1/2 MILE OR LESS
                                                   8 = SMOKE OR HAZE
[NO. OF DAYS WITH]      [WEATHER - DAYS WITH]      9 = BLOWING SNOW
                                                   X = TORNADO
MAX 32 OR BELOW:   0    0.01 INCH OR MORE:   0
MAX 90 OR ABOVE:  24    0.10 INCH OR MORE:   0
MIN 32 OR BELOW:   0    0.50 INCH OR MORE:   0
MIN  0 OR BELOW:   0    1.00 INCH OR MORE:   0

[HDD (BASE 65) ]
TOTAL THIS MO.     0    CLEAR  (SCALE 0-3)  20
DPTR FM NORMAL     0    PTCLDY (SCALE 4-7)  10
TOTAL FM JUL 1     0    CLOUDY (SCALE 8-10)  0
DPTR FM NORMAL     0

[CDD (BASE 65) ]
TOTAL THIS MO.   517
DPTR FM NORMAL    78    [PRESSURE DATA]
TOTAL FM JAN 1  1557    HIGHEST SLP 30.00 ON 25
DPTR FM NORMAL   334    LOWEST  SLP 29.79 ON 16

[REMARKS]
#FINAL-08-15#
