000
CXUS56 KSGX 011445
CF6ONT
PRELIMINARY LOCAL CLIMATOLOGICAL DATA (WS FORM: F-6)

                                          STATION:   ONTARIO INTL AIRPORT CA
                                          MONTH:     JUNE
                                          YEAR:      2015
                                          LATITUDE:   34  2 N
                                          LONGITUDE: 117 37 W

  TEMPERATURE IN F:       :PCPN:    SNOW:  WIND      :SUNSHINE: SKY     :PK WND
================================================================================
1   2   3   4   5  6A  6B    7    8   9   10  11  12  13   14  15   16   17  18
                                     12Z  AVG MX 2MIN
DY MAX MIN AVG DEP HDD CDD  WTR  SNW DPTH SPD SPD DIR MIN PSBL S-S WX    SPD DR
================================================================================

 1  84  58  71   2   0   6 0.00  0.0    0  6.9 17 270   M    M   6 18     28 230
 2  84  57  71   2   0   6 0.00  0.0    0  7.0 18 230   M    M   1        26 230
 3  77  59  68  -2   0   3 0.00  0.0    0  7.3 17 230   M    M   7        22 240
 4  72  58  65  -5   0   0 0.00  0.0    0  8.1 15 270   M    M   8        20 310
 5  76  58  67  -3   0   2 0.00  0.0    0  9.1 20 230   M    M   6        25 260
 6  80  58  69  -1   0   4 0.00  0.0    0  6.9 14 240   M    M   5        24 240
 7  95  57  76   6   0  11 0.00  0.0    0  6.4 17 260   M    M   1        24 250
 8 105  63  84  14   0  19    T  0.0    0  4.3 18 250   M    M   1        25 250
 9  89  67  78   7   0  13    T  0.0    0  5.1 21 270   M    M   9        23 290
10  81  64  73   2   0   8 0.00  0.0    0  8.2 20 250   M    M   6 8      25 280
11  80  62  71   0   0   6    T  0.0    0  8.4 16 280   M    M   7 18     21 270
12  80  63  72   1   0   7 0.00  0.0    0  7.1 17 260   M    M   8 18     21 270
13  80  61  71  -1   0   6 0.00  0.0    0  7.4 16 250   M    M   6 18     22 270
14  89  61  75   3   0  10 0.00  0.0    0  7.4 16 280   M    M   4 18     20 280
15  95  60  78   6   0  13 0.00  0.0    0  6.9 18 270   M    M   2 18     24 260
16  92  61  77   5   0  12 0.00  0.0    0  7.1 17 280   M    M   1 18     21 270
17  94  59  77   5   0  12 0.00  0.0    0  7.1 20 260   M    M   1 18     24 270
18  98  62  80   7   0  15 0.00  0.0    0  5.8 18 250   M    M   1 18     23 240
19  98  66  82   9   0  17 0.00  0.0    0  5.2 16 270   M    M   1 8      22 270
20  97  66  82   9   0  17 0.00  0.0    0  5.5 18 240   M    M   1 8      23 240
21  91  63  77   3   0  12 0.00  0.0    0  6.5 17 230   M    M   0        26 240
22  94  64  79   5   0  14 0.00  0.0    0  6.3 18 270   M    M   2 8      24 270
23  96  65  81   7   0  16 0.00  0.0    0  5.6 17 270   M    M   3        22 260
24  96  66  81   7   0  16 0.00  0.0    0  6.9 20 270   M    M   0        28 280
25  95  64  80   6   0  15 0.00  0.0    0  6.4 18 270   M    M   1 8      22 240
26  97  65  81   6   0  16 0.00  0.0    0  7.7 17 270   M    M   6 8      24 270
27  89  64  77   2   0  12 0.00  0.0    0  4.7 22 300   M    M   6        27 310
28 103  70  87  12   0  22 0.00  0.0    0  4.6 17 260   M    M   8        22 280
29  97  73  85  10   0  20 0.00  0.0    0  6.2 18 240   M    M   7        22 250
30 100  69  85   9   0  20 0.01  0.0    0  5.6 23 230   M    M   6 3      29 240
================================================================================
SM 2704 1883         0 350  0.01     0.0 197.7          M      121
================================================================================
AV 90.1 62.8                               6.6 FASTST   M    M   4    MAX(MPH)
                                 MISC ---->  # 23 230               # 29  240
================================================================================
NOTES:
# LAST OF SEVERAL OCCURRENCES

COLUMN 17 PEAK WIND IN M.P.H.

PRELIMINARY LOCAL CLIMATOLOGICAL DATA (WS FORM: F-6) , PAGE 2

                                          STATION:  ONTARIO INTL AIRPORT CA
                                          MONTH:    JUNE
                                          YEAR:     2015
                                          LATITUDE:   34  2 N
                                          LONGITUDE: 117 37 W

[TEMPERATURE DATA]      [PRECIPITATION DATA]       SYMBOLS USED IN COLUMN 16

AVERAGE MONTHLY: 76.4   TOTAL FOR MONTH:   0.01    1 = FOG OR MIST
DPTR FM NORMAL:   4.1   DPTR FM NORMAL:   -0.11    2 = FOG REDUCING VISIBILITY
HIGHEST:   105 ON  8    GRTST 24HR  0.01 ON 30-30      TO 1/4 MILE OR LESS
LOWEST:     57 ON  7, 2                            3 = THUNDER
                        SNOW, ICE PELLETS, HAIL    4 = ICE PELLETS
                        TOTAL MONTH:   0.0 INCH    5 = HAIL
                        GRTST 24HR     0.0         6 = FREEZING RAIN OR DRIZZLE
                        GRTST DEPTH:   0           7 = DUSTSTORM OR SANDSTORM:
                                                       VSBY 1/2 MILE OR LESS
                                                   8 = SMOKE OR HAZE
[NO. OF DAYS WITH]      [WEATHER - DAYS WITH]      9 = BLOWING SNOW
                                                   X = TORNADO
MAX 32 OR BELOW:   0    0.01 INCH OR MORE:   1
MAX 90 OR ABOVE:  17    0.10 INCH OR MORE:   0
MIN 32 OR BELOW:   0    0.50 INCH OR MORE:   0
MIN  0 OR BELOW:   0    1.00 INCH OR MORE:   0

[HDD (BASE 65) ]
TOTAL THIS MO.     0    CLEAR  (SCALE 0-3)  14
DPTR FM NORMAL    -5    PTCLDY (SCALE 4-7)  15
TOTAL FM JUL 1   783    CLOUDY (SCALE 8-10)  1
DPTR FM NORMAL  -754

[CDD (BASE 65) ]
TOTAL THIS MO.   350
DPTR FM NORMAL   127    [PRESSURE DATA]
TOTAL FM JAN 1   645    HIGHEST SLP 29.98 ON  1
DPTR FM NORMAL   256    LOWEST  SLP 29.69 ON 14

[REMARKS]
#FINAL-06-15#
