000
CXUS52 KMFL 011000
CF6OPF
PRELIMINARY LOCAL CLIMATOLOGICAL DATA (WS FORM: F-6)

                                          STATION:   OPA-LOCKA ARPT
                                          MONTH:     AUGUST
                                          YEAR:      2015
                                          LATITUDE:   25 53 N
                                          LONGITUDE:  80 17 W

  TEMPERATURE IN F:       :PCPN:    SNOW:  WIND      :SUNSHINE: SKY     :PK WND
================================================================================
1   2   3   4   5  6A  6B    7    8   9   10  11  12  13   14  15   16   17  18
                                     12Z  AVG MX 2MIN
DY MAX MIN AVG DEP HDD CDD  WTR  SNW DPTH SPD SPD DIR MIN PSBL S-S WX    SPD DR
================================================================================

 1  93  76  85   1   0  20 0.00  0.0    0  6.5 18 150   M    M   1        23 160
 2  92  77  85   1   0  20    T  0.0    0  6.3 21 240   M    M   2 38     26 220
 3  92  74  83  -1   0  18 0.59  0.0    0  4.9 16 260   M    M   2 13     20 280
 4  92  76  84   0   0  19 0.00  0.0    0  4.9 17 310   M    M   2 3      22 310
 5  93  80  87   3   0  22 0.00  0.0    0  6.9 16 140   M    M   2        27 160
 6  93  79  86   2   0  21 0.00  0.0    0  6.2 16 120   M    M   1        19 120
 7  94  78  86   2   0  21 0.02  0.0    0  5.0 21 250   M    M   1 38     25 250
 8  95  78  87   3   0  22 0.00  0.0    0  5.2 22 170   M    M   2 38     26 170
 9  95  76  86   2   0  21 0.94  0.0    0  4.6 22 210   M    M   3 13     30 360
10  92  78  85   1   0  20 0.44  0.0    0  3.3 25 170   M    M   3 13     29 180
11  93  75  84   0   0  19 0.48  0.0    0  4.0 21 220   M    M   4 13     24 230
12  94  76  85   1   0  20 0.00  0.0    0  4.8 16 150   M    M   2 3      20 160
13  92  75  84   0   0  19 0.10  0.0    0  5.5 20 310   M    M   4 13     26 300
14  91  77  84   0   0  19 0.02  0.0    0  5.3 22 250   M    M   2 3      27 260
15  89  78  84   0   0  19 0.03  0.0    0  4.9 16  80   M    M   2 38     19  90
16  91  77  84   0   0  19 0.93  0.0    0  6.7 29 150   M    M   2 138    33 140
17  92  79  86   2   0  21    T  0.0    0  8.8 14 120   M    M   2         M  M
18  92  80  86   2   0  21    T  0.0    0  7.9 18 130   M    M   2 3      22 130
19  92  82  87   3   0  22 0.07  0.0    0  8.2 18 130   M    M   3        25 160
20  93  81  87   3   0  22 0.00  0.0    0  5.8 15 130   M    M   2        19 150
21  92  80  86   2   0  21 0.00  0.0    0  4.1 14 140   M    M   1 3      16 140
22  94  78  86   2   0  21 0.56  0.0    0  4.8 17 360   M    M   2 138    22  10
23  93  79  86   2   0  21 0.04  0.0    0  5.9 21 350   M    M   2 3      27 360
24  91  80  86   3   0  21 0.16  0.0    0  5.5 17 350   M    M   3 38     22 350
25  93  79  86   3   0  21 0.00  0.0    0  4.6 18  70   M    M   1 3      23  70
26  91  76  84   1   0  19 0.66  0.0    0  3.9 33 150   M    M   2 13     47 150
27  90  76  83   0   0  18 0.04  0.0    0  5.4 18 210   M    M   2 38     22 180
28  92  78  85   2   0  20 0.00  0.0    0  6.7 17 340   M    M   1 3      21  90
29  92  78  85   2   0  20 0.48  0.0    0 10.4 25  80   M    M   5 13     32  70
30  83  71  77  -6   0  12 3.07  0.0    0  9.8 26 190   M    M   5 13     31 190
31  92  76  84   1   0  19 0.00  0.0    0  7.3 18 140   M    M   2        22 140
================================================================================
SM 2853 2403         0 618  8.63     0.0 184.1          M       70
================================================================================
AV 92.0 77.5                               5.9 FASTST   M    M   2    MAX(MPH)
                                 MISC ---->  # 33 150               # 47  150
================================================================================
NOTES:
# LAST OF SEVERAL OCCURRENCES

COLUMN 17 PEAK WIND IN M.P.H.

PRELIMINARY LOCAL CLIMATOLOGICAL DATA (WS FORM: F-6) , PAGE 2

                                          STATION:  OPA-LOCKA ARPT
                                          MONTH:    AUGUST
                                          YEAR:     2015
                                          LATITUDE:   25 53 N
                                          LONGITUDE:  80 17 W

[TEMPERATURE DATA]      [PRECIPITATION DATA]       SYMBOLS USED IN COLUMN 16

AVERAGE MONTHLY: 84.8   TOTAL FOR MONTH:   8.63    1 = FOG OR MIST
DPTR FM NORMAL:   1.1   DPTR FM NORMAL:    1.06    2 = FOG REDUCING VISIBILITY
HIGHEST:    95 ON  9, 8 GRTST 24HR  3.55 ON 29-30      TO 1/4 MILE OR LESS
LOWEST:     71 ON 30                               3 = THUNDER
                        SNOW, ICE PELLETS, HAIL    4 = ICE PELLETS
                        TOTAL MONTH:   0.0 INCH    5 = HAIL
                        GRTST 24HR     0.0         6 = FREEZING RAIN OR DRIZZLE
                        GRTST DEPTH:   0           7 = DUSTSTORM OR SANDSTORM:
                                                       VSBY 1/2 MILE OR LESS
                                                   8 = SMOKE OR HAZE
[NO. OF DAYS WITH]      [WEATHER - DAYS WITH]      9 = BLOWING SNOW
                                                   X = TORNADO
MAX 32 OR BELOW:   0    0.01 INCH OR MORE:  17
MAX 90 OR ABOVE:  29    0.10 INCH OR MORE:  11
MIN 32 OR BELOW:   0    0.50 INCH OR MORE:   6
MIN  0 OR BELOW:   0    1.00 INCH OR MORE:   1

[HDD (BASE 65) ]
TOTAL THIS MO.     0    CLEAR  (SCALE 0-3)  25
DPTR FM NORMAL     0    PTCLDY (SCALE 4-7)   6
TOTAL FM JUL 1     0    CLOUDY (SCALE 8-10)  0
DPTR FM NORMAL     0

[CDD (BASE 65) ]
TOTAL THIS MO.   618
DPTR FM NORMAL    38    [PRESSURE DATA]
TOTAL FM JAN 1  3362    HIGHEST SLP 30.12 ON  5
DPTR FM NORMAL   457    LOWEST  SLP 29.87 ON 25

[REMARKS]
#FINAL-08-15#
