000
CXUS52 KMFL 231000
CF6OPF
PRELIMINARY LOCAL CLIMATOLOGICAL DATA (WS FORM: F-6)

                                          STATION:   OPA-LOCKA ARPT
                                          MONTH:     AUGUST
                                          YEAR:      2017
                                          LATITUDE:   25 53 N
                                          LONGITUDE:  80 17 W

  TEMPERATURE IN F:       :PCPN:    SNOW:  WIND      :SUNSHINE: SKY     :PK WND
================================================================================
1   2   3   4   5  6A  6B    7    8   9   10  11  12  13   14  15   16   17  18
                                     12Z  AVG MX 2MIN
DY MAX MIN AVG DEP HDD CDD  WTR  SNW DPTH SPD SPD DIR MIN PSBL S-S WX    SPD DR
================================================================================

 1  91  77  84   0   0  19 0.24  0.0    0  7.2 29 260   M    M   4 138    37 260
 2  93  74  84   0   0  19 0.00  0.0    0  5.8 16 140   M    M   2 3      21 130
 3  93  80  87   3   0  22 0.00  0.0    0  6.8 17 140   M    M   2        22 130
 4  93  82  88   4   0  23    T  0.0    0 10.1 20 130   M    M   2        24 140
 5  93  83  88   4   0  23 0.00  0.0    0  9.0 16 130   M    M   1        21 120
 6  92  77  85   1   0  20 0.47  0.0    0 11.1 24  60   M    M   3 13     28  60
 7  92  80  86   2   0  21    T  0.0    0 10.4 20 120   M    M   3        25 140
 8  92  80  86   2   0  21 0.15  0.0    0  9.4 20 150   M    M   2 18     24 130
 9  92  80  86   2   0  21 0.02  0.0    0  9.1 18 130   M    M   2 1      22 120
10  87  76  82  -2   0  17 0.56  0.0    0  5.5 13 280   M    M   8 13     17 290
11  89  77  83  -1   0  18 1.40  0.0    0  3.7 25  30   M    M   6 13     37  30
12  92  78  85   1   0  20 0.10  0.0    0  4.5 14 140   M    M   2        20 130
13  93  78  86   2   0  21 0.60  0.0    0  4.2 17  60   M    M   2 13     22  70
14  95  79  87   3   0  22 0.51  0.0    0  4.3 29 230   M    M   3 3      34 220
15  92  79  86   2   0  21 0.35  0.0    0  3.4 21 110   M    M   2 13     25 110
16  93  79  86   2   0  21 0.00  0.0    0  4.1 21 250   M    M   1 3      25 240
17  93  81  87   3   0  22 0.00  0.0    0  6.4 15 130   M    M   1        20 110
18  95  82  89   5   0  24 0.00  0.0    0  6.8 17 130   M    M   2        25 110
19  94  81  88   4   0  23 0.00  0.0    0  8.1 18 140   M    M   1        23  90
20  89  77  83  -1   0  18 0.44  0.0    0  8.0 17  90   M    M   2 13     25 100
21  92  79  86   2   0  21 0.23  0.0    0 10.2 22  30   M    M   2 13     31  40
22  93  80  87   3   0  22 0.01  0.0    0  8.6 17 120   M    M   3 3      21 120
================================================================================
SM 2028 1739         0 459  5.08     0.0 156.7          M       56
================================================================================
AV 92.2 79.1                               7.1 FASTST   M    M   3    MAX(MPH)
                                 MISC ---->  # 29 260               # 37  260
================================================================================
NOTES:
# LAST OF SEVERAL OCCURRENCES

COLUMN 17 PEAK WIND IN M.P.H.

PRELIMINARY LOCAL CLIMATOLOGICAL DATA (WS FORM: F-6) , PAGE 2

                                          STATION:  OPA-LOCKA ARPT
                                          MONTH:    AUGUST
                                          YEAR:     2017
                                          LATITUDE:   25 53 N
                                          LONGITUDE:  80 17 W

[TEMPERATURE DATA]      [PRECIPITATION DATA]       SYMBOLS USED IN COLUMN 16

AVERAGE MONTHLY: 85.6   TOTAL FOR MONTH:   5.08    1 = FOG OR MIST
DPTR FM NORMAL:   1.6   DPTR FM NORMAL:   -0.28    2 = FOG REDUCING VISIBILITY
HIGHEST:    95 ON 18,14 GRTST 24HR  1.40 ON 11-11      TO 1/4 MILE OR LESS
LOWEST:     74 ON  2                               3 = THUNDER
                        SNOW, ICE PELLETS, HAIL    4 = ICE PELLETS
                        TOTAL MONTH:   0.0 INCH    5 = HAIL
                        GRTST 24HR     0.0         6 = FREEZING RAIN OR DRIZZLE
                        GRTST DEPTH:   0           7 = DUSTSTORM OR SANDSTORM:
                                                       VSBY 1/2 MILE OR LESS
                                                   8 = SMOKE OR HAZE
[NO. OF DAYS WITH]      [WEATHER - DAYS WITH]      9 = BLOWING SNOW
                                                   X = TORNADO
MAX 32 OR BELOW:   0    0.01 INCH OR MORE:  13
MAX 90 OR ABOVE:  19    0.10 INCH OR MORE:  11
MIN 32 OR BELOW:   0    0.50 INCH OR MORE:   4
MIN  0 OR BELOW:   0    1.00 INCH OR MORE:   1

[HDD (BASE 65) ]
TOTAL THIS MO.     0    CLEAR  (SCALE 0-3)  18
DPTR FM NORMAL     0    PTCLDY (SCALE 4-7)   4
TOTAL FM JUL 1     0    CLOUDY (SCALE 8-10)  0
DPTR FM NORMAL     0

[CDD (BASE 65) ]
TOTAL THIS MO.   459
DPTR FM NORMAL    41    [PRESSURE DATA]
TOTAL FM JAN 1  3106    HIGHEST SLP M ON M
DPTR FM NORMAL   363    LOWEST  SLP 29.92 ON 19

[REMARKS]
