000
CXUS54 KMRX 251000
CF6OQT
PRELIMINARY LOCAL CLIMATOLOGICAL DATA (WS FORM: F-6)

                                          STATION:   OAK_RIDGE_(ASOS)
                                          MONTH:     JANUARY
                                          YEAR:      2015
                                          LATITUDE:   36  1 N
                                          LONGITUDE:  84 14 W

  TEMPERATURE IN F:       :PCPN:    SNOW:  WIND      :SUNSHINE: SKY     :PK WND
================================================================================
1   2   3   4   5  6A  6B    7    8   9   10  11  12  13   14  15   16   17  18
                                     12Z  AVG MX 2MIN
DY MAX MIN AVG DEP HDD CDD  WTR  SNW DPTH SPD SPD DIR MIN PSBL S-S WX    SPD DR
================================================================================

 1  41  22  32  -6  33   0 0.00    M    M  1.2  7 210   M    M   7        10 200
 2  44  39  42   4  23   0 0.00    M    M  1.2  7  70   M    M  10 18     10  60
 3  56  43  50  12  15   0 1.01    M    M  1.9  9 280   M    M  10 1      12 280
 4  62  41  52  14  13   0 0.47    M    M  6.4 18 270   M    M   7 1      30 290
 5  42  26  34  -4  31   0 0.00    M    M  3.1 12 290   M    M   2        17 290
 6  46  25  36  -2  29   0 0.00    M    M  4.0 12 200   M    M   0        19 210
 7  31  11  21 -17  44   0    T    M    M  5.1 15 330   M    M   8        25 360
 8  30   6  18 -20  47   0 0.00    M    M  3.7 10 260   M    M   1        18 250
 9  37  22  30  -8  35   0 0.00    M    M  5.0 14 220   M    M   3        24 220
10  38  14  26 -12  39   0 0.00    M    M  2.3  8  70   M    M   0        14  10
11  42  18  30  -7  35   0 0.01    M    M  0.3  6 130   M    M   5         7 140
12  43  35  39   2  26   0 1.12    M    0  0.9  7  60   M    M  10 1      10  60
13  42  34  38   1  27   0    T    M    M  4.1  9  40   M    M  10 1      17  70
14  42  29  36  -1  29   0 0.00    M    M  0.6  6 260   M    M   7 1      10 210
15  36  26  31  -6  34   0 0.02    T    0  0.4  5 200   M    M   M 1       7 250
16  49  27  38   0  27   0 0.00  0.0    0  0.1  6 220   M    M   2 1       8 220
17  58  27  43   5  22   0 0.00  0.0    0  2.7 13 250   M    M   M 12     19 250
18  55  37  46   8  19   0 0.02    M    0  5.5 16 280   M    M   M        28 270
19  63  30  47   9  18   0 0.00  0.0    0  3.2 13 210   M    M   0        18 200
20  65  32  49  11  16   0 0.00  0.0    0  1.5  9 260   M    M   0 8      15 260
21  59  35  47   9  18   0 0.00  0.0    0  2.2 10 260   M    M   2        18 270
22  48  31  40   2  25   0 0.00    M    M  1.8  8  40   M    M   2        13  50
23  43  37  40   2  25   0 0.76    M    M  3.2 10  70   M    M  10 1      15  80
24  46  32  39   1  26   0 0.08    M    M  3.6 13 270   M    M   4 1      20 280
================================================================================
SM 1118  679       656   0  3.49    T     64.0          M      100
================================================================================
AV 46.6 28.3                               2.7 FASTST   M    M   5    MAX(MPH)
                                 MISC ---->  # 18 270               # 30  290
================================================================================
NOTES:
# LAST OF SEVERAL OCCURRENCES

COLUMN 17 PEAK WIND IN M.P.H.

PRELIMINARY LOCAL CLIMATOLOGICAL DATA (WS FORM: F-6) , PAGE 2

                                          STATION:  OAK_RIDGE_(ASOS)
                                          MONTH:    JANUARY
                                          YEAR:     2015
                                          LATITUDE:   36  1 N
                                          LONGITUDE:  84 14 W

[TEMPERATURE DATA]      [PRECIPITATION DATA]       SYMBOLS USED IN COLUMN 16

AVERAGE MONTHLY: 37.4   TOTAL FOR MONTH:   3.49    1 = FOG OR MIST
DPTR FM NORMAL:  -0.4   DPTR FM NORMAL:    0.05    2 = FOG REDUCING VISIBILITY
HIGHEST:    65 ON 20    GRTST 24HR  1.49 ON  3- 4      TO 1/4 MILE OR LESS
LOWEST:      6 ON  8                               3 = THUNDER
                        SNOW, ICE PELLETS, HAIL    4 = ICE PELLETS
                        TOTAL MONTH:    T          5 = HAIL
                        GRTST 24HR    T  ON 15-15  6 = FREEZING RAIN OR DRIZZLE
                        GRTST DEPTH:   0           7 = DUSTSTORM OR SANDSTORM:
                                                       VSBY 1/2 MILE OR LESS
                                                   8 = SMOKE OR HAZE
[NO. OF DAYS WITH]      [WEATHER - DAYS WITH]      9 = BLOWING SNOW
                                                   X = TORNADO
MAX 32 OR BELOW:   2    0.01 INCH OR MORE:   8
MAX 90 OR ABOVE:   0    0.10 INCH OR MORE:   4
MIN 32 OR BELOW:  16    0.50 INCH OR MORE:   3
MIN  0 OR BELOW:   0    1.00 INCH OR MORE:   2

[HDD (BASE 65) ]
TOTAL THIS MO.   656    CLEAR  (SCALE 0-3)   9
DPTR FM NORMAL    -1    PTCLDY (SCALE 4-7)   7
TOTAL FM JUL 1  2088    CLOUDY (SCALE 8-10)  5
DPTR FM NORMAL   -36

[CDD (BASE 65) ]
TOTAL THIS MO.     0
DPTR FM NORMAL     0    [PRESSURE DATA]
TOTAL FM JAN 1     0    HIGHEST SLP M ON M
DPTR FM NORMAL     0    LOWEST  SLP 29.78 ON 24

[REMARKS]
