000
CXUS51 KBOX 271200
CF6ORH
PRELIMINARY LOCAL CLIMATOLOGICAL DATA (WS FORM: F-6)

                                          STATION:   WORCESTER MA
                                          MONTH:     MARCH
                                          YEAR:      2015
                                          LATITUDE:   42 16 N
                                          LONGITUDE:  71 52 W

  TEMPERATURE IN F:       :PCPN:    SNOW:  WIND      :SUNSHINE: SKY     :PK WND
================================================================================
1   2   3   4   5  6A  6B    7    8   9   10  11  12  13   14  15   16   17  18
                                     12Z  AVG MX 2MIN
DY MAX MIN AVG DEP HDD CDD  WTR  SNW DPTH SPD SPD DIR MIN PSBL S-S WX    SPD DR
================================================================================

 1  24  14  19 -11  46   0 0.30  3.6    M  9.3 17 220   M    M   7 18     23 240
 2  30  19  25  -5  40   0    T  0.2    M 17.8 32 290   M    M   5 189    45 290
 3  32   9  21 -10  44   0 0.47  3.2    M  9.0 22 220   M    M   4 168    30 230
 4  38  32  35   4  30   0 0.11  0.0    M 16.5 28 250   M    M   6 16     36 250
 5  34  14  24  -7  41   0    T    T    0 11.5 20 310   M    M   9        26 320
 6  24   5  15 -17  50   0 0.00  0.0    0  8.0 18 320   M    M   0        28 330
 7  34   9  22 -10  43   0 0.00  0.0    M 13.0 22 250   M    M   1        29 250
 8  39  23  31  -1  34   0    T    T    M 12.4 30 290   M    M   4        39 290
 9  43  27  35   3  30   0 0.00  0.0    M 12.8 25 270   M    M   1        35 290
10  48  28  38   5  27   0 0.05  0.0    M  8.9 18 230   M    M   3 12     23 240
11  53  38  46  13  19   0    T    M    M 16.2 35 290   M    M   2 12     49 290
12  38  24  31  -2  34   0 0.00  0.0    M 14.7 29 320   M    M   1        39 320
13  38  19  29  -5  36   0 0.00  0.0    M  8.0 20 240   M    M   4        23 230
14  35  29  32  -2  33   0 0.53  0.0    M  8.6 17 230   M    M   8 126    22 230
15  40  26  33  -1  32   0 0.01    T    M 18.0 31 310   M    M   8 1      41 310
16  44  24  34  -1  31   0 0.00  0.0    M 10.3 23 340   M    M   1        32 310
17  46  25  36   1  29   0 0.10    T    M 16.0 40 300   M    M   6 1      52 290
18  28  17  23 -12  42   0 0.00  0.0    M 20.9 36 310   M    M   2        50 320
19  31  14  23 -13  42   0 0.00  0.0    M 13.4 29 300   M    M   0        39 290
20  29  17  23 -13  42   0 0.05  0.7    M  3.5 10 250   M    M   5 1      13 250
21  42  24  33  -3  32   0 0.05  0.5    M  8.2 24 270   M    M   7 1      34 270
22  34  15  25 -12  40   0    T    T    M 18.6 33 300   M    M   1        44 290
23  28  12  20 -17  45   0 0.00  0.0    M 12.4 26 300   M    M   0        36 290
24  38  14  26 -11  39   0 0.00  0.0    M  6.4 12 290   M    M   0        14 350
25  46  27  37  -1  28   0 0.10    T    M 10.0 21 220   M    M   2 16     27 210
26  49  36  43   5  22   0 0.40  0.0    M 10.8 21 230   M    M  10 12     24 240
================================================================================
SM  965  541       931   0  2.17     8.2 315.2          M       97
================================================================================
AV 37.1 20.8                              12.1 FASTST   M    M   4    MAX(MPH)
                                 MISC ---->  # 40 300               # 52  290
================================================================================
NOTES:
# LAST OF SEVERAL OCCURRENCES

COLUMN 17 PEAK WIND IN M.P.H.

PRELIMINARY LOCAL CLIMATOLOGICAL DATA (WS FORM: F-6) , PAGE 2

                                          STATION:  WORCESTER MA
                                          MONTH:    MARCH
                                          YEAR:     2015
                                          LATITUDE:   42 16 N
                                          LONGITUDE:  71 52 W

[TEMPERATURE DATA]      [PRECIPITATION DATA]       SYMBOLS USED IN COLUMN 16

AVERAGE MONTHLY: 29.0   TOTAL FOR MONTH:   2.17    1 = FOG OR MIST
DPTR FM NORMAL:  -4.9   DPTR FM NORMAL:   -1.32    2 = FOG REDUCING VISIBILITY
HIGHEST:    53 ON 11    GRTST 24HR  0.53 ON 14-14      TO 1/4 MILE OR LESS
LOWEST:      5 ON  6                               3 = THUNDER
                        SNOW, ICE PELLETS, HAIL    4 = ICE PELLETS
                        TOTAL MONTH:   8.2 INCHES  5 = HAIL
                        GRTST 24HR   3.6 ON   M    6 = FREEZING RAIN OR DRIZZLE
                        GRTST DEPTH:   0           7 = DUSTSTORM OR SANDSTORM:
                                                       VSBY 1/2 MILE OR LESS
                                                   8 = SMOKE OR HAZE
[NO. OF DAYS WITH]      [WEATHER - DAYS WITH]      9 = BLOWING SNOW
                                                   X = TORNADO
MAX 32 OR BELOW:   8    0.01 INCH OR MORE:  11
MAX 90 OR ABOVE:   0    0.10 INCH OR MORE:   7
MIN 32 OR BELOW:  24    0.50 INCH OR MORE:   1
MIN  0 OR BELOW:   0    1.00 INCH OR MORE:   0

[HDD (BASE 65) ]
TOTAL THIS MO.   931    CLEAR  (SCALE 0-3)  13
DPTR FM NORMAL   122    PTCLDY (SCALE 4-7)  11
TOTAL FM JUL 1  6045    CLOUDY (SCALE 8-10)  2
DPTR FM NORMAL   399

[CDD (BASE 65) ]
TOTAL THIS MO.     0
DPTR FM NORMAL     0    [PRESSURE DATA]
TOTAL FM JAN 1     0    HIGHEST SLP M ON M
DPTR FM NORMAL     0    LOWEST  SLP 29.37 ON 17

[REMARKS]
