000
CXUS51 KBOX 291200
CF6ORH
PRELIMINARY LOCAL CLIMATOLOGICAL DATA (WS FORM: F-6)

                                          STATION:   WORCESTER MA
                                          MONTH:     AUGUST
                                          YEAR:      2016
                                          LATITUDE:   42 16 N
                                          LONGITUDE:  71 52 W

  TEMPERATURE IN F:       :PCPN:    SNOW:  WIND      :SUNSHINE: SKY     :PK WND
================================================================================
1   2   3   4   5  6A  6B    7    8   9   10  11  12  13   14  15   16   17  18
                                     12Z  AVG MX 2MIN
DY MAX MIN AVG DEP HDD CDD  WTR  SNW DPTH SPD SPD DIR MIN PSBL S-S WX    SPD DR
================================================================================

 1  74  64  69  -1   0   4    T  0.0    M  5.4  9  70   M    M  10 1      13  70
 2  72  61  67  -3   0   2 0.88  0.0    M  3.9 12  70   M    M   7 1      16  70
 3  78  58  68  -2   0   3 0.00  0.0    M  6.8 12 210   M    M   2 12     16 160
 4  81  60  71   1   0   6 0.00  0.0    M  7.9 13 210   M    M   1        17 180
 5  82  60  71   1   0   6 0.00  0.0    M 11.2 16 210   M    M   1        22 210
 6  83  65  74   4   0   9 0.06  0.0    M 10.5 18 240   M    M   2 13     22 260
 7  81  64  73   3   0   8 0.00  0.0    M  9.2 17 290   M    M   1        25 260
 8  81  64  73   3   0   8 0.00  0.0    M  8.0 17 300   M    M   1        21 290
 9  84  63  74   4   0   9 0.00  0.0    M  8.7 15 200   M    M   0        18 200
10  77  65  71   1   0   6 0.36  0.0    M 10.5 20 210   M    M   9 1      25 220
11  89  71  80  10   0  15 0.00  0.0    M  7.9 14 250   M    M   4 1      19 210
12  90  72  81  11   0  16    T  0.0    M 12.1 21 250   M    M   2 3      26 240
13  83  66  75   5   0  10 0.67  0.0    M  7.4 20 360   M    M   6 1238   26  40
14  89  67  78   9   0  13 0.47  0.0    M 10.3 25 240   M    M   2 13     33 230
15  83  67  75   6   0  10 0.00  0.0    M  7.9 17 310   M    M   0        21 290
16  79  66  73   4   0   8 0.12  0.0    M  8.7 20 220   M    M   7 13     26 190
17  78  64  71   2   0   6 0.00  0.0    M 14.5 28 300   M    M   2        41 270
18  84  63  74   5   0   9    T  0.0    M  7.7 14 250   M    M   2        21 270
19  83  67  75   6   0  10 0.00  0.0    M  6.1 12 270   M    M   4        16 260
20  81  65  73   4   0   8    T  0.0    M  8.1 18 180   M    M   5 12     23 170
21  81  65  73   5   0   8 0.28  0.0    M 10.8 21 160   M    M   7 1      26 160
22  73  56  65  -3   0   0 1.12  0.0    M 14.1 25 300   M    M   3 1      33 290
23  75  54  65  -3   0   0 0.00  0.0    0  8.6 15 280   M    M   0        19 230
24  81  59  70   2   0   5 0.00  0.0    0  9.3 14 230   M    M   0        18 230
25  81  64  73   5   0   8 0.00  0.0    0 13.5 22 220   M    M   3        27 210
26  85  66  76   8   0  11 0.00  0.0    0  8.3 16 310   M    M   4 1      20 300
27  83  66  75   8   0  10 0.00  0.0    0  5.7 12 170   M    M   1        13 350
28  80  63  72   5   0   7 0.00  0.0    0  8.8 15 230   M    M   0 1      19 230
================================================================================
SM 2271 1785         0 215  3.96     0.0 251.9          M       86
================================================================================
AV 81.1 63.8                               9.0 FASTST   M    M   3    MAX(MPH)
                                 MISC ---->  # 28 300               # 41  270
================================================================================
NOTES:
# LAST OF SEVERAL OCCURRENCES

COLUMN 17 PEAK WIND IN M.P.H.

PRELIMINARY LOCAL CLIMATOLOGICAL DATA (WS FORM: F-6) , PAGE 2

                                          STATION:  WORCESTER MA
                                          MONTH:    AUGUST
                                          YEAR:     2016
                                          LATITUDE:   42 16 N
                                          LONGITUDE:  71 52 W

[TEMPERATURE DATA]      [PRECIPITATION DATA]       SYMBOLS USED IN COLUMN 16

AVERAGE MONTHLY: 72.4   TOTAL FOR MONTH:   3.96    1 = FOG OR MIST
DPTR FM NORMAL:   3.3   DPTR FM NORMAL:    0.57    2 = FOG REDUCING VISIBILITY
HIGHEST:    90 ON 12    GRTST 24HR  1.40 ON 21-22      TO 1/4 MILE OR LESS
LOWEST:     54 ON 23                               3 = THUNDER
                        SNOW, ICE PELLETS, HAIL    4 = ICE PELLETS
                        TOTAL MONTH:   0.0 INCH    5 = HAIL
                        GRTST 24HR     0.0         6 = FREEZING RAIN OR DRIZZLE
                        GRTST DEPTH:   0           7 = DUSTSTORM OR SANDSTORM:
                                                       VSBY 1/2 MILE OR LESS
                                                   8 = SMOKE OR HAZE
[NO. OF DAYS WITH]      [WEATHER - DAYS WITH]      9 = BLOWING SNOW
                                                   X = TORNADO
MAX 32 OR BELOW:   0    0.01 INCH OR MORE:   8
MAX 90 OR ABOVE:   1    0.10 INCH OR MORE:   7
MIN 32 OR BELOW:   0    0.50 INCH OR MORE:   3
MIN  0 OR BELOW:   0    1.00 INCH OR MORE:   1

[HDD (BASE 65) ]
TOTAL THIS MO.     0    CLEAR  (SCALE 0-3)  18
DPTR FM NORMAL   -19    PTCLDY (SCALE 4-7)   8
TOTAL FM JUL 1     9    CLOUDY (SCALE 8-10)  2
DPTR FM NORMAL   -24

[CDD (BASE 65) ]
TOTAL THIS MO.   215
DPTR FM NORMAL    79    [PRESSURE DATA]
TOTAL FM JAN 1   573    HIGHEST SLP M ON M
DPTR FM NORMAL   156    LOWEST  SLP 29.61 ON  6

[REMARKS]
