000
CXUS51 KBOX 161200
CF6ORH
PRELIMINARY LOCAL CLIMATOLOGICAL DATA (WS FORM: F-6)

                                          STATION:   WORCESTER MA
                                          MONTH:     JANUARY
                                          YEAR:      2017
                                          LATITUDE:   42 16 N
                                          LONGITUDE:  71 52 W

  TEMPERATURE IN F:       :PCPN:    SNOW:  WIND      :SUNSHINE: SKY     :PK WND
================================================================================
1   2   3   4   5  6A  6B    7    8   9   10  11  12  13   14  15   16   17  18
                                     12Z  AVG MX 2MIN
DY MAX MIN AVG DEP HDD CDD  WTR  SNW DPTH SPD SPD DIR MIN PSBL S-S WX    SPD DR
================================================================================

 1  37  25  31   6  34   0 0.09  0.9    M 11.3 23 270   M    M   4 1      30 280
 2  34  22  28   3  37   0    T  0.0    M  4.4  8  70   M    M   5        13  80
 3  38  32  35  10  30   0 0.87  0.0    M 11.4 20  30   M    M  10 12     27  30
 4  41  26  34   9  31   0 0.16  0.5    M 10.5 16 250   M    M  10 123    18  20
 5  26  19  23  -1  42   0    T    T    M 11.3 28 270   M    M   2        35 270
 6  26  15  21  -3  44   0 0.07  1.1    M  7.1 14 310   M    M   5 18     16 300
 7  18  14  16  -8  49   0 0.24  4.8    M 10.4 21 360   M    M   7 128    31 360
 8  17   6  12 -12  53   0 0.03  0.4    M 13.2 22 300   M    M   2 18     31 290
 9  15   2   9 -15  56   0    T    T    M 10.1 17 230   M    M   0        21 230
10  40  10  25   1  40   0 0.06  0.0    M 10.6 20 190   M    M   5 126    28 190
11  48  37  43  19  22   0 0.22  0.0    M 15.2 37 220   M    M   4 1      46 210
12  57  39  48  24  17   0 0.45  0.0    M 18.9 30 230   M    M   9 1      43 230
13  54  21  38  14  27   0 0.00  0.0    M 18.8 31 300   M    M   0        42 290
14  27  14  21  -3  44   0 0.00  0.0    0  8.6 16 240   M    M   5        20 240
15  34  20  27   3  38   0 0.00  0.0    M  8.0 17 290   M    M   1        24 320
================================================================================
SM  512  302       564   0  2.19     7.7 169.8          M       69
================================================================================
AV 34.1 20.1                              11.3 FASTST   M    M   5    MAX(MPH)
                                 MISC ---->  # 37 220               # 46  210
================================================================================
NOTES:
# LAST OF SEVERAL OCCURRENCES

COLUMN 17 PEAK WIND IN M.P.H.

PRELIMINARY LOCAL CLIMATOLOGICAL DATA (WS FORM: F-6) , PAGE 2

                                          STATION:  WORCESTER MA
                                          MONTH:    JANUARY
                                          YEAR:     2017
                                          LATITUDE:   42 16 N
                                          LONGITUDE:  71 52 W

[TEMPERATURE DATA]      [PRECIPITATION DATA]       SYMBOLS USED IN COLUMN 16

AVERAGE MONTHLY: 27.1   TOTAL FOR MONTH:   2.19    1 = FOG OR MIST
DPTR FM NORMAL:   3.0   DPTR FM NORMAL:    0.53    2 = FOG REDUCING VISIBILITY
HIGHEST:    57 ON 12    GRTST 24HR  0.89 ON  3- 4      TO 1/4 MILE OR LESS
LOWEST:      2 ON  9                               3 = THUNDER
                        SNOW, ICE PELLETS, HAIL    4 = ICE PELLETS
                        TOTAL MONTH:   7.7 INCHES  5 = HAIL
                        GRTST 24HR   4.8 ON   M    6 = FREEZING RAIN OR DRIZZLE
                        GRTST DEPTH:   0           7 = DUSTSTORM OR SANDSTORM:
                                                       VSBY 1/2 MILE OR LESS
                                                   8 = SMOKE OR HAZE
[NO. OF DAYS WITH]      [WEATHER - DAYS WITH]      9 = BLOWING SNOW
                                                   X = TORNADO
MAX 32 OR BELOW:   6    0.01 INCH OR MORE:   9
MAX 90 OR ABOVE:   0    0.10 INCH OR MORE:   5
MIN 32 OR BELOW:  13    0.50 INCH OR MORE:   1
MIN  0 OR BELOW:   0    1.00 INCH OR MORE:   0

[HDD (BASE 65) ]
TOTAL THIS MO.   564    CLEAR  (SCALE 0-3)   5
DPTR FM NORMAL   -47    PTCLDY (SCALE 4-7)   7
TOTAL FM JUL 1  2841    CLOUDY (SCALE 8-10)  3
DPTR FM NORMAL  -274

[CDD (BASE 65) ]
TOTAL THIS MO.     0
DPTR FM NORMAL     0    [PRESSURE DATA]
TOTAL FM JAN 1     0    HIGHEST SLP M ON M
DPTR FM NORMAL     0    LOWEST  SLP 29.37 ON  3

[REMARKS]
