000
CXUS52 KMLB 210628
CF6ORL
PRELIMINARY LOCAL CLIMATOLOGICAL DATA (WS FORM: F-6)

                                          STATION:   ORLANDO EXEC
                                          MONTH:     FEBRUARY
                                          YEAR:      2018
                                          LATITUDE:   28 32 N
                                          LONGITUDE:  81 20 W

  TEMPERATURE IN F:       :PCPN:    SNOW:  WIND      :SUNSHINE: SKY     :PK WND
================================================================================
1   2   3   4   5  6A  6B    7    8   9   10  11  12  13   14  15   16   17  18
                                     12Z  AVG MX 2MIN
DY MAX MIN AVG DEP HDD CDD  WTR  SNW DPTH SPD SPD DIR MIN PSBL S-S WX    SPD DR
================================================================================

 1  74  49  62   0   3   0 0.00  0.0    0  2.8 12 230   M    M   4        15 220
 2  77  59  68   6   0   3 0.00  0.0    0  6.5 20  30   M    M   2        25  30
 3  68  54  61  -1   4   0 0.00  0.0    0  9.8 18  90   M    M   9        23  90
 4  78  58  68   6   0   3 0.31  0.0    0  9.7 23 170   M    M   6 1      33 150
 5  77  54  66   4   0   1 0.00  0.0    0  6.9 14  80   M    M   5        17 230
 6  83  53  68   6   0   3 0.00  0.0    0  5.9 16 100   M    M   0 1      20 100
 7  82  61  72  10   0   7 0.00  0.0    0  6.9 20 180   M    M   4 1      24 150
 8  81  62  72  10   0   7 0.00  0.0    0  6.4 20  20   M    M   6 12     24  20
 9  85  61  73  11   0   8 0.00  0.0    0  7.9 16 120   M    M   4        20 130
10  86  62  74  11   0   9 0.00  0.0    0  8.4 17 150   M    M   4 12     22 140
11  87  65  76  13   0  11 0.00  0.0    0  9.2 21 190   M    M   3 1      27 160
12  87  72  80  17   0  15 0.00  0.0    0  8.4 15 190   M    M   5 1      19 190
13  86  65  76  13   0  11 0.02  0.0    0  7.3 17  20   M    M   7 1      20  30
14  77  61  69   6   0   4    T  0.0    0  7.6 14  20   M    M   8 128    15  20
15  84  61  73  10   0   8 0.00  0.0    0  2.8 10 130   M    M   6 12     13 130
16  84  64  74  11   0   9 0.00  0.0    0  6.7 16 250   M    M   2        20 250
17  84  61  73   9   0   8 0.00  0.0    0  5.8 15 260   M    M   2 12     21 270
18  85  58  72   8   0   7 0.00  0.0    0  4.7 18  70   M    M   1        22  80
19  84  62  73   9   0   8 0.00  0.0    0  9.3 20 100   M    M   4 12     25 100
20  87  67  77  13   0  12    T  0.0    0 10.5 21 130   M    M   3        25 130
================================================================================
SM 1636 1209         7 134  0.33     0.0 143.5          M       85
================================================================================
AV 81.8 60.5                               7.2 FASTST   M    M   4    MAX(MPH)
                                 MISC ---->  # 23 170               # 33  150
================================================================================
NOTES:
# LAST OF SEVERAL OCCURRENCES

COLUMN 17 PEAK WIND IN M.P.H.

PRELIMINARY LOCAL CLIMATOLOGICAL DATA (WS FORM: F-6) , PAGE 2

                                          STATION:  ORLANDO EXEC
                                          MONTH:    FEBRUARY
                                          YEAR:     2018
                                          LATITUDE:   28 32 N
                                          LONGITUDE:  81 20 W

[TEMPERATURE DATA]      [PRECIPITATION DATA]       SYMBOLS USED IN COLUMN 16

AVERAGE MONTHLY: 71.1   TOTAL FOR MONTH:   0.33    1 = FOG OR MIST
DPTR FM NORMAL:   8.4   DPTR FM NORMAL:   -1.42    2 = FOG REDUCING VISIBILITY
HIGHEST:    87 ON 20,12 GRTST 24HR  0.31 ON  4- 4      TO 1/4 MILE OR LESS
LOWEST:     49 ON  1                               3 = THUNDER
                        SNOW, ICE PELLETS, HAIL    4 = ICE PELLETS
                        TOTAL MONTH:   0.0 INCH    5 = HAIL
                        GRTST 24HR     0.0         6 = FREEZING RAIN OR DRIZZLE
                        GRTST DEPTH:   0           7 = DUSTSTORM OR SANDSTORM:
                                                       VSBY 1/2 MILE OR LESS
                                                   8 = SMOKE OR HAZE
[NO. OF DAYS WITH]      [WEATHER - DAYS WITH]      9 = BLOWING SNOW
                                                   X = TORNADO
MAX 32 OR BELOW:   0    0.01 INCH OR MORE:   2
MAX 90 OR ABOVE:   0    0.10 INCH OR MORE:   1
MIN 32 OR BELOW:   0    0.50 INCH OR MORE:   0
MIN  0 OR BELOW:   0    1.00 INCH OR MORE:   0

[HDD (BASE 65) ]
TOTAL THIS MO.     7    CLEAR  (SCALE 0-3)   7
DPTR FM NORMAL   -76    PTCLDY (SCALE 4-7)  11
TOTAL FM JUL 1   330    CLOUDY (SCALE 8-10)  2
DPTR FM NORMAL  -117

[CDD (BASE 65) ]
TOTAL THIS MO.   134
DPTR FM NORMAL    98    [PRESSURE DATA]
TOTAL FM JAN 1   190    HIGHEST SLP M ON M
DPTR FM NORMAL   110    LOWEST  SLP 29.94 ON  4

[REMARKS]
