000
CXUS52 KMLB 241220
CF6ORL
PRELIMINARY LOCAL CLIMATOLOGICAL DATA (WS FORM: F-6)

                                          STATION:   ORLANDO EXEC
                                          MONTH:     NOVEMBER
                                          YEAR:      2017
                                          LATITUDE:   28 32 N
                                          LONGITUDE:  81 20 W

  TEMPERATURE IN F:       :PCPN:    SNOW:  WIND      :SUNSHINE: SKY     :PK WND
================================================================================
1   2   3   4   5  6A  6B    7    8   9   10  11  12  13   14  15   16   17  18
                                     12Z  AVG MX 2MIN
DY MAX MIN AVG DEP HDD CDD  WTR  SNW DPTH SPD SPD DIR MIN PSBL S-S WX    SPD DR
================================================================================

 1  82  60  71  -1   0   6 0.00  0.0    0  5.6 14 100   M    M   3 8      18  80
 2  83  63  73   1   0   8 0.00  0.0    0  6.5 16  70   M    M   2        22  60
 3  82  68  75   4   0  10 0.00  0.0    0  8.8 21  20   M    M   5        24  20
 4  85  66  76   5   0  11 0.00  0.0    0  7.4 15  20   M    M   0        20 360
 5  84  67  76   5   0  11    T  0.0    0  7.6 12  70   M    M   5 1      18  50
 6  85  69  77   6   0  12 0.00  0.0    M  6.1  7  60   M    M   3         M  M
 7  85  66  76   6   0  11 0.00  0.0    M  3.8 10  10   M    M   1 12     14  10
 8  85  64  75   5   0  10 0.00  0.0    0  3.5 13  70   M    M   0 1      15  70
 9  84  66  75   5   0  10 0.00  0.0    0  2.8  9 320   M    M   2 18     15 340
10  73  64  69  -1   0   4 0.00  0.0    0  9.6 16  30   M    M   7 1      21  20
11  81  63  72   2   0   7    T  0.0    0 10.4 26  70   M    M   4        34  80
12  80  70  75   6   0  10 0.02  0.0    0 10.8 23  90   M    M   9 1      27  90
13  82  68  75   6   0  10 0.00  0.0    0 10.8 20  20   M    M   5        25  30
14  80  62  71   2   0   6 0.00  0.0    0 13.6 22  10   M    M   4        29  10
15  78  60  69   0   0   4 0.00  0.0    0 10.4 17  30   M    M   3        22  10
16  75  59  67  -2   0   2 0.00  0.0    0  7.7 14  60   M    M   4        22  20
17  79  59  69   1   0   4 0.00  0.0    0  6.1 14  80   M    M   0        17  50
18  80  56  68   0   0   3 0.00  0.0    0  3.6 13 210   M    M   0 1      16 190
19  82  60  71   3   0   6    T  0.0    0  9.3 25 280   M    M   4 1      32 280
20  78  52  65  -3   0   0 0.00  0.0    0  9.1 22  80   M    M   2        25  50
21  77  61  69   1   0   4 0.10  0.0    0  5.8 17 100   M    M   6 1      21 110
22  81  63  72   4   0   7    T  0.0    0  6.1 15  50   M    M   4 12     19  50
23  77  68  73   5   0   8 0.01  0.0    0  7.7 13 200   M    M   7 1      17 200
================================================================================
SM 1858 1454         0 164  0.13     0.0 173.1          M       80
================================================================================
AV 80.8 63.2                               7.5 FASTST   M    M   3    MAX(MPH)
                                 MISC ---->  # 26  70               # 34   80
================================================================================
NOTES:
# LAST OF SEVERAL OCCURRENCES

COLUMN 17 PEAK WIND IN M.P.H.

PRELIMINARY LOCAL CLIMATOLOGICAL DATA (WS FORM: F-6) , PAGE 2

                                          STATION:  ORLANDO EXEC
                                          MONTH:    NOVEMBER
                                          YEAR:     2017
                                          LATITUDE:   28 32 N
                                          LONGITUDE:  81 20 W

[TEMPERATURE DATA]      [PRECIPITATION DATA]       SYMBOLS USED IN COLUMN 16

AVERAGE MONTHLY: 72.0   TOTAL FOR MONTH:   0.13    1 = FOG OR MIST
DPTR FM NORMAL:   2.5   DPTR FM NORMAL:   -1.67    2 = FOG REDUCING VISIBILITY
HIGHEST:    85 ON  8, 7 GRTST 24HR  0.10 ON 21-21      TO 1/4 MILE OR LESS
LOWEST:     52 ON 20                               3 = THUNDER
                        SNOW, ICE PELLETS, HAIL    4 = ICE PELLETS
                        TOTAL MONTH:   0.0 INCH    5 = HAIL
                        GRTST 24HR     0.0         6 = FREEZING RAIN OR DRIZZLE
                        GRTST DEPTH:   0           7 = DUSTSTORM OR SANDSTORM:
                                                       VSBY 1/2 MILE OR LESS
                                                   8 = SMOKE OR HAZE
[NO. OF DAYS WITH]      [WEATHER - DAYS WITH]      9 = BLOWING SNOW
                                                   X = TORNADO
MAX 32 OR BELOW:   0    0.01 INCH OR MORE:   3
MAX 90 OR ABOVE:   0    0.10 INCH OR MORE:   1
MIN 32 OR BELOW:   0    0.50 INCH OR MORE:   0
MIN  0 OR BELOW:   0    1.00 INCH OR MORE:   0

[HDD (BASE 65) ]
TOTAL THIS MO.     0    CLEAR  (SCALE 0-3)  10
DPTR FM NORMAL   -17    PTCLDY (SCALE 4-7)  12
TOTAL FM JUL 1    12    CLOUDY (SCALE 8-10)  1
DPTR FM NORMAL   -10

[CDD (BASE 65) ]
TOTAL THIS MO.   164
DPTR FM NORMAL    42    [PRESSURE DATA]
TOTAL FM JAN 1  3948    HIGHEST SLP M ON M
DPTR FM NORMAL   484    LOWEST  SLP 29.79 ON 23

[REMARKS]
