000
CXUS53 KGRB 010720
CF6OSH
PRELIMINARY LOCAL CLIMATOLOGICAL DATA (WS FORM: F-6)

                                          STATION:   OSHKOSH WI
                                          MONTH:     APRIL
                                          YEAR:      2017
                                          LATITUDE:   44  0 N
                                          LONGITUDE:  88 34 W

  TEMPERATURE IN F:       :PCPN:    SNOW:  WIND      :SUNSHINE: SKY     :PK WND
================================================================================
1   2   3   4   5  6A  6B    7    8   9   10  11  12  13   14  15   16   17  18
                                     12Z  AVG MX 2MIN
DY MAX MIN AVG DEP HDD CDD  WTR  SNW DPTH SPD SPD DIR MIN PSBL S-S WX    SPD DR
================================================================================

 1  59  29  44   4  21   0 0.00  0.0    0  5.6 13 290   M    M   0        17 290
 2  54  33  44   4  21   0 0.03  0.0    0  7.1 14 180   M    M   6        17 180
 3  47  43  45   5  20   0 0.28  0.0    0 10.3 21  20   M    M  10 1      27  10
 4  59  43  51  10  14   0 0.18  0.0    0  9.1 16 330   M    M   6 1      21 360
 5  47  38  43   2  22   0 0.00  0.0    0  9.1 25 360   M    M   6        30 360
 6  53  34  44   2  21   0 0.00  0.0    0 17.2 29 360   M    M   1        39  10
 7  56  34  45   3  20   0 0.00  0.0    0  7.8 15 350   M    M   0        21 330
 8  67  34  51   8  14   0    T  0.0    0 14.0 26 190   M    M   1        36 180
 9  75  52  64  21   1   0 0.00  0.0    0 14.2 23 190   M    M   4        32 190
10  67  36  52   8  13   0    T  0.0    0 13.7 25  30   M    M   8 138    33  40
11  45  35  40  -4  25   0 0.07  0.0    0  8.6 16 310   M    M  10 1      22 320
12  54  34  44   0  21   0    T  0.0    0  6.5 14 130   M    M   5        17 140
13  53  40  47   2  18   0 0.23  0.0    0  7.3 15 100   M    M   8 1      17 110
14  59  40  50   5  15   0 0.09  0.0    0 10.1 17 130   M    M   4 1      21 130
15  75  52  64  18   1   0 1.57  0.0    0  9.4 26 200   M    M   8 13     36 190
16  66  49  58  12   7   0 0.01  0.0    0 11.9 28 290   M    M   3 1      37 290
17  53  40  47   0  18   0    T  0.0    0  8.7 16  80   M    M   4        21  90
18  68  40  54   7  11   0    T  0.0    0 11.1 31 190   M    M   3        39 180
19  62  41  52   5  13   0 0.22  0.0    0 11.6 25 100   M    M   6 138    34 100
20  53  40  47  -1  18   0 0.54  0.0    0 10.6 26  70   M    M   9 138    33  70
21  59  37  48   0  17   0 0.00  0.0    0  9.6 21 330   M    M   5        28 310
22  62  32  47  -1  18   0 0.00  0.0    0  4.5 12 120   M    M   0        13 130
23  66  40  53   4  12   0 0.00  0.0    0  9.5 24  40   M    M   0        30  40
24  71  38  55   6  10   0 0.00  0.0    0  9.2 21 130   M    M   0        27 140
25  75  52  64  14   1   0    T  0.0    0 11.3 22 190   M    M   2        27 180
26  67  47  57   7   8   0 0.08  0.0    0 10.6 20 200   M    M   9 1      25 200
27  47  36  42  -8  23   0    M    M    M 10.1 18 260   M    M  10 1      26 280
28  52  36  44  -7  21   0 0.04  0.0    0  7.3 17  20   M    M   8 8      23 250
29  46  37  42  -9  23   0 0.02  0.0    0 15.2 29  70   M    M   5        38  70
30  41  39  40 -11  25   0 0.43  0.0    0 16.6 24  50   M    M  10 13     34  40
================================================================================
SM 1758 1181       472   0  3.79     0.0 307.8          M      151
================================================================================
AV 58.6 39.4                              10.3 FASTST   M    M   5    MAX(MPH)
                                 MISC ---->  # 31 190               # 39   10
================================================================================
NOTES:
# LAST OF SEVERAL OCCURRENCES

COLUMN 17 PEAK WIND IN M.P.H.

PRELIMINARY LOCAL CLIMATOLOGICAL DATA (WS FORM: F-6) , PAGE 2

                                          STATION:  OSHKOSH WI
                                          MONTH:    APRIL
                                          YEAR:     2017
                                          LATITUDE:   44  0 N
                                          LONGITUDE:  88 34 W

[TEMPERATURE DATA]      [PRECIPITATION DATA]       SYMBOLS USED IN COLUMN 16

AVERAGE MONTHLY: 49.0   TOTAL FOR MONTH:   3.79    1 = FOG OR MIST
DPTR FM NORMAL:   3.2   DPTR FM NORMAL:    1.07    2 = FOG REDUCING VISIBILITY
HIGHEST:    75 ON 25,15 GRTST 24HR  1.57 ON 15-15      TO 1/4 MILE OR LESS
LOWEST:     29 ON  1                               3 = THUNDER
                        SNOW, ICE PELLETS, HAIL    4 = ICE PELLETS
                        TOTAL MONTH:   0.0 INCH    5 = HAIL
                        GRTST 24HR     0.0         6 = FREEZING RAIN OR DRIZZLE
                        GRTST DEPTH:   0           7 = DUSTSTORM OR SANDSTORM:
                                                       VSBY 1/2 MILE OR LESS
                                                   8 = SMOKE OR HAZE
[NO. OF DAYS WITH]      [WEATHER - DAYS WITH]      9 = BLOWING SNOW
                                                   X = TORNADO
MAX 32 OR BELOW:   0    0.01 INCH OR MORE:  14
MAX 90 OR ABOVE:   0    0.10 INCH OR MORE:   7
MIN 32 OR BELOW:   2    0.50 INCH OR MORE:   2
MIN  0 OR BELOW:   0    1.00 INCH OR MORE:   1

[HDD (BASE 65) ]
TOTAL THIS MO.   472    CLEAR  (SCALE 0-3)  10
DPTR FM NORMAL  -106    PTCLDY (SCALE 4-7)  12
TOTAL FM JUL 1  6174    CLOUDY (SCALE 8-10)  8
DPTR FM NORMAL  -947

[CDD (BASE 65) ]
TOTAL THIS MO.     0
DPTR FM NORMAL    -1    [PRESSURE DATA]
TOTAL FM JAN 1     0    HIGHEST SLP M ON M
DPTR FM NORMAL    -1    LOWEST  SLP 29.29 ON 27

[REMARKS]
#FINAL-04-17#
