000
CXUS53 KDMX 220920
CF6OTM
PRELIMINARY LOCAL CLIMATOLOGICAL DATA (WS FORM: F-6)

                                          STATION:   OTTUMWA IA
                                          MONTH:     MAY
                                          YEAR:      2017
                                          LATITUDE:   41  6 N
                                          LONGITUDE:  92 27 W

  TEMPERATURE IN F:       :PCPN:    SNOW:  WIND      :SUNSHINE: SKY     :PK WND
================================================================================
1   2   3   4   5  6A  6B    7    8   9   10  11  12  13   14  15   16   17  18
                                     12Z  AVG MX 2MIN
DY MAX MIN AVG DEP HDD CDD  WTR  SNW DPTH SPD SPD DIR MIN PSBL S-S WX    SPD DR
================================================================================

 1  51  42  47  -9  18   0 0.02  0.0    0 14.3 26 280   M    M   8 1      38 280
 2  63  39  51  -6  14   0 0.00  0.0    0 12.7 26 310   M    M   1        34 300
 3  58  39  49  -8  16   0 0.00  0.0    0  7.5 15 140   M    M   0        19 160
 4  70  36  53  -4  12   0 0.00  0.0    0 12.7 25 350   M    M   2        34 340
 5  74  40  57  -1   8   0 0.00  0.0    0  9.8 22 330   M    M   0        37 310
 6  71  47  59   1   6   0 0.00  0.0    0 10.1 20 360   M    M   0        26 310
 7  77  39  58   0   7   0 0.00  0.0    0  4.5 12 100   M    M   0        15 320
 8  80  49  65   6   0   0    T  0.0    0  9.3 16 180   M    M   1 8      20 230
 9  81  62  72  13   0   7 0.00  0.0    0  8.8 20 240   M    M   1        26 230
10  70  60  65   6   0   0 1.00  0.0    0  9.7 41 320   M    M   8 138    53 320
11  72  52  62   2   3   0 0.00  0.0    0  8.9 17  20   M    M   6 18     21  10
12  74  48  61   1   4   0 0.00  0.0    0  8.6 18  40   M    M   1        25  50
13  81  46  64   4   1   0 0.00  0.0    0  8.1 15 210   M    M   0        21 230
14  83  55  69   8   0   4    T  0.0    0 11.5 21 220   M    M   0        27 230
15  91  64  78  17   0  13 0.00  0.0    0 12.5 26 180   M    M   1 8      32 160
16  89  65  77  16   0  12    T  0.0    0 16.4 29 190   M    M   0 3      38 220
17  82  62  72  10   0   7 0.49  0.0    0 13.0 39 250   M    M   3 138    52 250
18  71  56  64   2   1   0 0.11  0.0    0 11.9 26 250   M    M   6 13     35 250
19  57  49  53  -9  12   0 0.51  0.0    0 16.1 28  90   M    M   9 13     34 100
20  74  49  62  -1   3   0 0.12  0.0    0 13.4 25  90   M    M   8 1      33 100
21  58  43  51 -12  14   0    T  0.0    0 11.7 22 250   M    M   7 1      28 280
================================================================================
SM 1527 1042       119  43  2.25     0.0 231.5          M       62
================================================================================
AV 72.7 49.6                              11.0 FASTST   M    M   3    MAX(MPH)
                                 MISC ---->  # 41 320               # 53  320
================================================================================
NOTES:
# LAST OF SEVERAL OCCURRENCES

COLUMN 17 PEAK WIND IN M.P.H.

PRELIMINARY LOCAL CLIMATOLOGICAL DATA (WS FORM: F-6) , PAGE 2

                                          STATION:  OTTUMWA IA
                                          MONTH:    MAY
                                          YEAR:     2017
                                          LATITUDE:   41  6 N
                                          LONGITUDE:  92 27 W

[TEMPERATURE DATA]      [PRECIPITATION DATA]       SYMBOLS USED IN COLUMN 16

AVERAGE MONTHLY: 61.2   TOTAL FOR MONTH:   2.25    1 = FOG OR MIST
DPTR FM NORMAL:   1.5   DPTR FM NORMAL:   -0.88    2 = FOG REDUCING VISIBILITY
HIGHEST:    91 ON 15    GRTST 24HR  1.00 ON 10-10      TO 1/4 MILE OR LESS
LOWEST:     36 ON  4                               3 = THUNDER
                        SNOW, ICE PELLETS, HAIL    4 = ICE PELLETS
                        TOTAL MONTH:   0.0 INCH    5 = HAIL
                        GRTST 24HR     0.0         6 = FREEZING RAIN OR DRIZZLE
                        GRTST DEPTH:   0           7 = DUSTSTORM OR SANDSTORM:
                                                       VSBY 1/2 MILE OR LESS
                                                   8 = SMOKE OR HAZE
[NO. OF DAYS WITH]      [WEATHER - DAYS WITH]      9 = BLOWING SNOW
                                                   X = TORNADO
MAX 32 OR BELOW:   0    0.01 INCH OR MORE:   6
MAX 90 OR ABOVE:   1    0.10 INCH OR MORE:   5
MIN 32 OR BELOW:   0    0.50 INCH OR MORE:   2
MIN  0 OR BELOW:   0    1.00 INCH OR MORE:   1

[HDD (BASE 65) ]
TOTAL THIS MO.   119    CLEAR  (SCALE 0-3)  14
DPTR FM NORMAL   -16    PTCLDY (SCALE 4-7)   5
TOTAL FM JUL 1  4963    CLOUDY (SCALE 8-10)  2
DPTR FM NORMAL -1302

[CDD (BASE 65) ]
TOTAL THIS MO.    43
DPTR FM NORMAL    16    [PRESSURE DATA]
TOTAL FM JAN 1    58    HIGHEST SLP M ON M
DPTR FM NORMAL    20    LOWEST  SLP 29.31 ON 17

[REMARKS]
