000
CXUS56 KOTX 250900
CF6OTX
PRELIMINARY LOCAL CLIMATOLOGICAL DATA (WS FORM: F-6)

                                          STATION:   SPOKANE  WA WFO
                                          MONTH:     OCTOBER
                                          YEAR:      2014
                                          LATITUDE:   47 40 N
                                          LONGITUDE: 117 38 W

  TEMPERATURE IN F:       :PCPN:    SNOW:  WIND      :SUNSHINE: SKY     :PK WND
================================================================================
1   2   3   4   5  6A  6B    7    8   9   10  11  12  13   14  15   16   17  18
                                     12Z  AVG MX 2MIN
DY MAX MIN AVG DEP HDD CDD  WTR  SNW DPTH SPD SPD DIR MIN PSBL S-S WX    SPD DR
================================================================================

 1  63  33  48  -4  17   0 0.00  0.0    0   M   M   M   M    M   0         0   0
 2  63  31  47  -4  18   0 0.00  0.0    0   M   M   M   M    M   0         0   0
 3  67  30  49  -2  16   0 0.00  0.0    0   M   M   M   M    M   M         M  M
 4  74  41  58   8   7   0 0.00  0.0    0   M   M   M   M    M   M         M  M
 5  76  39  58   8   7   0 0.00  0.0    0   M   M   M   M    M   0         0   0
 6  80  41  61  11   4   0 0.00  0.0    0   M   M   M   M    M   0         0   0
 7  81  44  63  14   2   0 0.00  0.0    0   M   M   M   M    M   M         M  M
 8  70  44  57   8   8   0 0.00  0.0    0   M   M   M   M    M   M         M  M
 9  71  38  55   7  10   0 0.00  0.0    0   M   M   M   M    M   M         M  M
10  73  37  55   7  10   0 0.00  0.0    0   M   M   M   M    M   M         M  M
11  68  42  55   7  10   0    T  0.0    0   M   M   M   M    M   M         M  M
12  63  34  49   2  16   0 0.00  0.0    0   M   M   M   M    M   M         M  M
13  71  45  58  11   7   0 0.00  0.0    0   M   M   M   M    M   M         M  M
14  60  46  53   7  12   0 0.05  0.0    0   M   M   M   M    M   M         M  M
15  52  41  47   1  18   0 0.23  0.0    0   M   M   M   M    M   M         M  M
16  56  34  45  -1  20   0 0.00  0.0    0   M   M   M   M    M   M         M  M
17  57  36  47   2  18   0    T  0.0    0   M   M   M   M    M   M         M  M
18  65  46  56  11   9   0 0.02  0.0    0   M   M   M   M    M   M 1       M  M
19  68  43  56  12   9   0 0.00  0.0    0   M   M   M   M    M   M 12      M  M
20  69  44  57  13   8   0 0.03  0.0    0   M   M   M   M    M   M         M  M
21  59  40  50   6  15   0 0.00  0.0    0   M   M   M   M    M   0         0   0
22  58  39  49   6  16   0 0.31  0.0    0   M   M   M   M    M   0         0   0
23  54  44  49   6  16   0 0.15  0.0    0   M   M   M   M    M   0         0   0
24  53  39  46   4  19   0 0.01  0.0    0   M   M   M   M    M   0         0   0
================================================================================
SM 1571  951       292   0  0.80     0.0     M          M        0
================================================================================
AV 65.5 39.6                                 M FASTST   M    M   0    MAX(MPH)
                                 MISC ---->     M   M               #  0    0
================================================================================
NOTES:
# LAST OF SEVERAL OCCURRENCES

COLUMN 17 PEAK WIND IN M.P.H.

PRELIMINARY LOCAL CLIMATOLOGICAL DATA (WS FORM: F-6) , PAGE 2

                                          STATION:  SPOKANE  WA WFO
                                          MONTH:    OCTOBER
                                          YEAR:     2014
                                          LATITUDE:   47 40 N
                                          LONGITUDE: 117 38 W

[TEMPERATURE DATA]      [PRECIPITATION DATA]       SYMBOLS USED IN COLUMN 16

AVERAGE MONTHLY: 52.5   TOTAL FOR MONTH:   0.80    1 = FOG OR MIST
DPTR FM NORMAL:   5.5   DPTR FM NORMAL:   -0.08    2 = FOG REDUCING VISIBILITY
HIGHEST:    81 ON  7    GRTST 24HR  0.31 ON 22-22      TO 1/4 MILE OR LESS
LOWEST:     30 ON  3                               3 = THUNDER
                        SNOW, ICE PELLETS, HAIL    4 = ICE PELLETS
                        TOTAL MONTH:   0.0 INCH    5 = HAIL
                        GRTST 24HR     0.0         6 = FREEZING RAIN OR DRIZZLE
                        GRTST DEPTH:   0           7 = DUSTSTORM OR SANDSTORM:
                                                       VSBY 1/2 MILE OR LESS
                                                   8 = SMOKE OR HAZE
[NO. OF DAYS WITH]      [WEATHER - DAYS WITH]      9 = BLOWING SNOW
                                                   X = TORNADO
MAX 32 OR BELOW:   0    0.01 INCH OR MORE:   7
MAX 90 OR ABOVE:   0    0.10 INCH OR MORE:   3
MIN 32 OR BELOW:   2    0.50 INCH OR MORE:   0
MIN  0 OR BELOW:   0    1.00 INCH OR MORE:   0

[HDD (BASE 65) ]
TOTAL THIS MO.   292    CLEAR  (SCALE 0-3)   8
DPTR FM NORMAL  -139    PTCLDY (SCALE 4-7)   0
TOTAL FM JUL 1   476    CLOUDY (SCALE 8-10)  0
DPTR FM NORMAL  -311

[CDD (BASE 65) ]
TOTAL THIS MO.     0
DPTR FM NORMAL     0    [PRESSURE DATA]
TOTAL FM JAN 1   408    HIGHEST SLP M ON M
DPTR FM NORMAL   159    LOWEST  SLP  0.00 ON M

[REMARKS]
