000
CXAK56 PAOT 301204
CF6OTZ

PRELIMINARY LOCAL CLIMATOLOGICAL DATA (WS FORM: F-6)

                                          STATION:   KOTZEBUE
                                          MONTH:     07
                                          YEAR:      2015
                                          LATITUDE:   66 53 N
                                          LONGITUDE: 162 36 W

  TEMPERATURE IN F:       :PCPN:    SNOW:  WIND      :SUNSHINE: SKY     :PK WND
================================================================================
1   2   3   4   5  6A  6B    7     8   9   10  11  12  13   14  15   16  17  18
                                      12Z  AVG MX 2MIN
DY MAX MIN AVG DEP HDD CDD  WTR   SNW DPTH SPD SPD DIR MIN PSBL S-S WX   SPD DR
================================================================================

 1  58  49  54   2  11   0  0.02  0.0   0  9.2 14  230   M    M   M 1     18 220
 2  54  49  52  -1  13   0  0.01  0.0   0  9.1 17  250   M    M   M 1     23 260
 3  61  51  56   3   9   0  0.00  0.0   0  6.2 14  110   M    M   M       19 120
 4  72  53  63  10   2   0  0.00  0.0   0  9.7 18  100   M    M   M       23 110
 5  73  61  67  13   0   2  0.00  0.0   0  8.5 14  120   M    M   M 8     17 120
 6  79  63  71  17   0   6  0.00  0.0   0 14.6 24  120   M    M   M 8     27 120
 7  72  56  64  10   1   0  0.08  0.0   0 10.9 24  250   M    M   M 18    27 260
 8  63  54  59   5   6   0     T  0.0   0 11.8 23  290   M    M   M       26 290
 9  61  55  58   3   7   0     T  0.0   0 11.0 16  300   M    M   M       19 290
10  69  58  64   9   1   0  0.00  0.0   0 11.8 17  300   M    M   M 8     20 300
11  63  54  59   4   6   0  0.00  0.0   0  9.9 16  270   M    M   M 18    18 260
12  64  54  59   4   6   0     T  0.0   0  6.5 12  300   M    M   M       13 290
13  66  57  62   7   3   0  0.00  0.0   0  5.2 14  300   M    M   M       16 310
14  64  56  60   5   5   0  0.00  0.0   0 13.1 22  290   M    M   M 8     24 300
15  59  54  57   2   8   0  0.00  0.0   0 11.0 18  290   M    M   M 8     19 280
16  72  55  64   9   1   0  0.11  0.0   0 10.1 18   70   M    M   M 1     22  50
17  64  59  62   7   3   0  0.02  0.0   0  9.5 20  110   M    M   M       22 110
18  59  50  55   0  10   0  0.03  0.0   0 13.4 23  290   M    M   M       26 270
19  59  50  55   0  10   0     T  0.0   0  8.0 18  260   M    M   M       23 280
20  62  54  58   3   7   0     T  0.0   0  5.6  8  290   M    M   M 1     10 330
21  73  54  64   9   1   0  0.01  0.0   0 10.0 20   90   M    M   M       24  90
22  72  61  67  12   0   2     T  0.0   0 12.0 20  100   M    M   M       23 100
23  68  60  64   9   1   0  0.00  0.0   0 10.3 20  280   M    M   M       23 280
24  61  51  56   1   9   0  0.00  0.0   0 15.8 21  280   M    M   M 1     25 290
25  55  50  53  -2  12   0  0.00  0.0   0 14.4 23  290   M    M   M 2     26 290
26  52  49  51  -4  14   0  0.00  0.0   0 18.3 23  280   M    M   M 12    27 280
27  56  48  52  -3  13   0     T  0.0   0  8.9 16  270   M    M   M 12    20 280
28  64  49  57   2   8   0  0.00  0.0   0 10.9 17   70   M    M   M 12    21  70
29  61  50  56   1   9   0  0.00  0.0   0 10.8 21  280   M    M   M 1     26 240
================================================================================
SM 1856 1564       176  10  0.28 0.0    306.5           M        M
================================================================================
AV 64.0 53.9                             10.6 FASTST  PSBL  %   M    MAX(MPH)
                                 MISC ---->  #  24  250               # 27 280
================================================================================
NOTES:
# LAST OF SEVERAL OCCURRENCES

COLUMN 17 PEAK WIND IN M.P.H.

PRELIMINARY LOCAL CLIMATOLOGICAL DATA (WS FORM: F-6) , PAGE 2

                                          STATION:   KOTZEBUE
                                          MONTH:     07
                                          YEAR:      2015
                                          LATITUDE:  66 53 N
                                          LONGITUDE: 162 36 W

[TEMPERATURE DATA]      [PRECIPITATION DATA]       SYMBOLS USED IN COLUMN 16

AVERAGE MONTHLY:59.0   TOTAL FOR MONTH: 0.28       1 = FOG
DPTR FM NORMAL:  4.4   DPTR FM NORMAL: -1.04       2 = FOG REDUCING VISIBILITY
HIGHEST:    79 ON  6    GRTST 24HR   0.11 ON 16        TO 1/4 MILE OR LESS
LOWEST:     48 ON 27                               3 = THUNDER
                        SNOW, ICE PELLETS, HAIL    4 = ICE PELLETS
                        TOTAL MONTH: 0.0         5 = HAIL
                        GRTST 24HR   0.0           6 = GLAZE OR RIME
                        GRTST DEPTH:    0          7 = BLOWING DUST OR SAND:
                                                       VSBY 1/2 MILE OR LESS
                                                   8 = SMOKE OR HAZE
[NO. OF DAYS WITH]      [WEATHER - DAYS WITH]      9 = BLOWING SNOW
                                                   X = TORNADO
MAX 32 OR BELOW:   0    0.01 INCH OR MORE:   7
MAX 70 OR ABOVE:   7    0.10 INCH OR MORE:   1
MIN 32 OR BELOW:   0    0.50 INCH OR MORE:   0
MIN  0 OR BELOW:   0    1.00 INCH OR MORE:   0

[HDD (BASE 65) ]
TOTAL THIS MO.   176    CLEAR  (SCALE 0-3)   M
DPTR FM NORMAL  -129    PTCLDY (SCALE 4-7)   M
SEASONAL TOTAL   176    CLOUDY (SCALE 8-10)  M
DPTR FM NORMAL  -129

[CDD (BASE 65) ]
TOTAL THIS MO.    10
DPTR FM NORMAL    10    [PRESSURE DATA]
SEASONAL TOTAL    14    HIGHEST SLP     M
DPTR FM NORMAL    14    LOWEST  SLP     M

[REMARKS]
