000
CXAK56 PAOT 231210
CF6OTZ

PRELIMINARY LOCAL CLIMATOLOGICAL DATA (WS FORM: F-6)

                                          STATION:   KOTZEBUE
                                          MONTH:     04
                                          YEAR:      2014
                                          LATITUDE:   66 53 N
                                          LONGITUDE: 162 36 W

  TEMPERATURE IN F:       :PCPN:    SNOW:  WIND      :SUNSHINE: SKY     :PK WND
================================================================================
1   2   3   4   5  6A  6B    7     8   9   10  11  12  13   14  15   16  17  18
                                      12Z  AVG MX 2MIN
DY MAX MIN AVG DEP HDD CDD  WTR   SNW DPTH SPD SPD DIR MIN PSBL S-S WX   SPD DR
================================================================================

 1  15  -3   6   2  59   0  0.00  0.0   7  2.0  8   50   M    M   M 1      9  50
 2  14  -6   4  -1  61   0  0.00  0.0   7  1.4  7   50   M    M   M 1      8  50
 3  19   4  12   7  53   0  0.00  0.0   7  4.2 10   40   M    M   M       12  40
 4  20   0  10   4  55   0  0.00  0.0   7  6.7 16  330   M    M   M       21 320
 5  13  -2   6   0  59   0  0.00  0.0   7 10.7 20  310   M    M   M       22 300
 6   9  -5   2  -5  63   0  0.00  0.0   7 14.1 22  300   M    M   M       24 300
 7   6  -5   1  -6  64   0  0.00  0.0   7 15.3 28  310   M    M   M       32 310
 8   8 -10  -1  -9  66   0  0.00  0.0   6  5.8 20  300   M    M   M       22 300
 9   7 -11  -2 -11  67   0  0.00  0.0   6  7.3 16  140   M    M   M 1     18 130
10  11  -2   5  -4  60   0  0.00  0.0   6  0.0 14  110   M    M   M       15 120
11  14  -6   4  -6  61   0  0.00  0.0   6  4.4 16  130   M    M   M       18 130
12  27  10  19   8  46   0  0.02  0.2   6 20.4 28  110   M    M   M 1     38 100
13  34  25  30  19  35   0  0.03    T   6 22.4 32  110   M    M   M 1     38 110
14  36  27  32  20  33   0  0.02  0.2   5 11.5 21  150   M    M   M 12    24 150
15  33  25  29  16  36   0     T    T   5  8.7 21  170   M    M   M 1     24 170
16  36  21  29  16  36   0  0.00  0.0   5  5.2 13   10   M    M   M       15  20
17  34  19  27  13  38   0  0.00  0.0   5  4.1  9   40   M    M   M       10 320
18  38  20  29  14  36   0  0.00  0.0   3  7.6 14   20   M    M   M       18  20
19  39  26  33  17  32   0  0.00  0.0   3  8.4 14   10   M    M   M       17  10
20  39  25  32  16  33   0  0.00  0.0   1  4.1 12   30   M    M   M       14  30
21  39  29  34  17  31   0  0.06  0.0   1 12.3 22   90   M    M   M 1     23 100
22  45  34  40  22  25   0  0.06  0.0   1  8.6 15  120   M    M   M 1     17 120
================================================================================
SM  536  215      1049   0  0.19 0.4    185.2           M        M
================================================================================
AV 24.4  9.8                              8.4 FASTST  PSBL  %   M    MAX(MPH)
                                 MISC ---->     32  110               # 38 110
================================================================================
NOTES:
# LAST OF SEVERAL OCCURRENCES

COLUMN 17 PEAK WIND IN M.P.H.

PRELIMINARY LOCAL CLIMATOLOGICAL DATA (WS FORM: F-6) , PAGE 2

                                          STATION:   KOTZEBUE
                                          MONTH:     04
                                          YEAR:      2014
                                          LATITUDE:  66 53 N
                                          LONGITUDE: 162 36 W

[TEMPERATURE DATA]      [PRECIPITATION DATA]       SYMBOLS USED IN COLUMN 16

AVERAGE MONTHLY:17.1   TOTAL FOR MONTH: 0.19       1 = FOG
DPTR FM NORMAL:  6.6   DPTR FM NORMAL: -0.19       2 = FOG REDUCING VISIBILITY
HIGHEST:    45 ON 22    GRTST 24HR   0.06 ON 22        TO 1/4 MILE OR LESS
LOWEST:    -11 ON  9                               3 = THUNDER
                        SNOW, ICE PELLETS, HAIL    4 = ICE PELLETS
                        TOTAL MONTH: 0.4   INCH  5 = HAIL
                        GRTST 24HR   0.2 ON 14     6 = GLAZE OR RIME
                        GRTST DEPTH:    7 ON  7    7 = BLOWING DUST OR SAND:
                                                       VSBY 1/2 MILE OR LESS
                                                   8 = SMOKE OR HAZE
[NO. OF DAYS WITH]      [WEATHER - DAYS WITH]      9 = BLOWING SNOW
                                                   X = TORNADO
MAX 32 OR BELOW:  12    0.01 INCH OR MORE:   5
MAX 70 OR ABOVE:   0    0.10 INCH OR MORE:   0
MIN 32 OR BELOW:  21    0.50 INCH OR MORE:   0
MIN  0 OR BELOW:  10    1.00 INCH OR MORE:   0

[HDD (BASE 65) ]
TOTAL THIS MO.  1049    CLEAR  (SCALE 0-3)   M
DPTR FM NORMAL  -149    PTCLDY (SCALE 4-7)   M
SEASONAL TOTAL 11746    CLOUDY (SCALE 8-10)  M
DPTR FM NORMAL -1681

[CDD (BASE 65) ]
TOTAL THIS MO.     0
DPTR FM NORMAL     0    [PRESSURE DATA]
SEASONAL TOTAL     0    HIGHEST SLP     M
DPTR FM NORMAL     0    LOWEST  SLP     M

[REMARKS]
