000
CXAK56 PAOT 291154
CF6OTZ

PRELIMINARY LOCAL CLIMATOLOGICAL DATA (WS FORM: F-6)

                                          STATION:   KOTZEBUE
                                          MONTH:     03
                                          YEAR:      2015
                                          LATITUDE:   66 53 N
                                          LONGITUDE: 162 36 W

  TEMPERATURE IN F:       :PCPN:    SNOW:  WIND      :SUNSHINE: SKY     :PK WND
================================================================================
1   2   3   4   5  6A  6B    7     8   9   10  11  12  13   14  15   16  17  18
                                      12Z  AVG MX 2MIN
DY MAX MIN AVG DEP HDD CDD  WTR   SNW DPTH SPD SPD DIR MIN PSBL S-S WX   SPD DR
================================================================================

 1   6 -14  -4  -4  69   0  0.00  0.0   5 17.1 31  110   M    M   M 19    37 100
 2  22   4  13  13  52   0     T    T   5 24.6 35  110   M    M   M 19    42 110
 3  25   0  13  13  52   0  0.08  0.8   6 22.2 36  110   M    M   M 19    41 110
 4   9   0   5   5  60   0     T    T   6  5.0 16  290   M    M   M 1     19 300
 5   9 -10   0   0  65   0  0.05  0.5   6  8.5 14  260   M    M   M 1     15 260
 6  29 -13   8   8  57   0  0.18  1.7   7 16.8 28  100   M    M   M 19    33 100
 7  29  -4  13  13  52   0  0.07  0.7   7 19.7 29  260   M    M   M 19    34 270
 8  -1 -10  -5  -5  70   0  0.01  0.1   7 13.6 28  260   M    M   M 19    33 260
 9  -3 -13  -8  -8  73   0  0.00  0.0   7  9.6 18  290   M    M   M       24 280
10  -8 -20 -14 -14  79   0  0.00  0.0   7  1.7  6   60   M    M   M 1      6 100
11 -14 -24 -19 -19  84   0  0.00  0.0   7  2.3  6   60   M    M   M        7  50
12  -8 -23 -15 -15  80   0  0.00  0.0   7  1.5  7   70   M    M   M        7  70
13  -8 -25 -16 -16  81   0  0.00  0.0   7  1.5  7  230   M    M   M        7 230
14 -16 -25 -20 -20  85   0  0.00  0.0   7  3.7 12  100   M    M   M       13 110
15  -4 -25 -14 -14  79   0  0.00  0.0   7 10.5 24   90   M    M   M       28  90
16  14  -5   5   5  60   0  0.09  1.0   8 18.0 30   90   M    M   M 19    36  90
17  14  -6   4   3  61   0  0.02  0.2   8  6.5 12  110   M    M   M 1     12 110
18   5 -10  -2  -3  67   0     T    T   8  8.1 14  290   M    M   M 1     16 290
19   8 -14  -3  -4  68   0  0.00  0.0   8  3.4  9  230   M    M   M       10 230
20  11  -8   2   1  63   0  0.00  0.0   8  2.0  7  280   M    M   M 1      8 270
21  14   1   8   7  57   0  0.00  0.0   8  5.2 14  290   M    M   M       15 290
22   8  -6   1   0  64   0  0.00  0.0   8 10.4 16  280   M    M   M       18 280
23   5  -7  -1  -2  66   0     T    T   8  3.1  9  250   M    M   M 28    10 240
24  13 -14   0  -2  65   0     T    T   8  4.6 10  350   M    M   M 28    12 350
25  14   6  10   8  55   0  0.01  0.1   8  3.5 12  360   M    M   M 1     13 360
26  15  -8   4   2  61   0     T    T   8  7.2 13  290   M    M   M 1     15 290
27   0 -19  -9 -11  74   0  0.00  0.0   8  0.0  9  260   M    M   M       11 280
28   8 -18  -5  -8  70   0  0.00  0.0   8  2.5  8  350   M    M   M 1     10 340
================================================================================
SM  196 -310      1869   0  0.51 5.1    232.8           M        M
================================================================================
AV  7.0-11.1                              8.3 FASTST  PSBL  %   M    MAX(MPH)
                                 MISC ---->     36  110                 42 110
================================================================================
NOTES:
# LAST OF SEVERAL OCCURRENCES

COLUMN 17 PEAK WIND IN M.P.H.

PRELIMINARY LOCAL CLIMATOLOGICAL DATA (WS FORM: F-6) , PAGE 2

                                          STATION:   KOTZEBUE
                                          MONTH:     03
                                          YEAR:      2015
                                          LATITUDE:  66 53 N
                                          LONGITUDE: 162 36 W

[TEMPERATURE DATA]      [PRECIPITATION DATA]       SYMBOLS USED IN COLUMN 16

AVERAGE MONTHLY:-2.0   TOTAL FOR MONTH: 0.51       1 = FOG
DPTR FM NORMAL: -2.6   DPTR FM NORMAL: 0.10       2 = FOG REDUCING VISIBILITY
HIGHEST:    29 ON  7    GRTST 24HR   0.18 ON  6        TO 1/4 MILE OR LESS
LOWEST:    -25 ON 15                               3 = THUNDER
                        SNOW, ICE PELLETS, HAIL    4 = ICE PELLETS
                        TOTAL MONTH: 5.1 INCHES  5 = HAIL
                        GRTST 24HR   1.7 ON  6     6 = GLAZE OR RIME
                        GRTST DEPTH:    8 ON 28    7 = BLOWING DUST OR SAND:
                                                       VSBY 1/2 MILE OR LESS
                                                   8 = SMOKE OR HAZE
[NO. OF DAYS WITH]      [WEATHER - DAYS WITH]      9 = BLOWING SNOW
                                                   X = TORNADO
MAX 32 OR BELOW:  28    0.01 INCH OR MORE:   8
MAX 70 OR ABOVE:   0    0.10 INCH OR MORE:   1
MIN 32 OR BELOW:  28    0.50 INCH OR MORE:   0
MIN  0 OR BELOW:  25    1.00 INCH OR MORE:   0

[HDD (BASE 65) ]
TOTAL THIS MO.  1878    CLEAR  (SCALE 0-3)   M
DPTR FM NORMAL    76    PTCLDY (SCALE 4-7)   M
SEASONAL TOTAL 10720    CLOUDY (SCALE 8-10)  M
DPTR FM NORMAL -1324

[CDD (BASE 65) ]
TOTAL THIS MO.     0
DPTR FM NORMAL     0    [PRESSURE DATA]
SEASONAL TOTAL     0    HIGHEST SLP     M
DPTR FM NORMAL     0    LOWEST  SLP     M

[REMARKS]
