000
CXAK56 PAOT 261204
CF6OTZ

PRELIMINARY LOCAL CLIMATOLOGICAL DATA (WS FORM: F-6)

                                          STATION:   KOTZEBUE
                                          MONTH:     01
                                          YEAR:      2015
                                          LATITUDE:   66 53 N
                                          LONGITUDE: 162 36 W

  TEMPERATURE IN F:       :PCPN:    SNOW:  WIND      :SUNSHINE: SKY     :PK WND
================================================================================
1   2   3   4   5  6A  6B    7     8   9   10  11  12  13   14  15   16  17  18
                                      12Z  AVG MX 2MIN
DY MAX MIN AVG DEP HDD CDD  WTR   SNW DPTH SPD SPD DIR MIN PSBL S-S WX   SPD DR
================================================================================

 1  28  15  22  23  43   0     T    T   2 14.2 18  130   M    M   M 1     21 130
 2  22   4  13  14  52   0  0.00  0.0   2 16.2 23  100   M    M   M       26 110
 3   6  -3   2   3  63   0  0.00  0.0   2 16.4 22  100   M    M   M       26 110
 4   6   1   4   6  61   0  0.04  0.3   2 13.2 23  120   M    M   M       27 120
 5  16   2   9  11  56   0  0.00  0.0   2  9.5 23   10   M    M   M       28  10
 6  24   0  12  14  53   0  0.00  0.0   2  8.5 23  360   M    M   M       26 360
 7  15  -2   7   9  58   0  0.00  0.0   2 13.5 26   80   M    M   M       31 100
 8  25  10  18  20  47   0     T    T   2 22.7 32  110   M    M   M       37 100
 9  29  24  27  30  38   0     T    T   2 17.2 26  100   M    M   M       32 100
10  28  23  26  29  39   0  0.02  0.1   2  9.6 18  110   M    M   M 1     22 110
11  28  13  21  24  44   0  0.00  0.0   2  9.8 16   80   M    M   M       20  80
12  28  14  21  24  44   0  0.00  0.0   2  7.6 15   80   M    M   M       18  80
13  17   8  13  16  52   0  0.00  0.0   2  8.3 21   90   M    M   M 1     24  80
14  23  13  18  21  47   0  0.00  0.0   2 16.4 31  100   M    M   M       37 100
15  20   8  14  17  51   0  0.00  0.0   2  6.4 18   20   M    M   M       21  10
16  18  11  15  18  50   0  0.07  0.7   2  7.1 13   20   M    M   M 1     15  20
17  29  18  24  27  41   0  0.16  1.6   3 19.3 29  120   M    M   M 1     32 120
18  18  -8   5   9  60   0  0.01  0.1   4 12.0 23  100   M    M   M 1     26 110
19   6  -6   0   4  65   0  0.00  0.0   4 21.6 35  120   M    M   M 189   39 120
20  11  -2   5   9  60   0  0.01  0.1   4 10.3 24  300   M    M   M 18    27 300
21  -2 -14  -8  -4  73   0     T    T   4 18.3 28  300   M    M   M 189   32 300
22  -1 -13  -7  -3  72   0  0.00  0.0   4  9.4 15  310   M    M   M       19 320
23  -7 -12  -9  -6  74   0  0.00  0.0   4  9.3 24  340   M    M   M       27 330
24  -9 -21 -15 -12  80   0  0.00  0.0   4  6.9 23  350   M    M   M       25 350
25 -15 -26 -20 -17  85   0  0.00  0.0   4  4.9 12  350   M    M   M       13 350
================================================================================
SM  363   57      1408   0  0.31 2.9    308.6           M        M
================================================================================
AV 14.5  2.3                             12.3 FASTST  PSBL  %   M    MAX(MPH)
                                 MISC ---->     35  120                 39 120
================================================================================
NOTES:
# LAST OF SEVERAL OCCURRENCES

COLUMN 17 PEAK WIND IN M.P.H.

PRELIMINARY LOCAL CLIMATOLOGICAL DATA (WS FORM: F-6) , PAGE 2

                                          STATION:   KOTZEBUE
                                          MONTH:     01
                                          YEAR:      2015
                                          LATITUDE:  66 53 N
                                          LONGITUDE: 162 36 W

[TEMPERATURE DATA]      [PRECIPITATION DATA]       SYMBOLS USED IN COLUMN 16

AVERAGE MONTHLY:8.4   TOTAL FOR MONTH: 0.31       1 = FOG
DPTR FM NORMAL: 11.2   DPTR FM NORMAL: -0.20       2 = FOG REDUCING VISIBILITY
HIGHEST:    29 ON 17    GRTST 24HR   0.16 ON 17        TO 1/4 MILE OR LESS
LOWEST:    -26 ON 25                               3 = THUNDER
                        SNOW, ICE PELLETS, HAIL    4 = ICE PELLETS
                        TOTAL MONTH: 2.9 INCHES  5 = HAIL
                        GRTST 24HR   1.6 ON 17     6 = GLAZE OR RIME
                        GRTST DEPTH:    4 ON 25    7 = BLOWING DUST OR SAND:
                                                       VSBY 1/2 MILE OR LESS
                                                   8 = SMOKE OR HAZE
[NO. OF DAYS WITH]      [WEATHER - DAYS WITH]      9 = BLOWING SNOW
                                                   X = TORNADO
MAX 32 OR BELOW:  25    0.01 INCH OR MORE:   6
MAX 70 OR ABOVE:   0    0.10 INCH OR MORE:   1
MIN 32 OR BELOW:  25    0.50 INCH OR MORE:   0
MIN  0 OR BELOW:  11    1.00 INCH OR MORE:   0

[HDD (BASE 65) ]
TOTAL THIS MO.  1410    CLEAR  (SCALE 0-3)   M
DPTR FM NORMAL  -279    PTCLDY (SCALE 4-7)   M
SEASONAL TOTAL  6846    CLOUDY (SCALE 8-10)  M
DPTR FM NORMAL -1145

[CDD (BASE 65) ]
TOTAL THIS MO.     0
DPTR FM NORMAL     0    [PRESSURE DATA]
SEASONAL TOTAL     0    HIGHEST SLP     M
DPTR FM NORMAL     0    LOWEST  SLP     M

[REMARKS]
