000
CXUS53 KDDC 261200
CF6P28
PRELIMINARY LOCAL CLIMATOLOGICAL DATA (WS FORM: F-6)

                                          STATION:   MEDICINE LODGE KS
                                          MONTH:     MAY
                                          YEAR:      2015
                                          LATITUDE:   37 17 N
                                          LONGITUDE:  98 35 W

  TEMPERATURE IN F:       :PCPN:    SNOW:  WIND      :SUNSHINE: SKY     :PK WND
================================================================================
1   2   3   4   5  6A  6B    7    8   9   10  11  12  13   14  15   16   17  18
                                     12Z  AVG MX 2MIN
DY MAX MIN AVG DEP HDD CDD  WTR  SNW DPTH SPD SPD DIR MIN PSBL S-S WX    SPD DR
================================================================================

 1  79  53  66   4   0   1 0.00  0.0    0  7.2 16 180   M    M   0        20 170
 2  84  58  71   9   0   6 0.00  0.0    0 10.6 26 190   M    M   0        32 190
 3  86  61  74  12   0   9 0.00  0.0    0 10.9 24 190   M    M   0        30 180
 4  84  62  73  10   0   8 0.00  0.0    0  7.7 18 170   M    M   0        26 160
 5  72  61  67   4   0   2 0.50  0.0    0 11.3 21 170   M    M   0        32 180
 6  81  58  70   7   0   5 0.04  0.0    0 15.3 33 180   M    M   0        45 180
 7  77  58  68   4   0   3 0.00  0.0    0  9.5 23 200   M    M   0        30 190
 8  69  54  62  -2   3   0 0.00  0.0    0  9.0 17  10   M    M   0        23 130
 9  72  57  65   0   0   0 0.24  0.0    0  9.3 21  90   M    M   0        27 290
10  70  45  58  -7   7   0 0.00  0.0    0 10.2 22 310   M    M   0        27 300
11  68  41  55 -10  10   0 0.00  0.0    0 11.1 21 300   M    M   0        27 310
12  70  39  55 -11  10   0 0.00  0.0    0  6.5 17 170   M    M   0        21 180
13  60  50  55 -11  10   0 0.31  0.0    0  8.8 16 130   M    M   0        24 130
14  80  59  70   4   0   5 0.01  0.0    0  8.5 14 180   M    M   0        22 160
15  82  64  73   6   0   8 0.01  0.0    0 10.8 24 180   M    M   0        34 130
16  68  58  63  -4   2   0 1.81  0.0    0  8.2 26 210   M    M   0        34 220
17  81  52  67   0   0   2 0.00  0.0    0  8.0 15 210   M    M   0        21 200
18  73  53  63  -5   2   0 0.00  0.0    0 12.7 28  30   M    M   0        37  20
19  56  49  53 -15  12   0 1.47  0.0    0 12.7 23  80   M    M   0        30  70
20  57  44  51 -17  14   0 0.00  0.0    0 13.7 28  10   M    M   0        34  10
21  65  40  53 -16  12   0 0.00  0.0    0  6.4 13  40   M    M   0        17  70
22  58  50  54 -15  11   0 0.58  0.0    0  6.8 15 140   M    M   0        21 140
23  60  54  57 -13   8   0 1.72  0.0    0  8.7 22  90   M    M   0        30  80
24  68  57  63  -7   2   0 0.06  0.0    0  7.0 21 140   M    M   0        35 120
25  80  57  69  -1   0   4 0.00  0.0    0 11.7 25 230   M    M   0        35 210
================================================================================
SM 1800 1334       103  53  6.75     0.0 242.6          M        0
================================================================================
AV 72.0 53.4                               9.7 FASTST   M    M   0    MAX(MPH)
                                 MISC ---->  # 33 180               # 45  180
================================================================================
NOTES:
# LAST OF SEVERAL OCCURRENCES

COLUMN 17 PEAK WIND IN M.P.H.

PRELIMINARY LOCAL CLIMATOLOGICAL DATA (WS FORM: F-6) , PAGE 2

                                          STATION:  MEDICINE LODGE KS
                                          MONTH:    MAY
                                          YEAR:     2015
                                          LATITUDE:   37 17 N
                                          LONGITUDE:  98 35 W

[TEMPERATURE DATA]      [PRECIPITATION DATA]       SYMBOLS USED IN COLUMN 16

AVERAGE MONTHLY: 62.7   TOTAL FOR MONTH:   6.75    1 = FOG OR MIST
DPTR FM NORMAL:  -3.3   DPTR FM NORMAL:    4.19    2 = FOG REDUCING VISIBILITY
HIGHEST:    86 ON  3    GRTST 24HR  1.81 ON 16-16      TO 1/4 MILE OR LESS
LOWEST:     39 ON 12                               3 = THUNDER
                        SNOW, ICE PELLETS, HAIL    4 = ICE PELLETS
                        TOTAL MONTH:   0.0 INCH    5 = HAIL
                        GRTST 24HR     0.0         6 = FREEZING RAIN OR DRIZZLE
                        GRTST DEPTH:   0           7 = DUSTSTORM OR SANDSTORM:
                                                       VSBY 1/2 MILE OR LESS
                                                   8 = SMOKE OR HAZE
[NO. OF DAYS WITH]      [WEATHER - DAYS WITH]      9 = BLOWING SNOW
                                                   X = TORNADO
MAX 32 OR BELOW:   0    0.01 INCH OR MORE:  11
MAX 90 OR ABOVE:   0    0.10 INCH OR MORE:   7
MIN 32 OR BELOW:   0    0.50 INCH OR MORE:   5
MIN  0 OR BELOW:   0    1.00 INCH OR MORE:   3

[HDD (BASE 65) ]
TOTAL THIS MO.   103    CLEAR  (SCALE 0-3)  25
DPTR FM NORMAL    36    PTCLDY (SCALE 4-7)   0
TOTAL FM JUL 1  4320    CLOUDY (SCALE 8-10)  0
DPTR FM NORMAL  -132

[CDD (BASE 65) ]
TOTAL THIS MO.    53
DPTR FM NORMAL   -38    [PRESSURE DATA]
TOTAL FM JAN 1    85    HIGHEST SLP M ON M
DPTR FM NORMAL   -30    LOWEST  SLP 29.54 ON  6

[REMARKS]
