000
CXUS55 KRIW 300945
CF6P60
PRELIMINARY LOCAL CLIMATOLOGICAL DATA (WS FORM: F-6)

                                          STATION:   LAKE YELLOWSTONE WY
                                          MONTH:     MARCH
                                          YEAR:      2017
                                          LATITUDE:   44 32 N
                                          LONGITUDE: 110 25 W

  TEMPERATURE IN F:       :PCPN:    SNOW:  WIND      :SUNSHINE: SKY     :PK WND
================================================================================
1   2   3   4   5  6A  6B    7    8   9   10  11  12  13   14  15   16   17  18
                                     12Z  AVG MX 2MIN
DY MAX MIN AVG DEP HDD CDD  WTR  SNW DPTH SPD SPD DIR MIN PSBL S-S WX    SPD DR
================================================================================

 1  20   0  10  -8  55   0 0.04    M    M  6.1 15 250   M    M   0        30 270
 2  27  11  19   0  46   0 0.00  0.0    M  3.4 12 270   M    M   0        19 280
 3  37  10  24   5  41   0 0.00  0.0    M  2.1 10 220   M    M   0        20 270
 4  40  12  26   7  39   0 0.00  0.0    M  1.9 15 270   M    M   0        23 270
 5  31  17  24   4  41   0 0.31    M    M  2.4 13 270   M    M   0        22 220
 6  18  10  14  -6  51   0 0.19    M    M  6.2 17 280   M    M   0        29 280
 7  24   7  16  -4  49   0 0.04    M    M  8.4 18 270   M    M   0        35 290
 8  33  20  27   6  38   0 0.16    M    M  9.3 17 270   M    M   0        32 280
 9  38  29  34  13  31   0 0.06    M    M  6.1 14 270   M    M   0        26 270
10  38  29  34  13  31   0 0.02    M    M  3.8 10 260   M    M   0        22 240
11  40  17  29   7  36   0 0.01    M    M  3.1 10 260   M    M   0        21 260
12  36  18  27   5  38   0 0.06    M    M  5.0 16 290   M    M   0        27 290
13  41  18  30   8  35   0 0.00    M    M  3.6 12 260   M    M   0        20 260
14  47  27  37  14  28   0 0.00    M    M  3.7 13 250   M    M   0        20 270
15  51  21  36  13  29   0 0.00    M    M  2.5 16 260   M    M   0        26 280
16  39  25  32   9  33   0 0.24    M    M  6.0 14 270   M    M   0        30 260
17  45  20  33  10  32   0 0.00  0.0    M  1.9 10 250   M    M   0        18 240
18  54  21  38  14  27   0 0.00  0.0    M  3.4 14 270   M    M   0        23 260
19  42  32  37  13  28   0 0.32    M    M  4.4 14 260   M    M   0        25 240
20  40  29  35  11  30   0 0.21    M    M  0.8  6 270   M    M   0        11 220
21  49  25  37  13  28   0 0.01    M    M  0.8  8 280   M    M   0        17 270
22  45  28  37  12  28   0 0.18    M    0  2.0 10 270   M    M   0        17 200
23  41  22  32   7  33   0 0.00  0.0    M  3.7 14 310   M    M   0        23 320
24  43  14  29   4  36   0 0.00  0.0    M  2.0  9 220   M    M   0        18 220
25  38  20  29   3  36   0 0.06  0.0    0  1.6 12 270   M    M   0        17 290
26  39  18  29   3  36   0 0.01    M    M  2.0 10 260   M    M   0        18 230
27  37  27  32   6  33   0 0.17    M    M  2.0  8 310   M    M   0        13 310
28  40  19  30   4  35   0 0.00  0.0    M  1.8 12 290   M    M   0        16 270
29  37  17  27   0  38   0 0.09    M    M  2.0 10 220   M    M   0        19 210
================================================================================
SM 1110  563      1041   0  2.18     0.0 102.0          M        0
================================================================================
AV 38.3 19.4                               3.5 FASTST   M    M   0    MAX(MPH)
                                 MISC ---->  # 18 270               # 35  290
================================================================================
NOTES:
# LAST OF SEVERAL OCCURRENCES

COLUMN 17 PEAK WIND IN M.P.H.

PRELIMINARY LOCAL CLIMATOLOGICAL DATA (WS FORM: F-6) , PAGE 2

                                          STATION:  LAKE YELLOWSTONE WY
                                          MONTH:    MARCH
                                          YEAR:     2017
                                          LATITUDE:   44 32 N
                                          LONGITUDE: 110 25 W

[TEMPERATURE DATA]      [PRECIPITATION DATA]       SYMBOLS USED IN COLUMN 16

AVERAGE MONTHLY: 28.8   TOTAL FOR MONTH:   2.18    1 = FOG OR MIST
DPTR FM NORMAL:   6.2   DPTR FM NORMAL:    1.07    2 = FOG REDUCING VISIBILITY
HIGHEST:    54 ON 18    GRTST 24HR  0.32 ON 19-19      TO 1/4 MILE OR LESS
LOWEST:      0 ON  1                               3 = THUNDER
                        SNOW, ICE PELLETS, HAIL    4 = ICE PELLETS
                        TOTAL MONTH:   0.0 INCH    5 = HAIL
                        GRTST 24HR     0.0         6 = FREEZING RAIN OR DRIZZLE
                        GRTST DEPTH:   0           7 = DUSTSTORM OR SANDSTORM:
                                                       VSBY 1/2 MILE OR LESS
                                                   8 = SMOKE OR HAZE
[NO. OF DAYS WITH]      [WEATHER - DAYS WITH]      9 = BLOWING SNOW
                                                   X = TORNADO
MAX 32 OR BELOW:   5    0.01 INCH OR MORE:  18
MAX 90 OR ABOVE:   0    0.10 INCH OR MORE:   8
MIN 32 OR BELOW:  29    0.50 INCH OR MORE:   0
MIN  0 OR BELOW:   1    1.00 INCH OR MORE:   0

[HDD (BASE 65) ]
TOTAL THIS MO.  1041    CLEAR  (SCALE 0-3)  29
DPTR FM NORMAL  -185    PTCLDY (SCALE 4-7)   0
TOTAL FM JUL 1  9099    CLOUDY (SCALE 8-10)  0
DPTR FM NORMAL   -64

[CDD (BASE 65) ]
TOTAL THIS MO.     0
DPTR FM NORMAL     0    [PRESSURE DATA]
TOTAL FM JAN 1     0    HIGHEST SLP M ON M
DPTR FM NORMAL     0    LOWEST  SLP 29.39 ON  5

[REMARKS]
