000
CXUS56 KLKN 291009
CF6P68
PRELIMINARY LOCAL CLIMATOLOGICAL DATA (WS FORM: F-6)

                                          STATION:   EUREKA AIRPORT NV
                                          MONTH:     MAY
                                          YEAR:      2015
                                          LATITUDE:   39 30 N
                                          LONGITUDE: 115 58 W

  TEMPERATURE IN F:       :PCPN:    SNOW:  WIND      :SUNSHINE: SKY     :PK WND
================================================================================
1   2   3   4   5  6A  6B    7    8   9   10  11  12  13   14  15   16   17  18
                                     12Z  AVG MX 2MIN
DY MAX MIN AVG DEP HDD CDD  WTR  SNW DPTH SPD SPD DIR MIN PSBL S-S WX    SPD DR
================================================================================

 1  74  36  55   7  10   0 0.00    M    M  6.8 40 200   M    M   M        51 190
 2  80  41  61  13   4   0 0.00    M    M  8.0 33 280   M    M   M        47 290
 3  74  38  56   8   9   0 0.01    M    M  5.5 26 330   M    M   0        44 330
 4  71  40  56   7   9   0 0.00    M    M  6.6 24 310   M    M   M        29 320
 5  72  36  54   5  11   0 0.00    M    M  5.9 24 290   M    M   M        31 310
 6  60  39  50   1  15   0 0.10    M    M  8.7 29 150   M    M   M        36 150
 7  49  33  41  -8  24   0 0.30    M    M  6.9 18 340   M    M   M        22 340
 8  49  33  41  -9  24   0 0.31    M    M  4.6 15 200   M    M   M        18 200
 9  61  35  48  -2  17   0 0.17    M    M  8.1 25 340   M    M   M        34 340
10  67  32  50   0  15   0 0.00    M    M  5.5 12  50   M    M   M        14  80
11  71  38  55   4  10   0 0.00    M    M 14.6 32 180   M    M   M        40 170
12  73  39  56   5   9   0 0.00    M    M 16.4 33 170   M    M   M        45 200
13  68  33  51   0  14   0 0.00    M    M 12.2 33 180   M    M   M        45 180
14  63  36  50  -1  15   0 0.00    M    M 12.4 32 160   M    M   M        42 160
15  54  29  42 -10  23   0 0.05    M    M  6.4 22 180   M    M   M        27 180
16  58  36  47  -5  18   0 0.00    M    M  7.8 21 320   M    M   M        31 320
17  60  31  46  -6  19   0 0.11    M    M  5.3 31 160   M    M   M        36 170
18  57  42  50  -2  15   0 0.06    M    M  6.4 29 200   M    M   M        34 190
19  59  38  49  -4  16   0 0.06    M    M  8.7 16 270   M    M   M        20 270
20  64  35  50  -3  15   0 0.03    M    M  5.8 25 250   M    M   M        33 230
21  66  36  51  -2  14   0 0.07    M    M  7.6 31 110   M    M   M        41 130
22  63  36  50  -3  15   0 0.02    M    M  4.6 20 180   M    M   M        24  20
23  60  46  53  -1  12   0 0.14    M    M  4.5 24  10   M    M   M        31  20
24  64  40  52  -2  13   0 0.13    M    M  5.8 28 360   M    M   M        33 360
25  69  38  54   0  11   0 0.26    M    M  5.9 23 230   M    M   M        29 310
26  70  42  56   2   9   0 0.03    M    M  5.7 18 160   M    M   M        24 160
27  72  45  59   4   6   0 0.11    M    0  6.1 20  20   M    M   0        24 130
28  75  42  59   4   6   0 0.00    M    M  6.0 23 350   M    M   M        30 350
================================================================================
SM 1823 1045       378   0  1.96    M    208.8          M        0
================================================================================
AV 65.1 37.3                               7.5 FASTST   M    M   0    MAX(MPH)
                                 MISC ---->  # 40 200               # 51  190
================================================================================
NOTES:
# LAST OF SEVERAL OCCURRENCES

COLUMN 17 PEAK WIND IN M.P.H.

PRELIMINARY LOCAL CLIMATOLOGICAL DATA (WS FORM: F-6) , PAGE 2

                                          STATION:  EUREKA AIRPORT NV
                                          MONTH:    MAY
                                          YEAR:     2015
                                          LATITUDE:   39 30 N
                                          LONGITUDE: 115 58 W

[TEMPERATURE DATA]      [PRECIPITATION DATA]       SYMBOLS USED IN COLUMN 16

AVERAGE MONTHLY: 51.2   TOTAL FOR MONTH:   1.96    1 = FOG OR MIST
DPTR FM NORMAL:  -0.2   DPTR FM NORMAL:    1.30    2 = FOG REDUCING VISIBILITY
HIGHEST:    80 ON  2    GRTST 24HR  0.41 ON  8- 9      TO 1/4 MILE OR LESS
LOWEST:     29 ON 15                               3 = THUNDER
                        SNOW, ICE PELLETS, HAIL    4 = ICE PELLETS
                        TOTAL MONTH:    M          5 = HAIL
                        GRTST 24HR    M  ON   M    6 = FREEZING RAIN OR DRIZZLE
                        GRTST DEPTH:   0           7 = DUSTSTORM OR SANDSTORM:
                                                       VSBY 1/2 MILE OR LESS
                                                   8 = SMOKE OR HAZE
[NO. OF DAYS WITH]      [WEATHER - DAYS WITH]      9 = BLOWING SNOW
                                                   X = TORNADO
MAX 32 OR BELOW:   0    0.01 INCH OR MORE:  17
MAX 90 OR ABOVE:   0    0.10 INCH OR MORE:   9
MIN 32 OR BELOW:   3    0.50 INCH OR MORE:   0
MIN  0 OR BELOW:   0    1.00 INCH OR MORE:   0

[HDD (BASE 65) ]
TOTAL THIS MO.   378    CLEAR  (SCALE 0-3)   2
DPTR FM NORMAL    -4    PTCLDY (SCALE 4-7)   0
TOTAL FM JUL 1  5701    CLOUDY (SCALE 8-10)  0
DPTR FM NORMAL -1485

[CDD (BASE 65) ]
TOTAL THIS MO.     0
DPTR FM NORMAL     0    [PRESSURE DATA]
TOTAL FM JAN 1     0    HIGHEST SLP M ON M
DPTR FM NORMAL     0    LOWEST  SLP 29.47 ON 12

[REMARKS]
