000
CXUS56 KLKN 250311
CF6P68
PRELIMINARY LOCAL CLIMATOLOGICAL DATA (WS FORM: F-6)

                                          STATION:   EUREKA AIRPORT NV
                                          MONTH:     MARCH
                                          YEAR:      2017
                                          LATITUDE:   39 30 N
                                          LONGITUDE: 115 58 W

  TEMPERATURE IN F:       :PCPN:    SNOW:  WIND      :SUNSHINE: SKY     :PK WND
================================================================================
1   2   3   4   5  6A  6B    7    8   9   10  11  12  13   14  15   16   17  18
                                     12Z  AVG MX 2MIN
DY MAX MIN AVG DEP HDD CDD  WTR  SNW DPTH SPD SPD DIR MIN PSBL S-S WX    SPD DR
================================================================================

 1  42  12  27  -6  38   0 0.00    M    M  4.4 10 160   M    M   M        12 210
 2  54  17  36   2  29   0 0.00    M    M  3.9 10 190   M    M   M        12  10
 3  56  22  39   5  26   0 0.00    M    M  6.8 21 150   M    M   M        24 160
 4  60  24  42   8  23   0 0.00    M    M 10.4 28 210   M    M   M        37 210
 5  47  17  32  -2  33   0 0.12    M    M 16.6 31 200   M    M   M        38 200
 6  32  12  22 -13  43   0 0.00    M    M  8.6 22 250   M    M   M        27 260
 7  49  13  31  -4  34   0 0.01    M    M  3.7 16 320   M    M   M        23 320
 8  59  26  43   8  22   0 0.00    M    M  5.5 15 270   M    M   M        20 270
 9  65  28  47  11  18   0 0.00    M    M  5.3 12 210   M    M   M        15 260
10  61  29  45   9  20   0 0.00    M    M  6.3 17 350   M    M   M        22 290
11  64  26  45   9  20   0 0.00    M    M  4.3 12 270   M    M   M        15 280
12  63  28  46  10  19   0 0.00    M    M  5.0 13  40   M    M   M        16  20
13  71  30  51  15  14   0 0.00    M    M  5.5 14 300   M    M   M        20 290
14  75  30  53  16  12   0 0.00    M    M  6.9 14 290   M    M   M        18 260
15  73  31  52  15  13   0 0.00    M    M  7.8 20 240   M    M   M        28 260
16  69  30  50  13  15   0 0.00    M    M  6.6 21 270   M    M   M        27 220
17  74  32  53  16  12   0 0.00    M    M  6.7 17 180   M    M   M        21 180
18  72  40  56  18   9   0 0.00    M    M 12.3 30 280   M    M   M        37 280
19  65  31  48  10  17   0 0.00    M    M  3.7 10 180   M    M   M        13 190
20  70  49  60  22   5   0 0.00    M    M 10.8 23 200   M    M   M        35 230
21  67  40  54  16  11   0 0.06    M    M 10.8 39 260   M    M   M        49 270
22  53  33  43   5  22   0 0.53    M    M  5.4 23 350   M    M   M        30 280
23  48  29  39   1  26   0 0.00    M    M  7.8 18 350   M    M   M        25 350
================================================================================
SM 1389  629       481   0  0.72    M    165.1          M        M
================================================================================
AV 60.4 27.4                               7.2 FASTST   M    M   1    MAX(MPH)
                                 MISC ---->  # 39 260               # 49  270
================================================================================
NOTES:
# LAST OF SEVERAL OCCURRENCES

COLUMN 17 PEAK WIND IN M.P.H.

PRELIMINARY LOCAL CLIMATOLOGICAL DATA (WS FORM: F-6) , PAGE 2

                                          STATION:  EUREKA AIRPORT NV
                                          MONTH:    MARCH
                                          YEAR:     2017
                                          LATITUDE:   39 30 N
                                          LONGITUDE: 115 58 W

[TEMPERATURE DATA]      [PRECIPITATION DATA]       SYMBOLS USED IN COLUMN 16

AVERAGE MONTHLY: 43.9   TOTAL FOR MONTH:   0.72    1 = FOG OR MIST
DPTR FM NORMAL:   7.8   DPTR FM NORMAL:    0.05    2 = FOG REDUCING VISIBILITY
HIGHEST:    75 ON 14    GRTST 24HR  0.53 ON 22-22      TO 1/4 MILE OR LESS
LOWEST:     12 ON  6, 1                            3 = THUNDER
                        SNOW, ICE PELLETS, HAIL    4 = ICE PELLETS
                        TOTAL MONTH:    M          5 = HAIL
                        GRTST 24HR    M  ON   M    6 = FREEZING RAIN OR DRIZZLE
                        GRTST DEPTH:  M  ON   M    7 = DUSTSTORM OR SANDSTORM:
                                                       VSBY 1/2 MILE OR LESS
                                                   8 = SMOKE OR HAZE
[NO. OF DAYS WITH]      [WEATHER - DAYS WITH]      9 = BLOWING SNOW
                                                   X = TORNADO
MAX 32 OR BELOW:   1    0.01 INCH OR MORE:   4
MAX 90 OR ABOVE:   0    0.10 INCH OR MORE:   2
MIN 32 OR BELOW:  19    0.50 INCH OR MORE:   1
MIN  0 OR BELOW:   0    1.00 INCH OR MORE:   0

[HDD (BASE 65) ]
TOTAL THIS MO.   481    CLEAR  (SCALE 0-3)   0
DPTR FM NORMAL  -186    PTCLDY (SCALE 4-7)   0
TOTAL FM JUL 1  5341    CLOUDY (SCALE 8-10)  0
DPTR FM NORMAL  -611

[CDD (BASE 65) ]
TOTAL THIS MO.     0
DPTR FM NORMAL     0    [PRESSURE DATA]
TOTAL FM JAN 1     0    HIGHEST SLP M ON M
DPTR FM NORMAL     0    LOWEST  SLP 29.49 ON  5

[REMARKS]
