000
CXUS53 KPAH 180632
CF6PAH
PRELIMINARY LOCAL CLIMATOLOGICAL DATA (WS FORM: F-6)

                                          STATION:   PADUCAH KY
                                          MONTH:     SEPTEMBER
                                          YEAR:      2014
                                          LATITUDE:   37  4 N
                                          LONGITUDE:  88 46 W

  TEMPERATURE IN F:       :PCPN:    SNOW:  WIND      :SUNSHINE: SKY     :PK WND
================================================================================
1   2   3   4   5  6A  6B    7    8   9   10  11  12  13   14  15   16   17  18
                                     12Z  AVG MX 2MIN
DY MAX MIN AVG DEP HDD CDD  WTR  SNW DPTH SPD SPD DIR MIN PSBL S-S WX    SPD DR
================================================================================

 1  89  76  83   8   0  18 0.00  0.0    0  9.9 24 240   M    M   3        34 230
 2  87  71  79   4   0  14 0.00  0.0    0  6.1 20 250   M    M   1        24 230
 3  91  68  80   5   0  15 0.00  0.0    0  1.7  8 310   M    M   2 18     25 360
 4  93  67  80   6   0  15 0.00  0.0    0  3.3 10 170   M    M   1 1      14 170
 5  95  73  84  10   0  19 0.00  0.0    0  5.0 22 160   M    M   1 3      28 170
 6  81  68  75   1   0  10 0.00  0.0    0  7.5 17 340   M    M   6 3      20  10
 7  83  61  72  -1   0   7 0.00  0.0    0  6.8 14  40   M    M   1        25  50
 8  86  57  72  -1   0   7 0.00  0.0    0  1.4  9  10   M    M   0 1      21  30
 9  91  59  75   2   0  10 0.00  0.0    0  4.1  9 160   M    M   1        19 150
10  91  74  83  11   0  18 0.10  0.0    0  8.6 24 260   M    M   3 13     29 250
11  75  62  69  -3   0   4 0.80  0.0    0  9.4 17  20   M    M  10 138    22  30
12  64  60  62 -10   3   0 0.01  0.0    0  8.7 15  20   M    M  10 18     17  30
13  70  50  60 -11   5   0 0.00  0.0    0  8.8 18  20   M    M   4        26  20
14  76  49  63  -8   2   0 0.00  0.0    0  2.0  9  20   M    M   0        14  50
15  79  54  67  -3   0   2 0.00  0.0    0  3.4 12 240   M    M   2 1      14 320
16  73  50  62  -8   3   0    T  0.0    0  7.7 15  10   M    M   6 1      20 360
17  75  47  61  -9   4   0 0.00  0.0    0  1.9 12 100   M    M   5 128    13  90
================================================================================
SM 1399 1046        17 139  0.91     0.0  96.3          M       56
================================================================================
AV 82.3 61.5                               5.7 FASTST   M    M   3    MAX(MPH)
                                 MISC ---->  # 24 240               # 34  230
================================================================================
NOTES:
# LAST OF SEVERAL OCCURRENCES

COLUMN 17 PEAK WIND IN M.P.H.

PRELIMINARY LOCAL CLIMATOLOGICAL DATA (WS FORM: F-6) , PAGE 2

                                          STATION:  PADUCAH KY
                                          MONTH:    SEPTEMBER
                                          YEAR:     2014
                                          LATITUDE:   37  4 N
                                          LONGITUDE:  88 46 W

[TEMPERATURE DATA]      [PRECIPITATION DATA]       SYMBOLS USED IN COLUMN 16

AVERAGE MONTHLY: 71.9   TOTAL FOR MONTH:   0.91    1 = FOG OR MIST
DPTR FM NORMAL:  -0.7   DPTR FM NORMAL:   -1.13    2 = FOG REDUCING VISIBILITY
HIGHEST:    95 ON  5    GRTST 24HR  0.90 ON 10-11      TO 1/4 MILE OR LESS
LOWEST:     47 ON 17                               3 = THUNDER
                        SNOW, ICE PELLETS, HAIL    4 = ICE PELLETS
                        TOTAL MONTH:   0.0 INCH    5 = HAIL
                        GRTST 24HR     0.0         6 = FREEZING RAIN OR DRIZZLE
                        GRTST DEPTH:   0           7 = DUSTSTORM OR SANDSTORM:
                                                       VSBY 1/2 MILE OR LESS
                                                   8 = SMOKE OR HAZE
[NO. OF DAYS WITH]      [WEATHER - DAYS WITH]      9 = BLOWING SNOW
                                                   X = TORNADO
MAX 32 OR BELOW:   0    0.01 INCH OR MORE:   3
MAX 90 OR ABOVE:   5    0.10 INCH OR MORE:   2
MIN 32 OR BELOW:   0    0.50 INCH OR MORE:   1
MIN  0 OR BELOW:   0    1.00 INCH OR MORE:   0

[HDD (BASE 65) ]
TOTAL THIS MO.    17    CLEAR  (SCALE 0-3)  10
DPTR FM NORMAL    12    PTCLDY (SCALE 4-7)   5
TOTAL FM JUL 1    17    CLOUDY (SCALE 8-10)  2
DPTR FM NORMAL    11

[CDD (BASE 65) ]
TOTAL THIS MO.   139
DPTR FM NORMAL     4    [PRESSURE DATA]
TOTAL FM JAN 1  1610    HIGHEST SLP M ON M
DPTR FM NORMAL   162    LOWEST  SLP 29.74 ON 10

[REMARKS]
