000
CXUS53 KPAH 280636
CF6PAH
PRELIMINARY LOCAL CLIMATOLOGICAL DATA (WS FORM: F-6)

                                          STATION:   PADUCAH KY
                                          MONTH:     JULY
                                          YEAR:      2016
                                          LATITUDE:   37  4 N
                                          LONGITUDE:  88 46 W

  TEMPERATURE IN F:       :PCPN:    SNOW:  WIND      :SUNSHINE: SKY     :PK WND
================================================================================
1   2   3   4   5  6A  6B    7    8   9   10  11  12  13   14  15   16   17  18
                                     12Z  AVG MX 2MIN
DY MAX MIN AVG DEP HDD CDD  WTR  SNW DPTH SPD SPD DIR MIN PSBL S-S WX    SPD DR
================================================================================

 1  87  64  76  -3   0  11 0.09  0.0    0  6.1 18 360   M    M   4 1      21 360
 2  81  62  72  -7   0   7 0.14  0.0    0  4.9 14  30   M    M   3 1      17 150
 3  89  66  78  -1   0  13 0.50  0.0    0  5.5 22 290   M    M   3 138    28 290
 4  84  72  78  -1   0  13 2.19  0.0    0  6.3 17 310   M    M   7 13     23 310
 5  92  74  83   4   0  18 0.14  0.0    0  5.0 15 260   M    M   5 13     17 270
 6  88  71  80   1   0  15 1.20  0.0    0  6.9 47 270   M    M   6 138    66 270
 7  88  72  80   1   0  15 1.19  0.0    0  6.7 28 280   M    M   3 138    40 310
 8  93  71  82   3   0  17 0.95  0.0    0  9.0 35 240   M    M   3 13     43 260
 9  88  71  80   1   0  15 0.00  0.0    0  3.5 12  30   M    M   3 1      15  30
10  90  70  80   1   0  15 0.00  0.0    0  4.2 12 110   M    M   3 18     19 240
11  89  69  79   0   0  14    T  0.0    0  4.8 15  50   M    M   2 1      20  60
12  92  73  83   4   0  18 0.23  0.0    0  7.1 21 230   M    M   2 13     27 220
13  93  76  85   6   0  20    T  0.0    0  8.0 20 240   M    M   1        27 250
14  91  74  83   4   0  18 0.22  0.0    0  7.1 17 120   M    M   2 3      25 220
15  92  71  82   3   0  17 0.00  0.0    0  3.4 17 300   M    M   0 3      25 310
16  90  68  79   0   0  14 0.00  0.0    0  3.8 12  50   M    M   1 1      15  30
17  92  72  82   3   0  17 0.00  0.0    0  4.4 12 180   M    M   1 1      15 180
18  95  75  85   6   0  20 0.00  0.0    0  3.9 14  60   M    M   1 1      19  60
19  95  76  86   7   0  21    T  0.0    0  1.3 16 340   M    M   2 138    20 340
20  93  73  83   4   0  18 0.00  0.0    0  3.6 18 140   M    M   2 13     24 140
21  95  71  83   4   0  18 0.00  0.0    0  3.2  9 240   M    M   0 1      11 190
22  89  76  83   4   0  18 0.01  0.0    0  3.3 21  50   M    M   1 138    26  50
23  93  73  83   4   0  18 0.00  0.0    0  2.5  9  90   M    M   1 13     12 240
24  93  76  85   6   0  20 0.00  0.0    0  3.7  9 220   M    M   2 1      13 220
25  92  76  84   5   0  19    T  0.0    0  4.7 25 260   M    M   2 13     31 260
26  93  73  83   4   0  18 0.00  0.0    0  3.4 22 310   M    M   1 1      33 320
27  92  72  82   3   0  17 1.20  0.0    0  4.1 16  10   M    M   5 138    23 230
================================================================================
SM 2449 1937         0 444  8.06     0.0 130.4          M       66
================================================================================
AV 90.7 71.7                               4.8 FASTST   M    M   2    MAX(MPH)
                                 MISC ---->  # 47 270               # 66  270
================================================================================
NOTES:
# LAST OF SEVERAL OCCURRENCES

COLUMN 17 PEAK WIND IN M.P.H.

PRELIMINARY LOCAL CLIMATOLOGICAL DATA (WS FORM: F-6) , PAGE 2

                                          STATION:  PADUCAH KY
                                          MONTH:    JULY
                                          YEAR:     2016
                                          LATITUDE:   37  4 N
                                          LONGITUDE:  88 46 W

[TEMPERATURE DATA]      [PRECIPITATION DATA]       SYMBOLS USED IN COLUMN 16

AVERAGE MONTHLY: 81.2   TOTAL FOR MONTH:   8.06    1 = FOG OR MIST
DPTR FM NORMAL:   2.2   DPTR FM NORMAL:    4.13    2 = FOG REDUCING VISIBILITY
HIGHEST:    95 ON 21,19 GRTST 24HR  2.69 ON  3- 4      TO 1/4 MILE OR LESS
LOWEST:     62 ON  2                               3 = THUNDER
                        SNOW, ICE PELLETS, HAIL    4 = ICE PELLETS
                        TOTAL MONTH:   0.0 INCH    5 = HAIL
                        GRTST 24HR     0.0         6 = FREEZING RAIN OR DRIZZLE
                        GRTST DEPTH:   0           7 = DUSTSTORM OR SANDSTORM:
                                                       VSBY 1/2 MILE OR LESS
                                                   8 = SMOKE OR HAZE
[NO. OF DAYS WITH]      [WEATHER - DAYS WITH]      9 = BLOWING SNOW
                                                   X = TORNADO
MAX 32 OR BELOW:   0    0.01 INCH OR MORE:  12
MAX 90 OR ABOVE:  18    0.10 INCH OR MORE:  10
MIN 32 OR BELOW:   0    0.50 INCH OR MORE:   6
MIN  0 OR BELOW:   0    1.00 INCH OR MORE:   4

[HDD (BASE 65) ]
TOTAL THIS MO.     0    CLEAR  (SCALE 0-3)  21
DPTR FM NORMAL     0    PTCLDY (SCALE 4-7)   6
TOTAL FM JUL 1     0    CLOUDY (SCALE 8-10)  0
DPTR FM NORMAL     0

[CDD (BASE 65) ]
TOTAL THIS MO.   444
DPTR FM NORMAL    66    [PRESSURE DATA]
TOTAL FM JAN 1  1010    HIGHEST SLP M ON M
DPTR FM NORMAL   140    LOWEST  SLP 29.75 ON  8

[REMARKS]
