000
CXUS53 KPAH 290634
CF6PAH
PRELIMINARY LOCAL CLIMATOLOGICAL DATA (WS FORM: F-6)

                                          STATION:   PADUCAH KY
                                          MONTH:     MAY
                                          YEAR:      2015
                                          LATITUDE:   37  4 N
                                          LONGITUDE:  88 46 W

  TEMPERATURE IN F:       :PCPN:    SNOW:  WIND      :SUNSHINE: SKY     :PK WND
================================================================================
1   2   3   4   5  6A  6B    7    8   9   10  11  12  13   14  15   16   17  18
                                     12Z  AVG MX 2MIN
DY MAX MIN AVG DEP HDD CDD  WTR  SNW DPTH SPD SPD DIR MIN PSBL S-S WX    SPD DR
================================================================================

 1  71  38  55  -8  10   0 0.00  0.0    0  2.6 12  40   M    M   0        16  40
 2  76  43  60  -3   5   0 0.00  0.0    0  2.5 12 250   M    M   0 1      15 220
 3  81  50  66   2   0   1 0.00  0.0    0  5.8 16 250   M    M   0 8      26 210
 4  85  65  75  11   0  10 0.00  0.0    0  7.5 18 230   M    M   0        23 240
 5  87  59  73   9   0   8 0.00  0.0    0  6.1 14 140   M    M   1        19 170
 6  85  55  70   6   0   5 0.00  0.0    0  4.5 14 150   M    M   1 1      19 170
 7  86  57  72   7   0   7 0.00  0.0    0  5.8 16 180   M    M   1        20 170
 8  86  66  76  11   0  11 0.05  0.0    0  6.6 28 250   M    M   2 13     35 250
 9  82  66  74   9   0   9 0.03  0.0    0  5.8 17 230   M    M   6 3      23 170
10  88  66  77  11   0  12 0.10  0.0    0  7.7 23 270   M    M   3 13     30 310
11  75  65  70   4   0   5 0.38  0.0    0  8.5 21 250   M    M   4 13     29 270
12  70  50  60  -6   5   0 0.00  0.0    0  5.7 15 290   M    M   0        20 280
13  77  46  62  -4   3   0 0.00  0.0    0  6.3 14  70   M    M   0        20  80
14  77  57  67   0   0   2    T  0.0    0  5.8 13 130   M    M   3        17 130
15  88  64  76   9   0  11 0.51  0.0    0  7.1 17 150   M    M   3 13     25 270
16  76  68  72   5   0   7 0.57  0.0    0  6.9 14 150   M    M   6 1      18 160
17  80  67  74   7   0   9 0.26  0.0    0  7.7 25 260   M    M   5 1      36 260
18  80  66  73   5   0   8 0.30  0.0    0  6.1 13 230   M    M   6 13     17 230
19  75  57  66  -2   0   1    T  0.0    0  8.3 15  30   M    M   1        18  10
20  60  50  55 -13  10   0 0.43  0.0    0  8.6 15 360   M    M   7 1      19  10
21  63  45  54 -14  11   0 0.00  0.0    0  8.3 17 350   M    M   8        22  20
22  75  43  59 -10   6   0 0.00  0.0    0  2.1  9 240   M    M   0 1      12 240
23  82  57  70   1   0   5 0.00  0.0    0  5.3 14 140   M    M   2 8      19 130
24  86  62  74   5   0   9    T  0.0    0 11.6 21 170   M    M   3        27 160
25  76  68  72   2   0   7 0.35  0.0    0  8.9 16 160   M    M   7 1      27 180
26  80  65  73   3   0   8 0.00  0.0    0 10.7 22 240   M    M   7 8      33 240
27  78  62  70   0   0   5    T  0.0    0  6.3 23 160   M    M   1 1      29 170
28  85  63  74   4   0   9    T  0.0    0  3.6 15 150   M    M   2 1      20 150
================================================================================
SM 2210 1620        50 149  2.98     0.0 182.7          M       79
================================================================================
AV 78.9 57.9                               6.5 FASTST   M    M   3    MAX(MPH)
                                 MISC ---->  # 28 250               # 36  260
================================================================================
NOTES:
# LAST OF SEVERAL OCCURRENCES

COLUMN 17 PEAK WIND IN M.P.H.

PRELIMINARY LOCAL CLIMATOLOGICAL DATA (WS FORM: F-6) , PAGE 2

                                          STATION:  PADUCAH KY
                                          MONTH:    MAY
                                          YEAR:     2015
                                          LATITUDE:   37  4 N
                                          LONGITUDE:  88 46 W

[TEMPERATURE DATA]      [PRECIPITATION DATA]       SYMBOLS USED IN COLUMN 16

AVERAGE MONTHLY: 68.4   TOTAL FOR MONTH:   2.98    1 = FOG OR MIST
DPTR FM NORMAL:   1.7   DPTR FM NORMAL:   -1.52    2 = FOG REDUCING VISIBILITY
HIGHEST:    88 ON 15,10 GRTST 24HR  1.08 ON 15-16      TO 1/4 MILE OR LESS
LOWEST:     38 ON  1                               3 = THUNDER
                        SNOW, ICE PELLETS, HAIL    4 = ICE PELLETS
                        TOTAL MONTH:   0.0 INCH    5 = HAIL
                        GRTST 24HR     0.0         6 = FREEZING RAIN OR DRIZZLE
                        GRTST DEPTH:   0           7 = DUSTSTORM OR SANDSTORM:
                                                       VSBY 1/2 MILE OR LESS
                                                   8 = SMOKE OR HAZE
[NO. OF DAYS WITH]      [WEATHER - DAYS WITH]      9 = BLOWING SNOW
                                                   X = TORNADO
MAX 32 OR BELOW:   0    0.01 INCH OR MORE:  10
MAX 90 OR ABOVE:   0    0.10 INCH OR MORE:   8
MIN 32 OR BELOW:   0    0.50 INCH OR MORE:   2
MIN  0 OR BELOW:   0    1.00 INCH OR MORE:   0

[HDD (BASE 65) ]
TOTAL THIS MO.    50    CLEAR  (SCALE 0-3)  17
DPTR FM NORMAL   -12    PTCLDY (SCALE 4-7)  11
TOTAL FM JUL 1  4475    CLOUDY (SCALE 8-10)  0
DPTR FM NORMAL   349

[CDD (BASE 65) ]
TOTAL THIS MO.   149
DPTR FM NORMAL    40    [PRESSURE DATA]
TOTAL FM JAN 1   191    HIGHEST SLP M ON M
DPTR FM NORMAL    40    LOWEST  SLP 29.92 ON 11

[REMARKS]
