000
CXUS54 KLZK 261330
CF6PBF
PRELIMINARY LOCAL CLIMATOLOGICAL DATA (WS FORM: F-6)

                                          STATION:   Pine Bluff
                                          MONTH:     MARCH
                                          YEAR:      2015
                                          LATITUDE:   34 10 N
                                          LONGITUDE:  91 56 W

  TEMPERATURE IN F:       :PCPN:    SNOW:  WIND      :SUNSHINE: SKY     :PK WND
================================================================================
1   2   3   4   5  6A  6B    7    8   9   10  11  12  13   14  15   16   17  18
                                     12Z  AVG MX 2MIN
DY MAX MIN AVG DEP HDD CDD  WTR  SNW DPTH SPD SPD DIR MIN PSBL S-S WX    SPD DR
================================================================================

 1  40  31  36 -14  29   0 0.63    T    0  7.6 14  20   M    M  10 16     19  20
 2  39  33  36 -14  29   0 0.12  0.0    0 10.1 22  30   M    M  10 1      30  40
 3  58  35  47  -3  18   0    T  0.0    0  4.1 16 190   M    M  10 12     20 180
 4  65  27  46  -5  19   0 1.34    M    0 17.0 36  20   M    M  10 16     43  20
 5  34  20  27 -24  38   0 0.38  2.0    2 11.5 31  10   M    M   4 189    40  10
 6  38  17  28 -23  37   0 0.00  0.0    T  3.7 10 100   M    M   0        11 120
 7  59  24  42 -10  23   0 0.00  0.0    T  4.4 12 210   M    M   0        15 220
 8  47  33  40 -12  25   0 0.53  0.0    0  3.6 14 220   M    M   9 1      17 220
 9  50  44  47  -5  18   0 0.25    M    0  7.6 14  60   M    M  10 1      18  90
10  56  48  52  -1  13   0 0.07  0.0    0  4.9 13 120   M    M  10 18     16 120
11  61  51  56   3   9   0 0.00  0.0    0  6.1 14  10   M    M   7        17  30
12  56  51  54   1  11   0 1.32  0.0    0  8.0 15  30   M    M   9 1      18  20
13  67  56  62   8   3   0 0.54  0.0    0  7.6 26 130   M    M   9 12     41 120
14  63  57  60   6   5   0 0.14  0.0    0  5.1 15  30   M    M  10 1      20  30
15  66  51  59   5   6   0 0.00  0.0    0  3.6 14  30   M    M   6 1      18  30
16  73  48  61   7   4   0 0.00  0.0    0  4.2 14 250   M    M   6 12     18 240
17  82  52  67  12   0   2 0.00  0.0    0  8.0 20  30   M    M   2 1      27  30
18  56  45  51  -4  14   0 0.21  0.0    0 10.0 21  50   M    M  10 1      25  50
19  54  44  49  -6  16   0    T  0.0    M  5.0 12  10   M    M  10 1      13 340
20  59  49  54  -2  11   0 0.79  0.0    0  6.7 14 360   M    M   7 1      16  30
21  57  50  54  -2  11   0 0.24  0.0    0  5.0 12  90   M    M   6 1      14 100
22  55  50  53  -3  12   0 1.29  0.0    0 10.6 21  10   M    M  10 1      24  60
23  71  46  59   3   6   0 0.00  0.0    0  4.8 12  20   M    M   0        14  10
24  77  51  64   7   1   0 0.00  0.0    0  9.7 20 180   M    M   0        25 170
25  79  56  68  11   0   3 0.00  0.0    0 11.2 20 160   M    M   1        26 130
================================================================================
SM 1462 1069       358   5  7.85     2.0 180.1          M      166
================================================================================
AV 58.5 42.8                               7.2 FASTST   M    M   7    MAX(MPH)
                                 MISC ---->  # 36  20               # 43   20
================================================================================
NOTES:
# LAST OF SEVERAL OCCURRENCES

COLUMN 17 PEAK WIND IN M.P.H.

PRELIMINARY LOCAL CLIMATOLOGICAL DATA (WS FORM: F-6) , PAGE 2

                                          STATION:  Pine Bluff
                                          MONTH:    MARCH
                                          YEAR:     2015
                                          LATITUDE:   34 10 N
                                          LONGITUDE:  91 56 W

[TEMPERATURE DATA]      [PRECIPITATION DATA]       SYMBOLS USED IN COLUMN 16

AVERAGE MONTHLY: 50.6   TOTAL FOR MONTH:   7.85    1 = FOG OR MIST
DPTR FM NORMAL:  -2.9   DPTR FM NORMAL:    3.45    2 = FOG REDUCING VISIBILITY
HIGHEST:    82 ON 17    GRTST 24HR  1.34 ON  4- 4      TO 1/4 MILE OR LESS
LOWEST:     17 ON  6                               3 = THUNDER
                        SNOW, ICE PELLETS, HAIL    4 = ICE PELLETS
                        TOTAL MONTH:   2.0 INCHES  5 = HAIL
                        GRTST 24HR   2.0 ON  5- 5  6 = FREEZING RAIN OR DRIZZLE
                        GRTST DEPTH:   2 ON  5     7 = DUSTSTORM OR SANDSTORM:
                                                       VSBY 1/2 MILE OR LESS
                                                   8 = SMOKE OR HAZE
[NO. OF DAYS WITH]      [WEATHER - DAYS WITH]      9 = BLOWING SNOW
                                                   X = TORNADO
MAX 32 OR BELOW:   0    0.01 INCH OR MORE:  14
MAX 90 OR ABOVE:   0    0.10 INCH OR MORE:  13
MIN 32 OR BELOW:   5    0.50 INCH OR MORE:   7
MIN  0 OR BELOW:   0    1.00 INCH OR MORE:   3

[HDD (BASE 65) ]
TOTAL THIS MO.   358    CLEAR  (SCALE 0-3)   6
DPTR FM NORMAL    58    PTCLDY (SCALE 4-7)   6
TOTAL FM JUL 1  3092    CLOUDY (SCALE 8-10) 13
DPTR FM NORMAL   404

[CDD (BASE 65) ]
TOTAL THIS MO.     5
DPTR FM NORMAL    -5    [PRESSURE DATA]
TOTAL FM JAN 1     5    HIGHEST SLP M ON M
DPTR FM NORMAL    -8    LOWEST  SLP 29.67 ON 24

[REMARKS]
ALL SNOWFALL DATA IS FROM THE PINE BLUFF WATER PLANT SITE
