000
CXUS51 KBTV 240700
CF6PBG
PRELIMINARY LOCAL CLIMATOLOGICAL DATA (WS FORM: F-6)

                                          STATION:   PLATTSBURGH NY
                                          MONTH:     SEPTEMBER
                                          YEAR:      2017
                                          LATITUDE:   44 39 N
                                          LONGITUDE:  73 28 W

  TEMPERATURE IN F:       :PCPN:    SNOW:  WIND      :SUNSHINE: SKY     :PK WND
================================================================================
1   2   3   4   5  6A  6B    7    8   9   10  11  12  13   14  15   16   17  18
                                     12Z  AVG MX 2MIN
DY MAX MIN AVG DEP HDD CDD  WTR  SNW DPTH SPD SPD DIR MIN PSBL S-S WX    SPD DR
================================================================================

 1  63  46  55 -10  10   0 0.00  0.0    0  8.3 21 330   M    M   2        30 320
 2  66  41  54 -10  11   0 0.00  0.0    0  3.0  9  60   M    M   0        29 210
 3  56  41  49 -15  16   0 1.27    M    0  2.8 10 160   M    M   8 1      15 190
 4  81  51  66   2   0   1    T  0.0    0  6.5 21 160   M    M   3 1      27 140
 5  69  57  63   0   2   0 0.53  0.0    0  2.5 20 150   M    M   8 1      27  90
 6  63  52  58  -5   7   0 0.16  0.0    0  2.1  7 130   M    M   6 1      12 170
 7  69  51  60  -3   5   0 0.16  0.0    0  2.5 12 140   M    M   7 13     23 280
 8  64  50  57  -5   8   0 0.30  0.0    0  3.8 20 360   M    M   7 1      24  60
 9  66  51  59  -3   6   0 0.01  0.0    0  4.5 16 340   M    M   9 18     23 210
10  65  43  54  -8  11   0 0.00  0.0    0  3.2 10  80   M    M   0        13  30
11  71  43  57  -4   8   0 0.00  0.0    0  2.5 10 120   M    M   0 1      16 150
12  75  43  59  -2   6   0 0.00  0.0    0  4.2 14 130   M    M   0 1      17 150
13  78  50  64   4   1   0 0.00  0.0    0  4.4 15 140   M    M   0 1      25 210
14  77  54  66   6   0   1 0.00  0.0    0  2.2  9 160   M    M   5 12     20 170
15  78  57  68   8   0   3 0.00  0.0    0  2.2  8  50   M    M   2 1      22 270
16  80  55  68   9   0   3 0.00  0.0    0  2.3 12 140   M    M   0 1      14 130
17  79  56  68   9   0   3 0.00  0.0    0  2.3 12 140   M    M   0 1      14 140
18  81  57  69  11   0   4 0.00  0.0    0  2.8 13 150   M    M   4 1      17 120
19  79  58  69  11   0   4 0.00  0.0    0  6.4 15 150   M    M   2 1      20 160
20  80  54  67   9   0   2 0.00  0.0    0  7.2 16  10   M    M   0 1      21 360
21  77  53  65   8   0   0 0.00  0.0    0  6.4 14 350   M    M   0 1      17 350
22  76  48  62   5   3   0 0.00  0.0    0  2.8 13  40   M    M   0        15  40
23  81  48  65   9   0   0 0.00  0.0    0  2.5 12 130   M    M   0        13 150
================================================================================
SM 1674 1159        94  21  2.43     0.0  87.4          M       63
================================================================================
AV 72.8 50.4                               3.8 FASTST   M    M   3    MAX(MPH)
                                 MISC ---->  # 21 330               # 30  320
================================================================================
NOTES:
# LAST OF SEVERAL OCCURRENCES

COLUMN 17 PEAK WIND IN M.P.H.

PRELIMINARY LOCAL CLIMATOLOGICAL DATA (WS FORM: F-6) , PAGE 2

                                          STATION:  PLATTSBURGH NY
                                          MONTH:    SEPTEMBER
                                          YEAR:     2017
                                          LATITUDE:   44 39 N
                                          LONGITUDE:  73 28 W

[TEMPERATURE DATA]      [PRECIPITATION DATA]       SYMBOLS USED IN COLUMN 16

AVERAGE MONTHLY: 61.6   TOTAL FOR MONTH:   2.43    1 = FOG OR MIST
DPTR FM NORMAL:   0.9   DPTR FM NORMAL:       M    2 = FOG REDUCING VISIBILITY
HIGHEST:    81 ON 23,18 GRTST 24HR  1.27 ON  3- 3      TO 1/4 MILE OR LESS
LOWEST:     41 ON  3, 2                            3 = THUNDER
                        SNOW, ICE PELLETS, HAIL    4 = ICE PELLETS
                        TOTAL MONTH:   0.0 INCH    5 = HAIL
                        GRTST 24HR     0.0         6 = FREEZING RAIN OR DRIZZLE
                        GRTST DEPTH:   0           7 = DUSTSTORM OR SANDSTORM:
                                                       VSBY 1/2 MILE OR LESS
                                                   8 = SMOKE OR HAZE
[NO. OF DAYS WITH]      [WEATHER - DAYS WITH]      9 = BLOWING SNOW
                                                   X = TORNADO
MAX 32 OR BELOW:   0    0.01 INCH OR MORE:   6
MAX 90 OR ABOVE:   0    0.10 INCH OR MORE:   5
MIN 32 OR BELOW:   0    0.50 INCH OR MORE:   2
MIN  0 OR BELOW:   0    1.00 INCH OR MORE:   1

[HDD (BASE 65) ]
TOTAL THIS MO.    94    CLEAR  (SCALE 0-3)  15
DPTR FM NORMAL   -26    PTCLDY (SCALE 4-7)   7
TOTAL FM JUL 1   160    CLOUDY (SCALE 8-10)  1
DPTR FM NORMAL    -1

[CDD (BASE 65) ]
TOTAL THIS MO.    21
DPTR FM NORMAL     2    [PRESSURE DATA]
TOTAL FM JAN 1   345    HIGHEST SLP M ON M
DPTR FM NORMAL     4    LOWEST  SLP 29.69 ON  5

[REMARKS]
