000
CXUS53 KARX 010930
CF6PDC
PRELIMINARY LOCAL CLIMATOLOGICAL DATA (WS FORM: F-6)

                                          STATION:   PRAIRIE_DU_CHIEN_MUN
                                          MONTH:     JULY
                                          YEAR:      2015
                                          LATITUDE:   43  1 N
                                          LONGITUDE:  91  7 W

  TEMPERATURE IN F:       :PCPN:    SNOW:  WIND      :SUNSHINE: SKY     :PK WND
================================================================================
1   2   3   4   5  6A  6B    7    8   9   10  11  12  13   14  15   16   17  18
                                     12Z  AVG MX 2MIN
DY MAX MIN AVG DEP HDD CDD  WTR  SNW DPTH SPD SPD DIR MIN PSBL S-S WX    SPD DR
================================================================================

 1  67  53  60   M   5   0 0.00  0.0    0  2.1  8 360   M    M   1 1       M  M
 2  72  49  61   M   4   0 0.00  0.0    0  3.7  8 110   M    M   0         M  M
 3  76  53  65   M   0   0 0.00  0.0    0  1.2  5 230   M    M   2 12      M  M
 4  81  56  69   M   0   4 0.00  0.0    0  1.9  7 240   M    M   0         M  M
 5  82  60  71   M   0   6 0.00  0.0    0  4.2 10 170   M    M   0         M  M
 6  80  63  72   M   0   7 0.11  0.0    0  7.1 14 340   M    M   5 8      20 320
 7  69  53  61   M   4   0 0.00  0.0    0  5.5 13 320   M    M   5 18     20  10
 8  72  50  61   M   4   0 0.00  0.0    0  2.4  7 110   M    M   3 12      M  M
 9  77  52  65   M   0   0 0.00  0.0    0  1.6  7 240   M    M   1         M  M
10  82  56  69   M   0   4 0.00  0.0    0  2.6  7 180   M    M   1 1       M  M
11  77  61  69   M   0   4 0.00  0.0    0  4.9 14 100   M    M   5        16 110
12  84  67  76   M   0  11 0.00  0.0    0  4.7  8 110   M    M   8         M  M
13  91  65  78   M   0  13 0.36  0.0    0  4.8 12 280   M    M   4        30 330
14  83  67  75   M   0  10 0.00  0.0    0  6.5 13 350   M    M   3        17 350
15  76  63  70   M   0   5 0.00  0.0    0  2.2  6 130   M    M   2         M  M
16  74  62  68   M   0   3 0.07  0.0    0  4.8 10 100   M    M   8 1      16 100
17  92  69  81   M   0  16 0.00  0.0    0  1.9  8 250   M    M   5 12      M  M
18  90  71  81   M   0  16 0.00  0.0    0  4.5 12 250   M    M   2        21 310
19  82  63  73   M   0   8 0.00  0.0    0  4.8 12 310   M    M   0        18 310
20  84  61  73   M   0   8    T  0.0    0  5.0 15 250   M    M   1        22 300
21  81  58  70   M   0   5 0.00  0.0    0  4.7 10 320   M    M   1         M  M
22  82  56  69   M   0   4 0.00  0.0    0  1.6  8 180   M    M   2 1       M  M
23  84  58  71   M   0   6 0.00  0.0    0  3.0  9 200   M    M   1 1       M  M
24  83  62  73   M   0   8 0.27  0.0    0  3.5 14 160   M    M   4        30 160
25  88  67  78   M   0  13 0.00  0.0    0  3.5 10 330   M    M   1        20 330
26  83  66  75   M   0  10 0.14  0.0    0  3.2  8 110   M    M   5         M  M
27  87  65  76   M   0  11 0.00  0.0    0  3.6  8 120   M    M   1 1       M  M
28  83  69  76   M   0  11 0.27  0.0    0  3.7  8 100   M    M   3         M  M
29  82  63  73   M   0   8 0.19  0.0    0  8.2 21 280   M    M   3        29 280
30  89  62  76   M   0  11 0.00  0.0    0  7.1 17 280   M    M   0        24 280
31  84  61  73   M   0   8 0.00  0.0    0  7.5 18 290   M    M   1        25 300
================================================================================
SM 2517 1881        17 210  1.41     0.0 126.0          M       78
================================================================================
AV 81.2 60.7                               4.1 FASTST   M    M   3    MAX(MPH)
                                 MISC ---->    21   M                 30    M
================================================================================
NOTES:
# LAST OF SEVERAL OCCURRENCES

COLUMN 17 PEAK WIND IN M.P.H.

PRELIMINARY LOCAL CLIMATOLOGICAL DATA (WS FORM: F-6) , PAGE 2

                                          STATION:  PRAIRIE_DU_CHIEN_MUN
                                          MONTH:    JULY
                                          YEAR:     2015
                                          LATITUDE:   43  1 N
                                          LONGITUDE:  91  7 W

[TEMPERATURE DATA]      [PRECIPITATION DATA]       SYMBOLS USED IN COLUMN 16

AVERAGE MONTHLY: 70.9   TOTAL FOR MONTH:   1.41    1 = FOG OR MIST
DPTR FM NORMAL:     M   DPTR FM NORMAL:       M    2 = FOG REDUCING VISIBILITY
HIGHEST:    92 ON 17    GRTST 24HR  0.36 ON 13-13      TO 1/4 MILE OR LESS
LOWEST:     49 ON  2                               3 = THUNDER
                        SNOW, ICE PELLETS, HAIL    4 = ICE PELLETS
                        TOTAL MONTH:   0.0 INCH    5 = HAIL
                        GRTST 24HR     0.0         6 = FREEZING RAIN OR DRIZZLE
                        GRTST DEPTH:   0           7 = DUSTSTORM OR SANDSTORM:
                                                       VSBY 1/2 MILE OR LESS
                                                   8 = SMOKE OR HAZE
[NO. OF DAYS WITH]      [WEATHER - DAYS WITH]      9 = BLOWING SNOW
                                                   X = TORNADO
MAX 32 OR BELOW:   0    0.01 INCH OR MORE:   7
MAX 90 OR ABOVE:   3    0.10 INCH OR MORE:   6
MIN 32 OR BELOW:   0    0.50 INCH OR MORE:   0
MIN  0 OR BELOW:   0    1.00 INCH OR MORE:   0

[HDD (BASE 65) ]
TOTAL THIS MO.    17    CLEAR  (SCALE 0-3)  21
DPTR FM NORMAL     M    PTCLDY (SCALE 4-7)   9
TOTAL FM JUL 1    17    CLOUDY (SCALE 8-10)  1
DPTR FM NORMAL     M

[CDD (BASE 65) ]
TOTAL THIS MO.   210
DPTR FM NORMAL     M    [PRESSURE DATA]
TOTAL FM JAN 1   377    HIGHEST SLP M ON M
DPTR FM NORMAL     M    LOWEST  SLP M ON M

[REMARKS]
#FINAL-07-15#
