000
CXUS53 KARX 290930
CF6PDC
PRELIMINARY LOCAL CLIMATOLOGICAL DATA (WS FORM: F-6)

                                          STATION:   PRAIRIE_DU_CHIEN_MUN
                                          MONTH:     MAY
                                          YEAR:      2015
                                          LATITUDE:   43  1 N
                                          LONGITUDE:  91  7 W

  TEMPERATURE IN F:       :PCPN:    SNOW:  WIND      :SUNSHINE: SKY     :PK WND
================================================================================
1   2   3   4   5  6A  6B    7    8   9   10  11  12  13   14  15   16   17  18
                                     12Z  AVG MX 2MIN
DY MAX MIN AVG DEP HDD CDD  WTR  SNW DPTH SPD SPD DIR MIN PSBL S-S WX    SPD DR
================================================================================

 1  67  37  52   M  13   0 0.00  0.0    0  2.5  7 220   M    M   4         M  M
 2  78  49  64   M   1   0 0.00  0.0    0  6.3 18 200   M    M   4        25 200
 3  79  57  68   M   0   3 0.24  0.0    0  7.8 18 330   M    M   3        37 330
 4  74  56  65   M   0   0    M  0.0    0  1.6  5  20   M    M   6         M  M
 5  63  51  57   M   8   0    M  0.0    0  8.0 12  80   M    M  10 1      20  90
 6  80  53  67   M   0   2 0.00  0.0    0  7.0 13 120   M    M   7 1      23 120
 7  81  65  73   M   0   8 0.07  0.0    0  9.7 17 180   M    M   4        29 140
 8  66  57  62   M   3   0 0.00  0.0    0  6.3 13 320   M    M   9         M  M
 9  68  56  62   M   3   0 0.00  0.0    0  5.3  9  10   M    M  10         M  M
10  63  55  59   M   6   0 0.17  0.0    0  9.4 13  90   M    M  10        18  90
11  61  46  54   M  11   0    T  0.0    0 11.4 15 250   M    M   9 1      27 230
12  57  38  48   M  17   0    T  0.0    0 12.5 21 280   M    M   6 8      28 260
13  65  35  50   M  15   0 0.00  0.0    0  6.0 13 100   M    M   1 1      17  90
14  64  47  56   M   9   0 0.33  0.0    0  8.6 16 120   M    M   6 1      21 120
15  74  57  66   M   0   1 0.01  0.0    0  3.8  9 260   M    M   7 1       M  M
16  79  59  69   M   0   4    T  0.0    0  5.4 10 110   M    M   7 1      16 110
17  79  66  73   M   0   8    T  0.0    0 12.1 17 180   M    M   6        27 160
18  66  43  55   M  10   0 0.00  0.0    0 14.7 24 270   M    M   8        32 270
19  55  41  48   M  17   0 0.00  0.0    0  9.1 14 340   M    M   4        27 310
20  50  42  46   M  19   0    T  0.0    0  2.2  7 200   M    M   8         M  M
21  75  40  58   M   7   0 0.00  0.0    0  5.9 17 250   M    M   1        29 290
22  75  41  58   M   7   0 0.00  0.0    0  1.5  5 200   M    M   0         M  M
23  79  48  64   M   1   0 0.00  0.0    0  2.7  9 200   M    M   2         M  M
24  66  55  61   M   4   0 0.65  0.0    0  6.3 14  90   M    M  10 1      17 100
25  79  64  72   M   0   7 0.04  0.0    0  8.0 21 220   M    M   7        27 220
26  69  60  65   M   0   0 1.07  0.0    0  5.8 15 260   M    M   8        27 260
27  79  60  70   M   0   5 0.00  0.0    0  4.6 12 260   M    M   4        17 260
28  82  57  70   M   0   5    T  0.0    0  4.4 10 140   M    M   1        18 150
================================================================================
SM 1973 1435       151  43  2.58     0.0 188.9          M      162
================================================================================
AV 70.5 51.2                               6.7 FASTST   M    M   6    MAX(MPH)
                                 MISC ---->    24   M                 37    M
================================================================================
NOTES:
# LAST OF SEVERAL OCCURRENCES

COLUMN 17 PEAK WIND IN M.P.H.

PRELIMINARY LOCAL CLIMATOLOGICAL DATA (WS FORM: F-6) , PAGE 2

                                          STATION:  PRAIRIE_DU_CHIEN_MUN
                                          MONTH:    MAY
                                          YEAR:     2015
                                          LATITUDE:   43  1 N
                                          LONGITUDE:  91  7 W

[TEMPERATURE DATA]      [PRECIPITATION DATA]       SYMBOLS USED IN COLUMN 16

AVERAGE MONTHLY: 60.9   TOTAL FOR MONTH:   2.58    1 = FOG OR MIST
DPTR FM NORMAL:     M   DPTR FM NORMAL:       M    2 = FOG REDUCING VISIBILITY
HIGHEST:    82 ON 28    GRTST 24HR  1.07 ON 26-26      TO 1/4 MILE OR LESS
LOWEST:     35 ON 13                               3 = THUNDER
                        SNOW, ICE PELLETS, HAIL    4 = ICE PELLETS
                        TOTAL MONTH:   0.0 INCH    5 = HAIL
                        GRTST 24HR     0.0         6 = FREEZING RAIN OR DRIZZLE
                        GRTST DEPTH:   0           7 = DUSTSTORM OR SANDSTORM:
                                                       VSBY 1/2 MILE OR LESS
                                                   8 = SMOKE OR HAZE
[NO. OF DAYS WITH]      [WEATHER - DAYS WITH]      9 = BLOWING SNOW
                                                   X = TORNADO
MAX 32 OR BELOW:   0    0.01 INCH OR MORE:   8
MAX 90 OR ABOVE:   0    0.10 INCH OR MORE:   5
MIN 32 OR BELOW:   0    0.50 INCH OR MORE:   2
MIN  0 OR BELOW:   0    1.00 INCH OR MORE:   1

[HDD (BASE 65) ]
TOTAL THIS MO.   151    CLEAR  (SCALE 0-3)   6
DPTR FM NORMAL     M    PTCLDY (SCALE 4-7)  14
TOTAL FM JUL 1  7186    CLOUDY (SCALE 8-10)  8
DPTR FM NORMAL     M

[CDD (BASE 65) ]
TOTAL THIS MO.    43
DPTR FM NORMAL     M    [PRESSURE DATA]
TOTAL FM JAN 1    43    HIGHEST SLP M ON M
DPTR FM NORMAL     M    LOWEST  SLP M ON M

[REMARKS]
