000
CXUS53 KARX 190930
CF6PDC
PRELIMINARY LOCAL CLIMATOLOGICAL DATA (WS FORM: F-6)

                                          STATION:   PRAIRIE_DU_CHIEN_MUN
                                          MONTH:     JANUARY
                                          YEAR:      2017
                                          LATITUDE:   43  1 N
                                          LONGITUDE:  91  7 W

  TEMPERATURE IN F:       :PCPN:    SNOW:  WIND      :SUNSHINE: SKY     :PK WND
================================================================================
1   2   3   4   5  6A  6B    7    8   9   10  11  12  13   14  15   16   17  18
                                     12Z  AVG MX 2MIN
DY MAX MIN AVG DEP HDD CDD  WTR  SNW DPTH SPD SPD DIR MIN PSBL S-S WX    SPD DR
================================================================================

 1  37  14  26   M  39   0 0.00  0.0    2  2.3  7 200   M    M   2         M  M
 2  35  25  30   M  35   0 0.23  0.0    2  4.6  9  70   M    M   9 1       M  M
 3  34   7  21   M  44   0 0.02  0.0    2 12.4 22 280   M    M   7 1      28 270
 4   7   2   5   M  60   0 0.00  0.0    2 15.8 20 260   M    M   1        28 270
 5   7  -1   3   M  62   0 0.00  0.0    2 10.3 15 280   M    M   4        20 280
 6   5  -7  -1   M  66   0 0.00  0.0    2  5.5  8 270   M    M   2         M  M
 7  14  -1   7   M  58   0 0.00  0.0    2  5.9 16 280   M    M   1        22 280
 8  20  -4   8   M  57   0 0.00  0.0    2  5.3 12 180   M    M   3        17 180
 9  29  19  24   M  41   0    M    M    2  5.3 15 110   M    M   8        17 120
10  37  16  27   M  38   0    M    M    2 10.4 27 270   M    M   8        37 270
11  25  14  20   M  45   0    M    M    M  6.7 14 320   M    M   6 1      18 340
12  20   9  15   M  50   0    M    M    M  9.4 16 290   M    M   5        24 290
13  16   6  11   M  54   0 0.00  0.0    M  4.0  9 330   M    M   6         M  M
14  27  13  20   M  45   0 0.00  0.0    M  0.8  6 270   M    M   2         M  M
15  32   9  21   M  44   0 0.00  0.0    M  0.0  M   M   M    M   0         M  M
16  33  21  27   M  38   0 0.46    M    M  1.9  8  80   M    M  10 1       M  M
17  35  33  34   M  31   0 0.06    M    M  1.4  8 260   M    M  10 1       M  M
18  35  31  33   M  32   0 0.00  0.0    M  4.9 13 230   M    M   9 18      M  M
================================================================================
SM  448  206       839   0  0.77     0.0 106.9          M       93
================================================================================
AV 24.9 11.4                               5.9 FASTST   M    M   5    MAX(MPH)
                                 MISC ---->  # 27 270                 37    M
================================================================================
NOTES:
# LAST OF SEVERAL OCCURRENCES

COLUMN 17 PEAK WIND IN M.P.H.

PRELIMINARY LOCAL CLIMATOLOGICAL DATA (WS FORM: F-6) , PAGE 2

                                          STATION:  PRAIRIE_DU_CHIEN_MUN
                                          MONTH:    JANUARY
                                          YEAR:     2017
                                          LATITUDE:   43  1 N
                                          LONGITUDE:  91  7 W

[TEMPERATURE DATA]      [PRECIPITATION DATA]       SYMBOLS USED IN COLUMN 16

AVERAGE MONTHLY: 18.2   TOTAL FOR MONTH:   0.77    1 = FOG OR MIST
DPTR FM NORMAL:     M   DPTR FM NORMAL:       M    2 = FOG REDUCING VISIBILITY
HIGHEST:    37 ON 10, 1 GRTST 24HR  0.46 ON 16-16      TO 1/4 MILE OR LESS
LOWEST:     -7 ON  6                               3 = THUNDER
                        SNOW, ICE PELLETS, HAIL    4 = ICE PELLETS
                        TOTAL MONTH:   0.0 INCH    5 = HAIL
                        GRTST 24HR     0.0         6 = FREEZING RAIN OR DRIZZLE
                        GRTST DEPTH:   2 ON 10, 9  7 = DUSTSTORM OR SANDSTORM:
                                                       VSBY 1/2 MILE OR LESS
                                                   8 = SMOKE OR HAZE
[NO. OF DAYS WITH]      [WEATHER - DAYS WITH]      9 = BLOWING SNOW
                                                   X = TORNADO
MAX 32 OR BELOW:  11    0.01 INCH OR MORE:   4
MAX 90 OR ABOVE:   0    0.10 INCH OR MORE:   2
MIN 32 OR BELOW:  17    0.50 INCH OR MORE:   0
MIN  0 OR BELOW:   4    1.00 INCH OR MORE:   0

[HDD (BASE 65) ]
TOTAL THIS MO.   839    CLEAR  (SCALE 0-3)   7
DPTR FM NORMAL     M    PTCLDY (SCALE 4-7)   6
TOTAL FM JUL 1  3082    CLOUDY (SCALE 8-10)  5
DPTR FM NORMAL     M

[CDD (BASE 65) ]
TOTAL THIS MO.     0
DPTR FM NORMAL     M    [PRESSURE DATA]
TOTAL FM JAN 1     0    HIGHEST SLP M ON M
DPTR FM NORMAL     M    LOWEST  SLP M ON M

[REMARKS]
