897
CXUS56 KPQR 271200
CF6PDX
PRELIMINARY LOCAL CLIMATOLOGICAL DATA (WS FORM: F-6)

                                          STATION:   PORTLAND OR
                                          MONTH:     AUGUST
                                          YEAR:      2016
                                          LATITUDE:   45 35 N
                                          LONGITUDE: 122 36 W

  TEMPERATURE IN F:       :PCPN:    SNOW:  WIND      :SUNSHINE: SKY     :PK WND
================================================================================
1   2   3   4   5  6A  6B    7    8   9   10  11  12  13   14  15   16   17  18
                                     12Z  AVG MX 2MIN
DY MAX MIN AVG DEP HDD CDD  WTR  SNW DPTH SPD SPD DIR MIN PSBL S-S WX    SPD DR
================================================================================

 1  80  56  68  -3   0   3 0.00  0.0    0  7.4 15 320   M    M   4        19 320
 2  76  59  68  -3   0   3 0.00  0.0    0  7.8 20 320   M    M   6        24 320
 3  81  53  67  -4   0   2 0.00  0.0    0  7.8 18 320   M    M   3        27 320
 4  90  61  76   6   0  11 0.00  0.0    0  9.1 21 320   M    M   0        28 310
 5  81  59  70   0   0   5 0.00  0.0    0  8.8 18 310   M    M   1        24 320
 6  75  57  66  -4   0   1 0.00  0.0    0  5.4 13 310   M    M   3        17 300
 7  74  59  67  -3   0   2    T  0.0    0  6.6 18 270   M    M   7        22 270
 8  70  60  65  -5   0   0 0.08  0.0    0  3.8 10 300   M    M   8        12 310
 9  70  57  64  -6   1   0 0.01  0.0    0  5.2 12 310   M    M   9 1      13 310
10  80  59  70   0   0   5 0.00  0.0    0  5.5 15 320   M    M   5        19 330
11  89  61  75   5   0  10 0.00  0.0    0  7.4 15 320   M    M   3        19 320
12  98  64  81  11   0  16 0.00  0.0    0  4.6 13 300   M    M   1        17 280
13  94  66  80  10   0  15 0.00  0.0    0  5.3 13 340   M    M   6        18 320
14  88  60  74   4   0   9 0.00  0.0    0  8.7 18 310   M    M   1        24 320
15  87  60  74   4   0   9 0.00  0.0    0  7.2 17 320   M    M   2        21 320
16  86  59  73   3   0   8 0.00  0.0    0  7.9 17 330   M    M   4        23 320
17  82  59  71   1   0   6 0.00  0.0    0  6.4 14 290   M    M   1        17 320
18  99  61  80  10   0  15 0.00  0.0    0  7.0 17 320   M    M   1        24 320
19 100  64  82  13   0  17 0.00  0.0    0  7.3 21  90   M    M   1        26  90
20 100  64  82  13   0  17 0.00  0.0    0  4.3 12 350   M    M   1        17 340
21  81  58  70   1   0   5 0.00  0.0    0  7.8 18 320   M    M   3        23 320
22  75  53  64  -5   1   0 0.00  0.0    0  6.7 15 300   M    M   4        20 300
23  85  55  70   1   0   5 0.00  0.0    0  6.7 16 320   M    M   2        19 320
24  92  59  76   7   0  11 0.00  0.0    0  6.1 17 320   M    M   1        22 320
25  95  60  78   9   0  13 0.00  0.0    0  4.9 16 310   M    M   2        20 300
26   M   M   M   M   M   M    M    M    M   M   M   M   M    M   M         M  M
================================================================================
SM 2128 1483         2 188  0.09     0.0 165.7          M       79
================================================================================
AV 85.1 59.3                               6.6 FASTST   M    M   3    MAX(MPH)
                                 MISC ---->  # 21 320               # 28  310
================================================================================
NOTES:
# LAST OF SEVERAL OCCURRENCES

COLUMN 17 PEAK WIND IN M.P.H.

PRELIMINARY LOCAL CLIMATOLOGICAL DATA (WS FORM: F-6) , PAGE 2

                                          STATION:  PORTLAND OR
                                          MONTH:    AUGUST
                                          YEAR:     2016
                                          LATITUDE:   45 35 N
                                          LONGITUDE: 122 36 W

[TEMPERATURE DATA]      [PRECIPITATION DATA]       SYMBOLS USED IN COLUMN 16

AVERAGE MONTHLY: 72.2   TOTAL FOR MONTH:   0.09    1 = FOG OR MIST
DPTR FM NORMAL:   2.4   DPTR FM NORMAL:   -0.42    2 = FOG REDUCING VISIBILITY
HIGHEST:   100 ON 20,19 GRTST 24HR  0.09 ON  8- 9      TO 1/4 MILE OR LESS
LOWEST:     53 ON 22, 3                            3 = THUNDER
                        SNOW, ICE PELLETS, HAIL    4 = ICE PELLETS
                        TOTAL MONTH:   0.0 INCH    5 = HAIL
                        GRTST 24HR     0.0         6 = FREEZING RAIN OR DRIZZLE
                        GRTST DEPTH:   0           7 = DUSTSTORM OR SANDSTORM:
                                                       VSBY 1/2 MILE OR LESS
                                                   8 = SMOKE OR HAZE
[NO. OF DAYS WITH]      [WEATHER - DAYS WITH]      9 = BLOWING SNOW
                                                   X = TORNADO
MAX 32 OR BELOW:   0    0.01 INCH OR MORE:   2
MAX 90 OR ABOVE:   8    0.10 INCH OR MORE:   0
MIN 32 OR BELOW:   0    0.50 INCH OR MORE:   0
MIN  0 OR BELOW:   0    1.00 INCH OR MORE:   0

[HDD (BASE 65) ]
TOTAL THIS MO.     2    CLEAR  (SCALE 0-3)  16
DPTR FM NORMAL     2    PTCLDY (SCALE 4-7)   8
TOTAL FM JUL 1     5    CLOUDY (SCALE 8-10)  1
DPTR FM NORMAL   -12

[CDD (BASE 65) ]
TOTAL THIS MO.   188
DPTR FM NORMAL    54    [PRESSURE DATA]
TOTAL FM JAN 1   482    HIGHEST SLP M ON M
DPTR FM NORMAL   137    LOWEST  SLP 29.76 ON 20

[REMARKS]
