000
CXUS56 KFGZ 230900
CF6PGA
PRELIMINARY LOCAL CLIMATOLOGICAL DATA (WS FORM: F-6)

                                          STATION:   PAGE AZ AIRPORT
                                          MONTH:     MARCH
                                          YEAR:      2017
                                          LATITUDE:   36 55 N
                                          LONGITUDE: 111 27 W

  TEMPERATURE IN F:       :PCPN:    SNOW:  WIND      :SUNSHINE: SKY     :PK WND
================================================================================
1   2   3   4   5  6A  6B    7    8   9   10  11  12  13   14  15   16   17  18
                                     12Z  AVG MX 2MIN
DY MAX MIN AVG DEP HDD CDD  WTR  SNW DPTH SPD SPD DIR MIN PSBL S-S WX    SPD DR
================================================================================

 1  49  30  40  -6  25   0 0.00    M    M  2.9  9  40   M    M   0 8      12  20
 2  55  30  43  -3  22   0 0.00    M    M  3.1  9 360   M    M   0 8      13  30
 3  59  31  45  -2  20   0 0.00    M    M  3.0  9  60   M    M   0 8      13  20
 4  65  37  51   4  14   0 0.00    M    M  5.2 15 180   M    M   0 8      22 210
 5  65  44  55   8  10   0 0.00    M    M 11.2 29 210   M    M   1 8      42 220
 6  50  35  43  -5  22   0    T    M    M  9.3 29 280   M    M   3 8      46 270
 7  57  30  44  -4  21   0 0.00    M    M  3.0  9  10   M    M   0 8      14  20
 8  66  37  52   4  13   0 0.00    M    M  3.1  9  40   M    M   0 8      13  40
 9  69  41  55   6  10   0 0.00    M    M  3.6 10  10   M    M   0        12  10
10  72  43  58   9   7   0 0.00    M    M  2.9  9 250   M    M   0        13 240
11  74  51  63  14   2   0 0.00    M    M  4.3  9  60   M    M   0         M  M
12  77  46  62  13   3   0 0.00    M    M  3.1 13  30   M    M   0        14  30
13  74  48  61  11   4   0 0.00    M    M  4.3 10  30   M    M   0        13  40
14  78  49  64  14   1   0 0.00    M    M  3.7  8  40   M    M   0        12  40
15  80  49  65  15   0   0 0.00    M    M  3.3  9  40   M    M   0        13 250
16  81  52  67  17   0   2 0.00    M    M  4.3 10 320   M    M   0        15 230
17  81  53  67  16   0   2 0.00    M    M  3.5  9 210   M    M   0        13 220
18  81  53  67  16   0   2 0.00    M    M  5.3 13  30   M    M   0        17  40
19  81  53  67  16   0   2 0.00    M    M  4.1 10 280   M    M   0        17 230
20  82  53  68  17   0   3 0.00    M    M  5.9 18 210   M    M   0        27 200
21  79  54  67  15   0   2 0.00    M    M  4.7 21 180   M    M   0        32 190
22  74  46  60   8   5   0 0.04    M    M  6.5 22 280   M    M   5        36 260
================================================================================
SM 1549  965       179  13  0.04    M    100.3          M        9
================================================================================
AV 70.4 43.9                               4.6 FASTST   M    M   0    MAX(MPH)
                                 MISC ---->  # 29 210               # 46  270
================================================================================
NOTES:
# LAST OF SEVERAL OCCURRENCES

COLUMN 17 PEAK WIND IN M.P.H.

PRELIMINARY LOCAL CLIMATOLOGICAL DATA (WS FORM: F-6) , PAGE 2

                                          STATION:  PAGE AZ AIRPORT
                                          MONTH:    MARCH
                                          YEAR:     2017
                                          LATITUDE:   36 55 N
                                          LONGITUDE: 111 27 W

[TEMPERATURE DATA]      [PRECIPITATION DATA]       SYMBOLS USED IN COLUMN 16

AVERAGE MONTHLY: 57.1   TOTAL FOR MONTH:   0.04    1 = FOG OR MIST
DPTR FM NORMAL:   8.0   DPTR FM NORMAL:   -0.51    2 = FOG REDUCING VISIBILITY
HIGHEST:    82 ON 20    GRTST 24HR  0.04 ON 22-22      TO 1/4 MILE OR LESS
LOWEST:     30 ON  7, 2                            3 = THUNDER
                        SNOW, ICE PELLETS, HAIL    4 = ICE PELLETS
                        TOTAL MONTH:    M          5 = HAIL
                        GRTST 24HR    M  ON   M    6 = FREEZING RAIN OR DRIZZLE
                        GRTST DEPTH:  M  ON   M    7 = DUSTSTORM OR SANDSTORM:
                                                       VSBY 1/2 MILE OR LESS
                                                   8 = SMOKE OR HAZE
[NO. OF DAYS WITH]      [WEATHER - DAYS WITH]      9 = BLOWING SNOW
                                                   X = TORNADO
MAX 32 OR BELOW:   0    0.01 INCH OR MORE:   1
MAX 90 OR ABOVE:   0    0.10 INCH OR MORE:   0
MIN 32 OR BELOW:   4    0.50 INCH OR MORE:   0
MIN  0 OR BELOW:   0    1.00 INCH OR MORE:   0

[HDD (BASE 65) ]
TOTAL THIS MO.   179    CLEAR  (SCALE 0-3)  21
DPTR FM NORMAL  -171    PTCLDY (SCALE 4-7)   1
TOTAL FM JUL 1  2639    CLOUDY (SCALE 8-10)  0
DPTR FM NORMAL  -906

[CDD (BASE 65) ]
TOTAL THIS MO.    13
DPTR FM NORMAL    13    [PRESSURE DATA]
TOTAL FM JAN 1    13    HIGHEST SLP M ON M
DPTR FM NORMAL    13    LOWEST  SLP 29.69 ON 22

[REMARKS]
