000
CXUS55 KTBW 201000
CF6PGD
PRELIMINARY LOCAL CLIMATOLOGICAL DATA (WS FORM: F-6)

                                          STATION:   Punta Gorda
                                          MONTH:     JULY
                                          YEAR:      2017
                                          LATITUDE:   26 55 N
                                          LONGITUDE:  82  0 W

  TEMPERATURE IN F:       :PCPN:    SNOW:  WIND      :SUNSHINE: SKY     :PK WND
================================================================================
1   2   3   4   5  6A  6B    7    8   9   10  11  12  13   14  15   16   17  18
                                     12Z  AVG MX 2MIN
DY MAX MIN AVG DEP HDD CDD  WTR  SNW DPTH SPD SPD DIR MIN PSBL S-S WX    SPD DR
================================================================================

 1  92  76  84   2   0  19 0.01  0.0    0  5.3 15  40   M    M   1 3      18  40
 2  95  75  85   3   0  20    T  0.0    0  4.6 16 280   M    M   2 3      18 270
 3  97  76  87   4   0  22    T  0.0    0  5.0 20  70   M    M   2 3      24  60
 4  95  76  86   3   0  21 0.06  0.0    0  3.6 29 180   M    M   1 3      35 170
 5  94  74  84   1   0  19 0.42  0.0    0  5.6 33 170   M    M   3 38     46 190
 6  96  74  85   2   0  20 0.23  0.0    0  4.3 24 160   M    M   1 13     30 160
 7  93  73  83   0   0  18    T  0.0    0  3.7 12 330   M    M   1 13     14 270
 8  93  73  83   0   0  18 0.49  0.0    0  4.1 23 100   M    M   3 138    29 110
 9  90  74  82  -1   0  17 0.01  0.0    0  4.8 17 210   M    M   0 3      22 200
10  93  74  84   1   0  19 0.76  0.0    0  6.2 24 130   M    M   1 13     30 130
11  94  73  84   1   0  19 0.07  0.0    0  3.8 18  90   M    M   1 38     23  90
12  94  73  84   1   0  19 0.17  0.0    0  8.1 35  80   M    M   2 13     43  80
13  92  73  83   0   0  18 0.05  0.0    0  8.5 25  80   M    M   2 3      31  70
14  92  76  84   1   0  19    T  0.0    0  5.6 21 150   M    M   2 3      25 150
15  95  74  85   2   0  20 0.04  0.0    0  4.1 17 140   M    M   2 13     24 110
16  96  74  85   2   0  20 0.02  0.0    0  3.3 20 170   M    M   2 138    24 160
17  91  75  83   0   0  18 0.12  0.0    0  3.7 22 170   M    M   3 3      26 160
18  91  75  83   0   0  18 1.41  0.0    0  5.5 17 110   M    M   3 13     23 130
19  86  76  81  -2   0  16 0.03  0.0    0  5.4 13 210   M    M   3 13     15 210
================================================================================
SM 1769 1414         0 360  3.89     0.0  95.2          M       35
================================================================================
AV 93.1 74.4                               5.0 FASTST   M    M   2    MAX(MPH)
                                 MISC ---->  # 35  80               # 46  190
================================================================================
NOTES:
# LAST OF SEVERAL OCCURRENCES

COLUMN 17 PEAK WIND IN M.P.H.

PRELIMINARY LOCAL CLIMATOLOGICAL DATA (WS FORM: F-6) , PAGE 2

                                          STATION:  Punta Gorda
                                          MONTH:    JULY
                                          YEAR:     2017
                                          LATITUDE:   26 55 N
                                          LONGITUDE:  82  0 W

[TEMPERATURE DATA]      [PRECIPITATION DATA]       SYMBOLS USED IN COLUMN 16

AVERAGE MONTHLY: 83.8   TOTAL FOR MONTH:   3.89    1 = FOG OR MIST
DPTR FM NORMAL:   0.9   DPTR FM NORMAL:   -1.01    2 = FOG REDUCING VISIBILITY
HIGHEST:    97 ON  3    GRTST 24HR  1.41 ON 18-18      TO 1/4 MILE OR LESS
LOWEST:     73 ON 13,12                            3 = THUNDER
                        SNOW, ICE PELLETS, HAIL    4 = ICE PELLETS
                        TOTAL MONTH:   0.0 INCH    5 = HAIL
                        GRTST 24HR     0.0         6 = FREEZING RAIN OR DRIZZLE
                        GRTST DEPTH:   0           7 = DUSTSTORM OR SANDSTORM:
                                                       VSBY 1/2 MILE OR LESS
                                                   8 = SMOKE OR HAZE
[NO. OF DAYS WITH]      [WEATHER - DAYS WITH]      9 = BLOWING SNOW
                                                   X = TORNADO
MAX 32 OR BELOW:   0    0.01 INCH OR MORE:  15
MAX 90 OR ABOVE:  18    0.10 INCH OR MORE:   7
MIN 32 OR BELOW:   0    0.50 INCH OR MORE:   2
MIN  0 OR BELOW:   0    1.00 INCH OR MORE:   1

[HDD (BASE 65) ]
TOTAL THIS MO.     0    CLEAR  (SCALE 0-3)  19
DPTR FM NORMAL     0    PTCLDY (SCALE 4-7)   0
TOTAL FM JUL 1     0    CLOUDY (SCALE 8-10)  0
DPTR FM NORMAL     0

[CDD (BASE 65) ]
TOTAL THIS MO.   360
DPTR FM NORMAL    19    [PRESSURE DATA]
TOTAL FM JAN 1  1892    HIGHEST SLP M ON M
DPTR FM NORMAL   177    LOWEST  SLP 29.92 ON 16

[REMARKS]
