000
CXUS55 KTBW 011000
CF6PGD
PRELIMINARY LOCAL CLIMATOLOGICAL DATA (WS FORM: F-6)

                                          STATION:   Punta Gorda
                                          MONTH:     JULY
                                          YEAR:      2015
                                          LATITUDE:   26 55 N
                                          LONGITUDE:  82  0 W

  TEMPERATURE IN F:       :PCPN:    SNOW:  WIND      :SUNSHINE: SKY     :PK WND
================================================================================
1   2   3   4   5  6A  6B    7    8   9   10  11  12  13   14  15   16   17  18
                                     12Z  AVG MX 2MIN
DY MAX MIN AVG DEP HDD CDD  WTR  SNW DPTH SPD SPD DIR MIN PSBL S-S WX    SPD DR
================================================================================

 1  95  73  84   2   0  19 0.39  0.0    0  5.9 32 110   M    M   1 38     44 100
 2  93  71  82   0   0  17    T  0.0    0  5.7 25  70   M    M   1 38     31  70
 3  95  70  83   0   0  18 2.21  0.0    0  4.4 36  70   M    M   2 13     52  80
 4  93  71  82  -1   0  17 0.00  0.0    0  5.0 25 110   M    M   0 3      34 110
 5  94  72  83   0   0  18 0.13  0.0    0  8.4 23  10   M    M   2 138    31 230
 6  92  71  82  -1   0  17 0.33  0.0    0  3.8 22  90   M    M   1 13     28  80
 7  92  72  82  -1   0  17 0.01  0.0    0  4.1 21 130   M    M   1 13     28 150
 8  93  71  82  -1   0  17 0.05  0.0    0  6.1 22 160   M    M   1 13     30 170
 9  94  72  83   0   0  18    T  0.0    0  6.1 17  80   M    M   1 3      23  80
10  95  71  83   0   0  18    T  0.0    0  4.7 12 110   M    M   3 3      17  90
11  94  71  83   0   0  18 0.00  0.0    0  4.9 13 300   M    M   1        16 310
12  92  75  84   1   0  19 0.40  0.0    0  5.1 18 340   M    M   2 13     23 320
13  93  73  83   0   0  18 0.00  0.0    0  5.1 14 260   M    M   0 13     18 240
14  90  77  84   1   0  19    T  0.0    0  6.7 16 280   M    M   1 3      21 280
15  87  73  80  -3   0  15 0.26  0.0    0  6.2 28  10   M    M   2 138    35  20
16  89  74  82  -1   0  17 0.68  0.0    0  7.1 28 240   M    M   3 138    36 240
17  89  74  82  -1   0  17 0.87  0.0    0  6.7 22 310   M    M   5 13     40 310
18  90  74  82  -1   0  17 0.01  0.0    0  6.7 15 200   M    M   2 3      19 270
19  90  73  82  -1   0  17    T  0.0    0  5.3 16 210   M    M   1 3      20 220
20  91  75  83   0   0  18 0.00  0.0    0  6.6 16 240   M    M   1 3      31 270
21  91  75  83   0   0  18 0.00  0.0    0  7.0 18 230   M    M   1        21 240
22  92  76  84   1   0  19    T  0.0    0  6.6 16 270   M    M   2 3      21 270
23  92  77  85   2   0  20 0.02  0.0    0  6.5 17 320   M    M   2 3      22 320
24  89  74  82  -1   0  17 0.69  0.0    0  6.7 31 330   M    M   2 13     40 330
25  84  75  80  -3   0  15 0.80  0.0    0  6.6 25 290   M    M   5 13     30 290
26  81  75  78  -5   0  13 0.69  0.0    0  7.5 17 260   M    M   7 1      23 200
27  86  75  81  -2   0  16 0.24  0.0    0  9.1 24 210   M    M   4 1      33 200
28  89  76  83   0   0  18 0.09  0.0    0  9.1 20 250   M    M   3 1      26 270
29  84  75  80  -3   0  15 0.78  0.0    0  5.9 17  10   M    M   4 138    19  20
30  90  76  83   0   0  18    T  0.0    0  8.0 23 250   M    M   3 3      30 260
31  90  73  82  -1   0  17 0.76  0.0    0  6.0 26 310   M    M   2 13     36 300
================================================================================
SM 2809 2280         0 537  9.41     0.0 193.6          M       66
================================================================================
AV 90.6 73.5                               6.2 FASTST   M    M   2    MAX(MPH)
                                 MISC ---->  # 36  70               # 52   80
================================================================================
NOTES:
# LAST OF SEVERAL OCCURRENCES

COLUMN 17 PEAK WIND IN M.P.H.

PRELIMINARY LOCAL CLIMATOLOGICAL DATA (WS FORM: F-6) , PAGE 2

                                          STATION:  Punta Gorda
                                          MONTH:    JULY
                                          YEAR:     2015
                                          LATITUDE:   26 55 N
                                          LONGITUDE:  82  0 W

[TEMPERATURE DATA]      [PRECIPITATION DATA]       SYMBOLS USED IN COLUMN 16

AVERAGE MONTHLY: 82.1   TOTAL FOR MONTH:   9.41    1 = FOG OR MIST
DPTR FM NORMAL:  -0.9   DPTR FM NORMAL:    1.52    2 = FOG REDUCING VISIBILITY
HIGHEST:    95 ON 10, 3 GRTST 24HR  2.21 ON  3- 3      TO 1/4 MILE OR LESS
LOWEST:     70 ON  3                               3 = THUNDER
                        SNOW, ICE PELLETS, HAIL    4 = ICE PELLETS
                        TOTAL MONTH:   0.0 INCH    5 = HAIL
                        GRTST 24HR     0.0         6 = FREEZING RAIN OR DRIZZLE
                        GRTST DEPTH:   0           7 = DUSTSTORM OR SANDSTORM:
                                                       VSBY 1/2 MILE OR LESS
                                                   8 = SMOKE OR HAZE
[NO. OF DAYS WITH]      [WEATHER - DAYS WITH]      9 = BLOWING SNOW
                                                   X = TORNADO
MAX 32 OR BELOW:   0    0.01 INCH OR MORE:  19
MAX 90 OR ABOVE:  22    0.10 INCH OR MORE:  14
MIN 32 OR BELOW:   0    0.50 INCH OR MORE:   8
MIN  0 OR BELOW:   0    1.00 INCH OR MORE:   1

[HDD (BASE 65) ]
TOTAL THIS MO.     0    CLEAR  (SCALE 0-3)  26
DPTR FM NORMAL     0    PTCLDY (SCALE 4-7)   5
TOTAL FM JUL 1     0    CLOUDY (SCALE 8-10)  0
DPTR FM NORMAL     0

[CDD (BASE 65) ]
TOTAL THIS MO.   537
DPTR FM NORMAL   -21    [PRESSURE DATA]
TOTAL FM JAN 1  2152    HIGHEST SLP 30.25 ON  5
DPTR FM NORMAL   220    LOWEST  SLP 29.87 ON 26

[REMARKS]
#FINAL-07-15#
