000
CXUS55 KTBW 231421
CF6PGD
PRELIMINARY LOCAL CLIMATOLOGICAL DATA (WS FORM: F-6)

                                          STATION:   Punta Gorda
                                          MONTH:     APRIL
                                          YEAR:      2017
                                          LATITUDE:   26 55 N
                                          LONGITUDE:  82  0 W

  TEMPERATURE IN F:       :PCPN:    SNOW:  WIND      :SUNSHINE: SKY     :PK WND
================================================================================
1   2   3   4   5  6A  6B    7    8   9   10  11  12  13   14  15   16   17  18
                                     12Z  AVG MX 2MIN
DY MAX MIN AVG DEP HDD CDD  WTR  SNW DPTH SPD SPD DIR MIN PSBL S-S WX    SPD DR
================================================================================

 1  88  59  74   4   0   9 0.00  0.0    0  5.1 15 250   M    M   4 12     17 250
 2  91  61  76   6   0  11 0.00  0.0    0  6.7 20 260   M    M   2 123    22 250
 3  94  66  80  10   0  15 0.00  0.0    0 11.9 22 220   M    M   2 1      29 220
 4  89  67  78   8   0  13 0.00  0.0    0 10.3 21 180   M    M   1 12     26 200
 5  92  65  79   9   0  14 0.00  0.0    0 10.3 22 240   M    M   2 12     29 220
 6  85  62  74   3   0   9 1.43  0.0    0 11.5 26 270   M    M   3 13     37 290
 7  77  56  67  -4   0   2 0.00  0.0    0 10.9 22 350   M    M   0        30 340
 8  79  49  64  -7   1   0 0.00  0.0    0  7.8 18 320   M    M   0        23 280
 9  85  50  68  -3   0   3 0.00  0.0    0  9.8 18  50   M    M   1        26  60
10  87  53  70  -1   0   5    T  0.0    0 10.5 18 100   M    M   3        24  60
11  88  52  70  -1   0   5 0.00  0.0    0  8.0 17 130   M    M   2 1      24 130
12  86  57  72   1   0   7    T  0.0    0  9.6 18  80   M    M   5        23  90
13  87  61  74   3   0   9 0.00  0.0    0  9.8 18  50   M    M   4        23 110
14  88  56  72   0   0   7 0.00  0.0    0 10.6 23  60   M    M   2        29 100
15  88  59  74   2   0   9 0.00  0.0    0 10.8 23 110   M    M   2        32  80
16  88  59  74   2   0   9    T  0.0    0  8.4 17 130   M    M   4        23  40
17  87  58  73   1   0   8 0.00  0.0    0  5.1 14 220   M    M   5 1      17 120
18  87  65  76   4   0  11    T  0.0    0  7.3 15 130   M    M   9        20 130
19  88  62  75   3   0  10 0.00  0.0    0  9.2 22 130   M    M   2 1      28 130
20  90  60  75   3   0  10 0.00  0.0    0 10.5 18  80   M    M   3        25 100
21  91  58  75   3   0  10 0.00  0.0    0  8.1 21 100   M    M   1 8      26 100
22  84  60  72  -1   0   7 0.14  0.0    0  6.4 16 150   M    M   4 18     21 150
================================================================================
SM 1919 1295         1 183  1.57     0.0 198.6          M       61
================================================================================
AV 87.2 58.9                               9.0 FASTST   M    M   3    MAX(MPH)
                                 MISC ---->  # 26 270               # 37  290
================================================================================
NOTES:
# LAST OF SEVERAL OCCURRENCES

COLUMN 17 PEAK WIND IN M.P.H.

PRELIMINARY LOCAL CLIMATOLOGICAL DATA (WS FORM: F-6) , PAGE 2

                                          STATION:  Punta Gorda
                                          MONTH:    APRIL
                                          YEAR:     2017
                                          LATITUDE:   26 55 N
                                          LONGITUDE:  82  0 W

[TEMPERATURE DATA]      [PRECIPITATION DATA]       SYMBOLS USED IN COLUMN 16

AVERAGE MONTHLY: 73.1   TOTAL FOR MONTH:   1.57    1 = FOG OR MIST
DPTR FM NORMAL:   1.8   DPTR FM NORMAL:   -0.20    2 = FOG REDUCING VISIBILITY
HIGHEST:    94 ON  3    GRTST 24HR  1.43 ON  6- 6      TO 1/4 MILE OR LESS
LOWEST:     49 ON  8                               3 = THUNDER
                        SNOW, ICE PELLETS, HAIL    4 = ICE PELLETS
                        TOTAL MONTH:   0.0 INCH    5 = HAIL
                        GRTST 24HR     0.0         6 = FREEZING RAIN OR DRIZZLE
                        GRTST DEPTH:   0           7 = DUSTSTORM OR SANDSTORM:
                                                       VSBY 1/2 MILE OR LESS
                                                   8 = SMOKE OR HAZE
[NO. OF DAYS WITH]      [WEATHER - DAYS WITH]      9 = BLOWING SNOW
                                                   X = TORNADO
MAX 32 OR BELOW:   0    0.01 INCH OR MORE:   2
MAX 90 OR ABOVE:   5    0.10 INCH OR MORE:   2
MIN 32 OR BELOW:   0    0.50 INCH OR MORE:   1
MIN  0 OR BELOW:   0    1.00 INCH OR MORE:   1

[HDD (BASE 65) ]
TOTAL THIS MO.     1    CLEAR  (SCALE 0-3)  15
DPTR FM NORMAL    -2    PTCLDY (SCALE 4-7)   6
TOTAL FM JUL 1   173    CLOUDY (SCALE 8-10)  1
DPTR FM NORMAL  -219

[CDD (BASE 65) ]
TOTAL THIS MO.   183
DPTR FM NORMAL    38    [PRESSURE DATA]
TOTAL FM JAN 1   483    HIGHEST SLP M ON M
DPTR FM NORMAL    61    LOWEST  SLP 29.90 ON 22

[REMARKS]
