000
CXUS51 KPBZ 280901
CF6PHD
PRELIMINARY LOCAL CLIMATOLOGICAL DATA (WS FORM: F-6)

                                          STATION:   NEW PHILADELPHIA OH
                                          MONTH:     FEBRUARY
                                          YEAR:      2015
                                          LATITUDE:   40 28 N
                                          LONGITUDE:  81 25 W

  TEMPERATURE IN F:       :PCPN:    SNOW:  WIND      :SUNSHINE: SKY     :PK WND
================================================================================
1   2   3   4   5  6A  6B    7    8   9   10  11  12  13   14  15   16   17  18
                                     12Z  AVG MX 2MIN
DY MAX MIN AVG DEP HDD CDD  WTR  SNW DPTH SPD SPD DIR MIN PSBL S-S WX    SPD DR
================================================================================

 1  39  27  33   3  32   0 0.48    M    M  4.6 13 130   M    M  10 18     19 130
 2  41  10  26  -4  39   0 0.06    M    M 11.7 21 330   M    M   9 1      33 320
 3  29   9  19 -11  46   0    T    M    M  4.6 14 270   M    M   6        21 280
 4  41  26  34   4  31   0 0.11    M    M  6.8 18 330   M    M   8 1      25 340
 5  26   1  14 -16  51   0 0.01    M    M  7.2 16 330   M    M   4 1      25 360
 6  30   0  15 -15  50   0 0.00    M    M  5.5 13 240   M    M   5        17 260
 7  48  23  36   6  29   0 0.00    M    M  5.4 15 230   M    M   2        21 220
 8  53  36  45  15  20   0 0.10    M    M  3.8 13 210   M    M   4 128    20 240
 9  48  22  35   4  30   0 0.06    M    M  9.7 15 360   M    M  10 1      22 350
10  34  20  27  -4  38   0    T    M    M  5.7 14 300   M    M   6 8      18 320
11  39  18  29  -2  36   0 0.02    M    M  4.2 13 250   M    M   5 18     18 240
12  34   7  21 -10  44   0 0.02    M    M 11.0 23 330   M    M   8 18     29 350
13  24   2  13 -18  52   0    T    M    M  4.9 12 210   M    M   2        17 220
14  30   4  17 -14  48   0 0.02    M    M 12.0 28 340   M    M   9 128    38 300
15   6  -5   1 -30  64   0 0.00    M    M  8.1 17 300   M    M   2        24 310
16  12  -5   4 -28  61   0    T    M    M  3.5 10  40   M    M   5 8      15  30
17  22  -5   9 -23  56   0    T    M    M  3.4 12 210   M    M   5 8      17 250
18  21   7  14 -18  51   0 0.03    M    M  8.0 18 290   M    M   8 8      27 300
19   8   0   4 -28  61   0    T    M    M  7.7 17 310   M    M   8 8      23 310
20  13 -12   1 -31  64   0    T    M    M  3.8 13 160   M    M   2 18     18 160
21  36  13  25  -8  40   0 0.36    M    M  4.6  9 190   M    M  10 128    15 190
22  34  19  27  -6  38   0    T    M    M  5.6 16 320   M    M   8 18     21 320
23  23  -7   8 -25  57   0    T    M    M  7.6 20 360   M    M   2 8      28 350
24  28 -15   7 -26  58   0 0.00    M    M  5.9 17 250   M    M   3 8      27 240
25  34  21  28  -6  37   0 0.00    M    M  7.4 14 250   M    M   2        21 270
26  20  11  16 -18  49   0    T    M    M  8.4 14 350   M    M   9 8      18 320
27  19   0  10 -24  55   0 0.00    M    M  3.5 10 330   M    M   0 8      14 300
================================================================================
SM  792  227      1237   0  1.27    M    174.6          M      152
================================================================================
AV 29.3  8.4                               6.5 FASTST   M    M   6    MAX(MPH)
                                 MISC ---->  # 28 340               # 38  300
================================================================================
NOTES:
# LAST OF SEVERAL OCCURRENCES

COLUMN 17 PEAK WIND IN M.P.H.

PRELIMINARY LOCAL CLIMATOLOGICAL DATA (WS FORM: F-6) , PAGE 2

                                          STATION:  NEW PHILADELPHIA OH
                                          MONTH:    FEBRUARY
                                          YEAR:     2015
                                          LATITUDE:   40 28 N
                                          LONGITUDE:  81 25 W

[TEMPERATURE DATA]      [PRECIPITATION DATA]       SYMBOLS USED IN COLUMN 16

AVERAGE MONTHLY: 18.9   TOTAL FOR MONTH:   1.27    1 = FOG OR MIST
DPTR FM NORMAL: -12.6   DPTR FM NORMAL:   -0.99    2 = FOG REDUCING VISIBILITY
HIGHEST:    53 ON  8    GRTST 24HR  0.54 ON  1- 2      TO 1/4 MILE OR LESS
LOWEST:    -15 ON 24                               3 = THUNDER
                        SNOW, ICE PELLETS, HAIL    4 = ICE PELLETS
                        TOTAL MONTH:    M          5 = HAIL
                        GRTST 24HR    M  ON   M    6 = FREEZING RAIN OR DRIZZLE
                        GRTST DEPTH:  M  ON   M    7 = DUSTSTORM OR SANDSTORM:
                                                       VSBY 1/2 MILE OR LESS
                                                   8 = SMOKE OR HAZE
[NO. OF DAYS WITH]      [WEATHER - DAYS WITH]      9 = BLOWING SNOW
                                                   X = TORNADO
MAX 32 OR BELOW:  15    0.01 INCH OR MORE:  11
MAX 90 OR ABOVE:   0    0.10 INCH OR MORE:   4
MIN 32 OR BELOW:  26    0.50 INCH OR MORE:   0
MIN  0 OR BELOW:   9    1.00 INCH OR MORE:   0

[HDD (BASE 65) ]
TOTAL THIS MO.  1237    CLEAR  (SCALE 0-3)   7
DPTR FM NORMAL   333    PTCLDY (SCALE 4-7)  12
TOTAL FM JUL 1  4566    CLOUDY (SCALE 8-10)  8
DPTR FM NORMAL   390

[CDD (BASE 65) ]
TOTAL THIS MO.     0
DPTR FM NORMAL     0    [PRESSURE DATA]
TOTAL FM JAN 1     0    HIGHEST SLP M ON M
DPTR FM NORMAL     0    LOWEST  SLP 29.44 ON  2

[REMARKS]
