000
CXUS51 KPHI 250800
CF6PHL
PRELIMINARY LOCAL CLIMATOLOGICAL DATA (WS FORM: F-6)

                                          STATION:   PHILADELPHIA PA
                                          MONTH:     MAY
                                          YEAR:      2015
                                          LATITUDE:   39 52 N
                                          LONGITUDE:  75 15 W

  TEMPERATURE IN F:       :PCPN:    SNOW:  WIND      :SUNSHINE: SKY     :PK WND
================================================================================
1   2   3   4   5  6A  6B    7    8   9   10  11  12  13   14  15   16   17  18
                                     12Z  AVG MX 2MIN
DY MAX MIN AVG DEP HDD CDD  WTR  SNW DPTH SPD SPD DIR MIN PSBL S-S WX    SPD DR
================================================================================

 1  64  49  57  -2   8   0 0.00  0.0    0  8.2 16  50   M    M   9        22  80
 2  74  47  61   1   4   0 0.00  0.0    0  4.6 14 180   M    M   4        18 160
 3  81  49  65   5   0   0 0.00  0.0    0  4.6 15 130   M    M   4        19 150
 4  85  54  70  10   0   5 0.00  0.0    0  8.3 22 220   M    M   2        29 220
 5  85  62  74  14   0   9 0.00  0.0    0  8.2 18 240   M    M   6        21 240
 6  77  57  67   6   0   2    T  0.0    0  7.4 20  40   M    M   8 1      25  80
 7  81  57  69   8   0   4 0.00  0.0    0  5.3 13 190   M    M   4        17 260
 8  83  55  69   8   0   4 0.00  0.0    0  5.2 15 250   M    M   5 128    19 260
 9  80  60  70   8   0   5 0.03  0.0    0  5.1 13  90   M    M   8 18     16  90
10  84  67  76  14   0  11    T  0.0    0  7.1 21 250   M    M   8 1      24 250
11  84  69  77  15   0  12    T  0.0    0  6.8 18 190   M    M   8 1      22 180
12  88  66  77  14   0  12 0.00  0.0    0 13.3 29 320   M    M   6        37 320
13  72  54  63   0   2   0 0.00  0.0    0 15.7 28 320   M    M   7        35 320
14  72  50  61  -2   4   0 0.00  0.0    0  8.5 16 340   M    M   4        22 340
15  76  54  65   1   0   0 0.00  0.0    0  8.6 17 190   M    M   7        23 190
16  86  59  73   9   0   8 0.33  0.0    0  7.0 28 280   M    M   8 13     34 280
17  84  68  76  12   0  11 0.01  0.0    0  6.9 15 250   M    M   7 1      19 250
18  87  61  74  10   0   9 0.03  0.0    0  7.2 18  80   M    M   7 18     25  70
19  83  61  72   7   0   7 0.01  0.0    0  7.3 17 230   M    M   6 18     37 200
20  75  58  67   2   0   2 0.00  0.0    0 13.0 26 340   M    M   6        31 320
21  58  51  55 -10  10   0 0.18  0.0    0  5.0 16  10   M    M  10        20  10
22  77  53  65  -1   0   0 0.00  0.0    0 13.7 28 270   M    M   3        36 250
23  71  51  61  -5   4   0 0.00  0.0    0  9.4 18 330   M    M   2        25 360
24  82  52  67   1   0   2 0.00  0.0    0  9.0 17 240   M    M   4        22 230
================================================================================
SM 1889 1364        32 103  0.59     0.0 195.4          M      143
================================================================================
AV 78.7 56.8                               8.1 FASTST   M    M   6    MAX(MPH)
                                 MISC ---->  # 29 320               # 37  320
================================================================================
NOTES:
# LAST OF SEVERAL OCCURRENCES

COLUMN 17 PEAK WIND IN M.P.H.

PRELIMINARY LOCAL CLIMATOLOGICAL DATA (WS FORM: F-6) , PAGE 2

                                          STATION:  PHILADELPHIA PA
                                          MONTH:    MAY
                                          YEAR:     2015
                                          LATITUDE:   39 52 N
                                          LONGITUDE:  75 15 W

[TEMPERATURE DATA]      [PRECIPITATION DATA]       SYMBOLS USED IN COLUMN 16

AVERAGE MONTHLY: 67.8   TOTAL FOR MONTH:   0.59    1 = FOG OR MIST
DPTR FM NORMAL:   5.0   DPTR FM NORMAL:   -2.25    2 = FOG REDUCING VISIBILITY
HIGHEST:    88 ON 12    GRTST 24HR  0.34 ON 16-17      TO 1/4 MILE OR LESS
LOWEST:     47 ON  2                               3 = THUNDER
                        SNOW, ICE PELLETS, HAIL    4 = ICE PELLETS
                        TOTAL MONTH:   0.0 INCH    5 = HAIL
                        GRTST 24HR     0.0         6 = FREEZING RAIN OR DRIZZLE
                        GRTST DEPTH:   0           7 = DUSTSTORM OR SANDSTORM:
                                                       VSBY 1/2 MILE OR LESS
                                                   8 = SMOKE OR HAZE
[NO. OF DAYS WITH]      [WEATHER - DAYS WITH]      9 = BLOWING SNOW
                                                   X = TORNADO
MAX 32 OR BELOW:   0    0.01 INCH OR MORE:   6
MAX 90 OR ABOVE:   0    0.10 INCH OR MORE:   2
MIN 32 OR BELOW:   0    0.50 INCH OR MORE:   0
MIN  0 OR BELOW:   0    1.00 INCH OR MORE:   0

[HDD (BASE 65) ]
TOTAL THIS MO.    32    CLEAR  (SCALE 0-3)   3
DPTR FM NORMAL   -67    PTCLDY (SCALE 4-7)  19
TOTAL FM JUL 1  4764    CLOUDY (SCALE 8-10)  2
DPTR FM NORMAL   175

[CDD (BASE 65) ]
TOTAL THIS MO.   103
DPTR FM NORMAL    56    [PRESSURE DATA]
TOTAL FM JAN 1   106    HIGHEST SLP M ON M
DPTR FM NORMAL    46    LOWEST  SLP 29.80 ON M

[REMARKS]
