000
CXUS51 KPHI 270800
CF6PHL
PRELIMINARY LOCAL CLIMATOLOGICAL DATA (WS FORM: F-6)

                                          STATION:   PHILADELPHIA PA
                                          MONTH:     APRIL
                                          YEAR:      2017
                                          LATITUDE:   39 52 N
                                          LONGITUDE:  75 15 W

  TEMPERATURE IN F:       :PCPN:    SNOW:  WIND      :SUNSHINE: SKY     :PK WND
================================================================================
1   2   3   4   5  6A  6B    7    8   9   10  11  12  13   14  15   16   17  18
                                     12Z  AVG MX 2MIN
DY MAX MIN AVG DEP HDD CDD  WTR  SNW DPTH SPD SPD DIR MIN PSBL S-S WX    SPD DR
================================================================================

 1  53  39  46  -3  19   0    T  0.0    0 13.5 24 330   M    M   8 1      28 320
 2  63  41  52   3  13   0 0.00  0.0    0  9.8 20 320   M    M   4        28 340
 3  68  43  56   6   9   0 0.23  0.0    0  7.3 20 160   M    M   9 1      27 180
 4  75  53  64  14   1   0 0.17  0.0    0 12.1 22 240   M    M   8 1      27 160
 5  69  50  60  10   5   0 0.00  0.0    0  9.3 20 310   M    M   5        26 340
 6  59  46  53   2  12   0 1.53  0.0    0 15.0 32 260   M    M   8 13     39 220
 7  51  42  47  -4  18   0    T  0.0    0 19.0 29 290   M    M   9        38 290
 8  60  39  50  -1  15   0 0.00  0.0    0 13.2 24 300   M    M   3        35 320
 9  69  37  53   1  12   0 0.00  0.0    0  6.8 15 190   M    M   3        20 220
10  80  46  63  11   2   0 0.00  0.0    0  8.4 23 230   M    M   6        29 230
11  82  54  68  16   0   3 0.00  0.0    0  7.5 13 180   M    M   4        18 210
12  77  55  66  13   0   1 0.00  0.0    0  8.6 20 270   M    M   5        24 270
13  66  48  57   4   8   0 0.00  0.0    0 10.8 18 350   M    M   6        24  10
14  69  49  59   5   6   0 0.00  0.0    0  5.4 16 150   M    M   4        20 150
15  66  46  56   2   9   0    T  0.0    0  4.6 17 180   M    M   8        23 200
16  87  57  72  18   0   7    T  0.0    0 13.0 29 270   M    M   7 1      36 280
17  72  60  66  11   0   1 0.06  0.0    0  7.9 18 310   M    M   8        26 330
18  69  47  58   3   7   0 0.00  0.0    0  8.8 18 170   M    M   4        26 350
19  63  45  54  -1  11   0 0.00  0.0    0  8.2 16 190   M    M   8        21 190
20  77  54  66  10   0   1 0.06  0.0    0  5.3 17 120   M    M   8 1      21 120
21  63  52  58   2   7   0 0.31  0.0    0  7.6 15  80   M    M   9 13     20  90
22  58  47  53  -3  12   0 0.09  0.0    0  7.7 15  10   M    M  10 18     25 340
23  66  46  56  -1   9   0 0.00  0.0    0  6.9 16 190   M    M   7        20  20
24  60  49  55  -2  10   0 0.02  0.0    0  9.5 18  80   M    M  10        25  90
25  57  52  55  -2  10   0 0.60  0.0    0 16.5 23  80   M    M  10 1      33  50
26  65  56  61   3   4   0 0.04  0.0    0  7.2 22  40   M    M  10 1      27  40
================================================================================
SM 1744 1253       199  13  3.11     0.0 249.9          M      181
================================================================================
AV 67.1 48.2                               9.6 FASTST   M    M   7    MAX(MPH)
                                 MISC ---->  # 32 260               # 39  220
================================================================================
NOTES:
# LAST OF SEVERAL OCCURRENCES

COLUMN 17 PEAK WIND IN M.P.H.

PRELIMINARY LOCAL CLIMATOLOGICAL DATA (WS FORM: F-6) , PAGE 2

                                          STATION:  PHILADELPHIA PA
                                          MONTH:    APRIL
                                          YEAR:     2017
                                          LATITUDE:   39 52 N
                                          LONGITUDE:  75 15 W

[TEMPERATURE DATA]      [PRECIPITATION DATA]       SYMBOLS USED IN COLUMN 16

AVERAGE MONTHLY: 57.6   TOTAL FOR MONTH:   3.11    1 = FOG OR MIST
DPTR FM NORMAL:   4.3   DPTR FM NORMAL:    0.00    2 = FOG REDUCING VISIBILITY
HIGHEST:    87 ON 16    GRTST 24HR  1.53 ON  6- 6      TO 1/4 MILE OR LESS
LOWEST:     37 ON  9                               3 = THUNDER
                        SNOW, ICE PELLETS, HAIL    4 = ICE PELLETS
                        TOTAL MONTH:   0.0 INCH    5 = HAIL
                        GRTST 24HR     0.0         6 = FREEZING RAIN OR DRIZZLE
                        GRTST DEPTH:   0           7 = DUSTSTORM OR SANDSTORM:
                                                       VSBY 1/2 MILE OR LESS
                                                   8 = SMOKE OR HAZE
[NO. OF DAYS WITH]      [WEATHER - DAYS WITH]      9 = BLOWING SNOW
                                                   X = TORNADO
MAX 32 OR BELOW:   0    0.01 INCH OR MORE:  10
MAX 90 OR ABOVE:   0    0.10 INCH OR MORE:   5
MIN 32 OR BELOW:   0    0.50 INCH OR MORE:   2
MIN  0 OR BELOW:   0    1.00 INCH OR MORE:   1

[HDD (BASE 65) ]
TOTAL THIS MO.   199    CLEAR  (SCALE 0-3)   1
DPTR FM NORMAL  -115    PTCLDY (SCALE 4-7)  16
TOTAL FM JUL 1  3728    CLOUDY (SCALE 8-10)  9
DPTR FM NORMAL  -733

[CDD (BASE 65) ]
TOTAL THIS MO.    13
DPTR FM NORMAL     5    [PRESSURE DATA]
TOTAL FM JAN 1    13    HIGHEST SLP M ON M
DPTR FM NORMAL     4    LOWEST  SLP 29.21 ON  6

[REMARKS]
