000
CXUS53 KUNR 240945
CF6PHP
PRELIMINARY LOCAL CLIMATOLOGICAL DATA (WS FORM: F-6)

                                          STATION:   PHILIP SD
                                          MONTH:     FEBRUARY
                                          YEAR:      2018
                                          LATITUDE:   44  3 N
                                          LONGITUDE: 101 36 W

  TEMPERATURE IN F:       :PCPN:    SNOW:  WIND      :SUNSHINE: SKY     :PK WND
================================================================================
1   2   3   4   5  6A  6B    7    8   9   10  11  12  13   14  15   16   17  18
                                     12Z  AVG MX 2MIN
DY MAX MIN AVG DEP HDD CDD  WTR  SNW DPTH SPD SPD DIR MIN PSBL S-S WX    SPD DR
================================================================================

 1  21   0  11 -12  54   0 0.00    M    M  5.9 13 330   M    M   1        17 330
 2  45   5  25   1  40   0 0.00    M    M  4.0 12  80   M    M   7        14  80
 3  42   2  22  -2  43   0 0.02    M    M 14.3 26 330   M    M   8 1      31  10
 4  12  -6   3 -21  62   0    T    M    M  8.4 22 360   M    M   3 189    27 360
 5  15  -7   4 -20  61   0 0.19    M    M 11.4 25 340   M    M   6 16     29 340
 6  27   1  14 -10  51   0    T    M    M  9.3 25 330   M    M   6 1      35 340
 7  26  -6  10 -14  55   0    T    M    M  5.2 18 140   M    M   7 1      21 140
 8  20   6  13 -11  52   0 0.23    M    M 14.0 22  40   M    M   9 1      27  40
 9   6  -7   0 -24  65   0 0.06    M    M  7.0 14  10   M    M   9 18     16  20
10   9 -16  -3 -28  68   0 0.00    M    M  8.9 15 260   M    M   0        18 250
11  20  -3   9 -16  56   0    T    M    M  8.1 17 260   M    M   1        19  30
12  15   2   9 -16  56   0    T    M    M 12.5 21 110   M    M  10 1      24 110
13  34   0  17  -8  48   0 0.00    M    M  6.5 18 260   M    M   2        22 260
14  45   8  27   2  38   0 0.00    M    M  8.0 16 260   M    M   1        20 260
15  31  -1  15 -11  50   0 0.09    M    M 12.6 36 340   M    M   5 12     43 340
16  35  -8  14 -12  51   0 0.00    M    M  6.0 23 240   M    M   2        26 240
17  32  14  23  -3  42   0    T    M    M 10.1 22 320   M    M   4        27 320
18  33   8  21  -5  44   0 0.01    M    M 16.7 28 360   M    M   7 1      33 350
19   8   2   5 -21  60   0 0.29    M    M 15.3 23 360   M    M  10 1      26 360
20  12 -19  -3 -30  68   0 0.01    M    M  9.5 18 330   M    M   4 1      21 330
21  13 -21  -4 -31  69   0    T    M    M  4.4 14  40   M    M   0        17  40
22  19  -9   5 -22  60   0 0.11    M    M  5.8 14 290   M    M   6 1      17 280
23  16  -7   5 -23  60   0 0.00    M    M  6.5 15 260   M    M   1        17 260
================================================================================
SM  536  -62      1253   0  1.01    M    210.4          M      109
================================================================================
AV 23.3 -2.7                               9.1 FASTST   M    M   5    MAX(MPH)
                                 MISC ---->  # 36 340               # 43  340
================================================================================
NOTES:
# LAST OF SEVERAL OCCURRENCES

COLUMN 17 PEAK WIND IN M.P.H.

PRELIMINARY LOCAL CLIMATOLOGICAL DATA (WS FORM: F-6) , PAGE 2

                                          STATION:  PHILIP SD
                                          MONTH:    FEBRUARY
                                          YEAR:     2018
                                          LATITUDE:   44  3 N
                                          LONGITUDE: 101 36 W

[TEMPERATURE DATA]      [PRECIPITATION DATA]       SYMBOLS USED IN COLUMN 16

AVERAGE MONTHLY: 10.3   TOTAL FOR MONTH:   1.01    1 = FOG OR MIST
DPTR FM NORMAL: -14.9   DPTR FM NORMAL:    0.68    2 = FOG REDUCING VISIBILITY
HIGHEST:    45 ON 14, 2 GRTST 24HR  0.29 ON 19-19      TO 1/4 MILE OR LESS
LOWEST:    -21 ON 21                               3 = THUNDER
                        SNOW, ICE PELLETS, HAIL    4 = ICE PELLETS
                        TOTAL MONTH:    M          5 = HAIL
                        GRTST 24HR    M  ON   M    6 = FREEZING RAIN OR DRIZZLE
                        GRTST DEPTH:  M  ON   M    7 = DUSTSTORM OR SANDSTORM:
                                                       VSBY 1/2 MILE OR LESS
                                                   8 = SMOKE OR HAZE
[NO. OF DAYS WITH]      [WEATHER - DAYS WITH]      9 = BLOWING SNOW
                                                   X = TORNADO
MAX 32 OR BELOW:  17    0.01 INCH OR MORE:   9
MAX 90 OR ABOVE:   0    0.10 INCH OR MORE:   4
MIN 32 OR BELOW:  23    0.50 INCH OR MORE:   0
MIN  0 OR BELOW:  14    1.00 INCH OR MORE:   0

[HDD (BASE 65) ]
TOTAL THIS MO.  1253    CLEAR  (SCALE 0-3)   9
DPTR FM NORMAL   335    PTCLDY (SCALE 4-7)  10
TOTAL FM JUL 1  5313    CLOUDY (SCALE 8-10)  4
DPTR FM NORMAL   130

[CDD (BASE 65) ]
TOTAL THIS MO.     0
DPTR FM NORMAL     0    [PRESSURE DATA]
TOTAL FM JAN 1     0    HIGHEST SLP M ON M
DPTR FM NORMAL     0    LOWEST  SLP 29.27 ON 18

[REMARKS]
