000
CXUS53 KUNR 240945
CF6PHP
PRELIMINARY LOCAL CLIMATOLOGICAL DATA (WS FORM: F-6)

                                          STATION:   PHILIP SD
                                          MONTH:     APRIL
                                          YEAR:      2017
                                          LATITUDE:   44  3 N
                                          LONGITUDE: 101 36 W

  TEMPERATURE IN F:       :PCPN:    SNOW:  WIND      :SUNSHINE: SKY     :PK WND
================================================================================
1   2   3   4   5  6A  6B    7    8   9   10  11  12  13   14  15   16   17  18
                                     12Z  AVG MX 2MIN
DY MAX MIN AVG DEP HDD CDD  WTR  SNW DPTH SPD SPD DIR MIN PSBL S-S WX    SPD DR
================================================================================

 1  60  39  50   9  15   0 0.01    M    M  8.1 21 180   M    M   6        26 200
 2  66  30  48   7  17   0 0.00    M    M  8.9 28 340   M    M   5        34 340
 3  58  38  48   6  17   0 0.02    M    M  9.4 23 300   M    M   8 1      29 300
 4  51  29  40  -2  25   0 0.05    M    M  8.8 21 350   M    M   4        26 360
 5  59  25  42   0  23   0    T    M    M  8.2 22 340   M    M   3        32 360
 6  64  27  46   3  19   0 0.00    M    M 10.7 22 160   M    M   2 12     26 150
 7  85  41  63  20   2   0 0.00    M    M 12.9 25 250   M    M   0 8      31 250
 8  75  48  62  18   3   0 0.03    M    M 11.4 28 340   M    M   2        35 340
 9  61  35  48   4  17   0 0.34    M    M 12.1 29  40   M    M   5 13     35  30
10  46  27  37  -7  28   0 0.20    M    M 12.2 31  10   M    M   6 1      38  10
11  63  23  43  -2  22   0 0.00    M    M  4.8 13  10   M    M   1        17 330
12  67  34  51   6  14   0 0.00    M    M  9.3 22  80   M    M   2        27  60
13  71  32  52   7  13   0 0.00    M    M 13.7 28 120   M    M   2 12     37 110
14  83  47  65  19   0   0 0.00    M    M 12.9 25 320   M    M   0        33 320
15  64  31  48   2  17   0 0.00    M    M 10.6 29 330   M    M   4        34 330
16  66  26  46   0  19   0 0.00    M    M  7.7 21 360   M    M   2        24 360
17  70  27  49   2  16   0 0.02    M    M 14.1 41 300   M    M   2        53 290
18  70  44  57  10   8   0    T    M    M 12.3 22 300   M    M   3        28 310
19  48  42  45  -3  20   0 0.83    M    M  9.7 22  90   M    M  10 1      29 110
20  61  34  48   0  17   0 0.00    M    M  9.1 20 360   M    M   4 12     25 340
21  61  38  50   2  15   0 0.00    M    M  8.8 20 120   M    M   2        25 110
22  68  32  50   1  15   0 0.00    M    M  6.3 16 230   M    M   0        21 220
23  77  41  59  10   6   0 0.00    M    M 11.9 25 220   M    M   0        31 220
================================================================================
SM 1494  790       348   0  1.50    M    233.9          M       73
================================================================================
AV 65.0 34.4                              10.2 FASTST   M    M   3    MAX(MPH)
                                 MISC ---->  # 41 300               # 53  290
================================================================================
NOTES:
# LAST OF SEVERAL OCCURRENCES

COLUMN 17 PEAK WIND IN M.P.H.

PRELIMINARY LOCAL CLIMATOLOGICAL DATA (WS FORM: F-6) , PAGE 2

                                          STATION:  PHILIP SD
                                          MONTH:    APRIL
                                          YEAR:     2017
                                          LATITUDE:   44  3 N
                                          LONGITUDE: 101 36 W

[TEMPERATURE DATA]      [PRECIPITATION DATA]       SYMBOLS USED IN COLUMN 16

AVERAGE MONTHLY: 49.7   TOTAL FOR MONTH:   1.50    1 = FOG OR MIST
DPTR FM NORMAL:   4.7   DPTR FM NORMAL:    0.27    2 = FOG REDUCING VISIBILITY
HIGHEST:    85 ON  7    GRTST 24HR  0.83 ON 19-19      TO 1/4 MILE OR LESS
LOWEST:     23 ON 11                               3 = THUNDER
                        SNOW, ICE PELLETS, HAIL    4 = ICE PELLETS
                        TOTAL MONTH:    M          5 = HAIL
                        GRTST 24HR    M  ON   M    6 = FREEZING RAIN OR DRIZZLE
                        GRTST DEPTH:  M  ON   M    7 = DUSTSTORM OR SANDSTORM:
                                                       VSBY 1/2 MILE OR LESS
                                                   8 = SMOKE OR HAZE
[NO. OF DAYS WITH]      [WEATHER - DAYS WITH]      9 = BLOWING SNOW
                                                   X = TORNADO
MAX 32 OR BELOW:   0    0.01 INCH OR MORE:   8
MAX 90 OR ABOVE:   0    0.10 INCH OR MORE:   3
MIN 32 OR BELOW:  11    0.50 INCH OR MORE:   1
MIN  0 OR BELOW:   0    1.00 INCH OR MORE:   0

[HDD (BASE 65) ]
TOTAL THIS MO.   348    CLEAR  (SCALE 0-3)  14
DPTR FM NORMAL  -112    PTCLDY (SCALE 4-7)   8
TOTAL FM JUL 1  6221    CLOUDY (SCALE 8-10)  1
DPTR FM NORMAL  -542

[CDD (BASE 65) ]
TOTAL THIS MO.     0
DPTR FM NORMAL     0    [PRESSURE DATA]
TOTAL FM JAN 1     0    HIGHEST SLP M ON M
DPTR FM NORMAL     0    LOWEST  SLP 29.23 ON  8

[REMARKS]
