000
CXUS55 KPIH 271200
CF6PIH

PRELIMINARY LOCAL CLIMATOLOGICAL DATA (WS FORM: F-6)

                                          STATION:   POCATELLO ID
                                          MONTH:     FEBRUARY
                                          YEAR:      2015
                                          LATITUDE:   42 55 N
                                          LONGITUDE: 112 36 W

  TEMPERATURE IN F:       :PCPN:    SNOW:  WIND      :SUNSHINE: SKY     :PK WND
================================================================================
1   2   3   4   5  6A  6B    7    8   9   10  11  12  13   14  15   16   17  18
                                     12Z  AVG MX 2MIN
DY MAX MIN AVG DEP HDD CDD  WTR  SNW DPTH SPD SPD DIR MIN PSBL S-S WX    SPD DR
================================================================================

 1  39  28  34   9  31   0 0.01  0.0    0  5.3 20 220   0    M   9 1      25 220
 2  46  31  39  13  26   0 0.05  0.0    0 12.5 25 230   0    M   8 1      32 220
 3  50  40  45  19  20   0 0.08  0.0    0 19.1 32 230  44    M   6 18     40 230
 4  49  40  45  19  20   0 0.23  0.0    0 10.7 22 250   1    M   7        28 250
 5  61  33  47  21  18   0 0.00  0.0    0 10.2 28 180 172    M   0        35 180
 6  62  36  49  23  16   0 0.00  0.0    0 16.9 33 170 269    M   1        41 170
 7  61  39  50  24  15   0    T  0.0    0 14.6 36 190 458    M   5        47 200
 8  61  34  48  22  17   0 0.00  0.0    0  9.1 20 210 480    M   1        24 210
 9  55  37  46  19  19   0 0.17  0.0    0 14.5 33 260 212    M   5 1      42 250
10  47  33  40  13  25   0 0.00  0.0    0 13.3 23 250 253    M   5        27 250
11  52  25  39  12  26   0 0.00  0.0    0  2.9  9  50 453    M   1        11 350
12  57  28  43  16  22   0 0.00  0.0    0  3.4  9  40 488    M   1        10 330
13  60  24  42  14  23   0 0.00  0.0    0  2.7  9  60 575    M   0        11  20
14  56  26  41  13  24   0 0.00  0.0    0  7.6 22 270 256    M   0        27 230
15  49  32  41  13  24   0 0.00  0.0    0 11.5 18 230 488    M   4 1      21 250
16  45  22  34   6  31   0 0.00  0.0    0  8.4 22  50 650    M   1        28  50
17  45  13  29   0  36   0 0.00  0.0    0  2.8 12 280 563    M   0        15 280
18  55  22  39  10  26   0 0.00  0.0    0  3.7 13 210 537    M   0        15 330
19  57  25  41  12  24   0 0.00  0.0    0 13.4 26 240 436    M   1        32 230
20  48  31  40  10  25   0    T    T    0 14.5 26 360 241    M   7        32 230
21  41  22  32   2  33   0 0.13  2.1    1 12.2 28  30  52    M   7 1      38  40
22  36  14  25  -5  40   0 0.00  0.0    0 16.3 24  40 535    M   1        33  50
23  42  11  27  -4  38   0 0.00  0.0    0  9.5 18  30 513    M   0        22  30
24  48  23  36   5  29   0 0.00  0.0    0 14.1 24 260 505    M   1        28 250
25  49  23  36   5  29   0 0.00  0.0    0 10.2 22 250 186    M   7        26 230
26  45  23  34   2  31   0    T    T    0  5.2 15  30 211    M   7        19  40
================================================================================
SM 1316  715       668   0  0.67     2.1 264.6         8578     85
================================================================================
AV 50.6 27.5                              10.2 FASTST  330   M   3    MAX(MPH)
                                 MISC ---->  # 36 190               # 47  200
================================================================================
NOTES:
# LAST OF SEVERAL OCCURRENCES

COLUMN 17 PEAK WIND IN M.P.H.

PRELIMINARY LOCAL CLIMATOLOGICAL DATA (WS FORM: F-6) , PAGE 2

                                          STATION:  POCATELLO ID
                                          MONTH:    FEBRUARY
                                          YEAR:     2015
                                          LATITUDE:   42 55 N
                                          LONGITUDE: 112 36 W

[TEMPERATURE DATA]      [PRECIPITATION DATA]       SYMBOLS USED IN COLUMN 16

AVERAGE MONTHLY: 39.1   TOTAL FOR MONTH:   0.67    1 = FOG OR MIST
DPTR FM NORMAL:  11.0   DPTR FM NORMAL:   -0.22    2 = FOG REDUCING VISIBILITY
HIGHEST:    62 ON  6    GRTST 24HR  0.31 ON  3- 4      TO 1/4 MILE OR LESS
LOWEST:     11 ON 23                               3 = THUNDER
                        SNOW, ICE PELLETS, HAIL    4 = ICE PELLETS
                        TOTAL MONTH:   2.1 INCHES  5 = HAIL
                        GRTST 24HR   2.1 ON   M    6 = FREEZING RAIN OR DRIZZLE
                        GRTST DEPTH:   1 ON 21     7 = DUSTSTORM OR SANDSTORM:
                                                       VSBY 1/2 MILE OR LESS
                                                   8 = SMOKE OR HAZE
[NO. OF DAYS WITH]      [WEATHER - DAYS WITH]      9 = BLOWING SNOW
                                                   X = TORNADO
MAX 32 OR BELOW:   0    0.01 INCH OR MORE:   6
MAX 90 OR ABOVE:   0    0.10 INCH OR MORE:   3
MIN 32 OR BELOW:  18    0.50 INCH OR MORE:   0
MIN  0 OR BELOW:   0    1.00 INCH OR MORE:   0

[HDD (BASE 65) ]
TOTAL THIS MO.   668    CLEAR  (SCALE 0-3)  14
DPTR FM NORMAL  -294    PTCLDY (SCALE 4-7)  11
TOTAL FM JUL 1  4275    CLOUDY (SCALE 8-10)  1
DPTR FM NORMAL  -934

[CDD (BASE 65) ]
TOTAL THIS MO.     0
DPTR FM NORMAL     0    [PRESSURE DATA]
TOTAL FM JAN 1     0    HIGHEST SLP M ON M
DPTR FM NORMAL     0    LOWEST  SLP 29.77 ON  7

[REMARKS]
