000
CXUS54 KBRO 200900
CF6PIL
PRELIMINARY LOCAL CLIMATOLOGICAL DATA (WS FORM: F-6)

                                          STATION:   BAYVIEW
                                          MONTH:     APRIL
                                          YEAR:      2014
                                          LATITUDE:   26 10 N
                                          LONGITUDE:  97 20 W

  TEMPERATURE IN F:       :PCPN:    SNOW:  WIND      :SUNSHINE: SKY     :PK WND
================================================================================
1   2   3   4   5  6A  6B    7    8   9   10  11  12  13   14  15   16   17  18
                                     12Z  AVG MX 2MIN
DY MAX MIN AVG DEP HDD CDD  WTR  SNW DPTH SPD SPD DIR MIN PSBL S-S WX    SPD DR
================================================================================

 1  81  73  77   5   0  12 0.00  0.0    0 14.2 24 150   M    M  10 18     29 150
 2  87  73  80   8   0  15 0.00  0.0    0 18.4 31 160   M    M   6 18     40 170
 3  87  73  80   8   0  15 0.00  0.0    0 17.7 26 170   M    M   9 18     33 170
 4  81  68  75   2   0  10    T  0.0    0 13.2 29  10   M    M   9 18     37  30
 5  72  67  70  -3   0   5    T  0.0    0  6.0 14  20   M    M  10 128    17  10
 6  82  65  74   1   0   9 0.01  0.0    0  9.3 23  10   M    M  10 128    31  10
 7  71  58  65  -8   0   0    T  0.0    0  9.0 16 360   M    M   5 18     22  10
 8  87  56  72  -1   0   7    T  0.0    0  9.2 26 330   M    M   1 1      33 330
 9  85  53  69  -5   0   4 0.00  0.0    0 11.2 23 150   M    M   0        30 150
10  83  66  75   1   0  10 0.00  0.0    0 17.2 29 150   M    M   0        37 150
11  85  68  77   3   0  12 0.00  0.0    0 16.2 25 160   M    M   0        33 170
12  83  72  78   4   0  13 0.00  0.0    0 16.6 29 150   M    M   5 18     36 130
13  87  74  81   7   0  16 0.00  0.0    0 17.2 30 160   M    M   8 18     38 180
14  85  59  72  -2   0   7 0.02  0.0    0 17.0 38 360   M    M  10 18     46 360
15  66  52  59 -16   6   0    T  0.0    0 15.9 28 350   M    M   0        36 350
16  75  55  65 -10   0   0 0.00  0.0    0 11.1 22 120   M    M   3        28 130
17  73  66  70  -5   0   5 0.02  0.0    0  9.6 18  50   M    M   6 13     24  60
18  77  67  72  -3   0   7    T  0.0    0 10.4 22  60   M    M   6 18     26  70
19  79  59  69  -6   0   4 0.00  0.0    0  9.9 20 100   M    M   2 1      26  90
================================================================================
SM 1526 1224         6 151  0.05     0.0 249.3          M      100
================================================================================
AV 80.3 64.4                              13.1 FASTST   M    M   5    MAX(MPH)
                                 MISC ---->  # 38 360               # 46  360
================================================================================
NOTES:
# LAST OF SEVERAL OCCURRENCES

COLUMN 17 PEAK WIND IN M.P.H.

PRELIMINARY LOCAL CLIMATOLOGICAL DATA (WS FORM: F-6) , PAGE 2

                                          STATION:  BAYVIEW
                                          MONTH:    APRIL
                                          YEAR:     2014
                                          LATITUDE:   26 10 N
                                          LONGITUDE:  97 20 W

[TEMPERATURE DATA]      [PRECIPITATION DATA]       SYMBOLS USED IN COLUMN 16

AVERAGE MONTHLY: 72.4   TOTAL FOR MONTH:   0.05    1 = FOG OR MIST
DPTR FM NORMAL:  -1.3   DPTR FM NORMAL:   -1.00    2 = FOG REDUCING VISIBILITY
HIGHEST:    87 ON 13, 8 GRTST 24HR  0.02 ON 17-17      TO 1/4 MILE OR LESS
LOWEST:     52 ON 15                               3 = THUNDER
                        SNOW, ICE PELLETS, HAIL    4 = ICE PELLETS
                        TOTAL MONTH:   0.0 INCH    5 = HAIL
                        GRTST 24HR     0.0         6 = FREEZING RAIN OR DRIZZLE
                        GRTST DEPTH:   0           7 = DUSTSTORM OR SANDSTORM:
                                                       VSBY 1/2 MILE OR LESS
                                                   8 = SMOKE OR HAZE
[NO. OF DAYS WITH]      [WEATHER - DAYS WITH]      9 = BLOWING SNOW
                                                   X = TORNADO
MAX 32 OR BELOW:   0    0.01 INCH OR MORE:   3
MAX 90 OR ABOVE:   0    0.10 INCH OR MORE:   0
MIN 32 OR BELOW:   0    0.50 INCH OR MORE:   0
MIN  0 OR BELOW:   0    1.00 INCH OR MORE:   0

[HDD (BASE 65) ]
TOTAL THIS MO.     6    CLEAR  (SCALE 0-3)   7
DPTR FM NORMAL     0    PTCLDY (SCALE 4-7)   6
TOTAL FM JUL 1   786    CLOUDY (SCALE 8-10)  6
DPTR FM NORMAL   240

[CDD (BASE 65) ]
TOTAL THIS MO.   151
DPTR FM NORMAL   -21    [PRESSURE DATA]
TOTAL FM JAN 1   418    HIGHEST SLP M ON M
DPTR FM NORMAL   -35    LOWEST  SLP 29.59 ON  6

[REMARKS]
