000
CXUS51 KPBZ 260804
CF6PIT
PRELIMINARY LOCAL CLIMATOLOGICAL DATA (WS FORM: F-6)

                                          STATION:   PITTSBURGH PA
                                          MONTH:     MARCH
                                          YEAR:      2017
                                          LATITUDE:   40 30 N
                                          LONGITUDE:  80 13 W

  TEMPERATURE IN F:       :PCPN:    SNOW:  WIND      :SUNSHINE: SKY     :PK WND
================================================================================
1   2   3   4   5  6A  6B    7    8   9   10  11  12  13   14  15   16   17  18
                                     12Z  AVG MX 2MIN
DY MAX MIN AVG DEP HDD CDD  WTR  SNW DPTH SPD SPD DIR MIN PSBL S-S WX    SPD DR
================================================================================

 1  61  39  50  16  15   0 1.13  0.0    0 16.2 35 270   M    M   9 13     44 260
 2  41  28  35   0  30   0 0.02  0.3    0 16.1 35 290   M    M   9 14     45 290
 3  32  20  26  -9  39   0    T    T    T 13.5 33 330   M    M   8 1      43 310
 4  33  18  26  -9  39   0 0.00  0.0    0  7.1 16 300   M    M   2        20 310
 5  47  16  32  -4  33   0 0.00  0.0    0  6.9 13 120   M    M   4        17  90
 6  56  38  47  11  18   0 0.33  0.0    0  7.0 18 210   M    M  10 1      24 210
 7  60  41  51  15  14   0 0.44  0.0    0 10.6 17 220   M    M  10 1      30 320
 8  56  39  48  11  17   0    T  0.0    0 15.2 32 240   M    M   3        48 230
 9  58  33  46   9  19   0 0.10  0.7    0 10.6 20  20   M    M   5 1      25  30
10  33  21  27 -10  38   0 0.25  3.2    3 14.6 32 310   M    M   9 1      39 300
11  26  15  21 -17  44   0    T    T    1 12.4 23 310   M    M   7        29 290
12  28  15  22 -16  43   0    T    T    1  5.5 17 310   M    M   7        22 310
13  41  19  30  -8  35   0 0.00  0.0    T  9.2 15 110   M    M   9        21 120
14  34  16  25 -14  40   0 0.06  1.2    T 16.9 29 320   M    M  10 18     36 310
15  26  15  21 -18  44   0 0.10  1.8    1 18.7 35 300   M    M   8 19     42 280
16  36  22  29 -11  36   0    T    T    1 12.3 25 300   M    M   7        31 300
17  41  19  30 -10  35   0 0.19  2.5    T  4.5 15 210   M    M   7 126    19 170
18  45  32  39  -1  26   0 0.07    T    2  7.7 24 290   M    M   9 12     28 290
19  40  34  37  -4  28   0 0.00  0.0    0  6.2 13 330   M    M  10        15 320
20  51  33  42   1  23   0 0.00  0.0    0  3.9 14 260   M    M  10 1      18 270
21  59  35  47   6  18   0 0.00  0.0    0 10.8 28 340   M    M   9        33 340
22  38  23  31 -11  34   0    T    T    0 14.0 26 330   M    M   4        37 320
23  50  16  33  -9  32   0 0.00  0.0    0  4.9 13 130   M    M   2        18 110
24  74  38  56  14   9   0 0.25  0.0    0 11.0 24 230   M    M   9 1      33 240
25  73  61  67  24   0   2 0.00  0.0    0  7.6 17 280   M    M  10        22 280
================================================================================
SM 1139  686       709   2  2.94     9.7 263.4          M      187
================================================================================
AV 45.6 27.4                              10.5 FASTST   M    M   7    MAX(MPH)
                                 MISC ---->  # 35 270               # 48  230
================================================================================
NOTES:
# LAST OF SEVERAL OCCURRENCES

COLUMN 17 PEAK WIND IN M.P.H.

PRELIMINARY LOCAL CLIMATOLOGICAL DATA (WS FORM: F-6) , PAGE 2

                                          STATION:  PITTSBURGH PA
                                          MONTH:    MARCH
                                          YEAR:     2017
                                          LATITUDE:   40 30 N
                                          LONGITUDE:  80 13 W

[TEMPERATURE DATA]      [PRECIPITATION DATA]       SYMBOLS USED IN COLUMN 16

AVERAGE MONTHLY: 36.5   TOTAL FOR MONTH:   2.94    1 = FOG OR MIST
DPTR FM NORMAL:  -2.0   DPTR FM NORMAL:    0.61    2 = FOG REDUCING VISIBILITY
HIGHEST:    74 ON 24    GRTST 24HR  1.13 ON  1- 1      TO 1/4 MILE OR LESS
LOWEST:     15 ON 15,12                            3 = THUNDER
                        SNOW, ICE PELLETS, HAIL    4 = ICE PELLETS
                        TOTAL MONTH:   9.7 INCHES  5 = HAIL
                        GRTST 24HR   3.2 ON   M    6 = FREEZING RAIN OR DRIZZLE
                        GRTST DEPTH:   3 ON 10     7 = DUSTSTORM OR SANDSTORM:
                                                       VSBY 1/2 MILE OR LESS
                                                   8 = SMOKE OR HAZE
[NO. OF DAYS WITH]      [WEATHER - DAYS WITH]      9 = BLOWING SNOW
                                                   X = TORNADO
MAX 32 OR BELOW:   4    0.01 INCH OR MORE:  11
MAX 90 OR ABOVE:   0    0.10 INCH OR MORE:   8
MIN 32 OR BELOW:  15    0.50 INCH OR MORE:   1
MIN  0 OR BELOW:   0    1.00 INCH OR MORE:   1

[HDD (BASE 65) ]
TOTAL THIS MO.   709    CLEAR  (SCALE 0-3)   2
DPTR FM NORMAL    46    PTCLDY (SCALE 4-7)  10
TOTAL FM JUL 1  4135    CLOUDY (SCALE 8-10) 13
DPTR FM NORMAL  -785

[CDD (BASE 65) ]
TOTAL THIS MO.     2
DPTR FM NORMAL     2    [PRESSURE DATA]
TOTAL FM JAN 1     3    HIGHEST SLP M ON M
DPTR FM NORMAL     3    LOWEST  SLP 29.48 ON  1

[REMARKS]
