000
CXUS51 KRLX 291136
CF6PKB
PRELIMINARY LOCAL CLIMATOLOGICAL DATA (WS FORM: F-6)

                                          STATION:   PARKERSBURG WV
                                          MONTH:     MAY
                                          YEAR:      2015
                                          LATITUDE:   39 20 N
                                          LONGITUDE:  81 26 W

  TEMPERATURE IN F:       :PCPN:    SNOW:  WIND      :SUNSHINE: SKY     :PK WND
================================================================================
1   2   3   4   5  6A  6B    7    8   9   10  11  12  13   14  15   16   17  18
                                     12Z  AVG MX 2MIN
DY MAX MIN AVG DEP HDD CDD  WTR  SNW DPTH SPD SPD DIR MIN PSBL S-S WX    SPD DR
================================================================================

 1  73  47  60   1   5   0 0.01    M    M   M   M   M   M    M   6 18      M  M
 2  76  41  59   0   6   0 0.00    M    M  2.1 14 300   M    M   1        18 300
 3  78  44  61   2   4   0 0.00    M    M  2.7 12 210   M    M   0 1      17 270
 4  83  45  64   5   1   0 0.00    M    M  5.4 20 210   M    M   2        29 220
 5  82  59  71  11   0   6    T    M    M  1.2 14 250   M    M   5 1      21 260
 6  87  54  71  11   0   6 0.00    M    M  1.6  9 300   M    M   1 1      13 290
 7  89  55  72  12   0   7 0.00    M    M  0.8  9 290   M    M   0 18     13 310
 8  90  58  74  14   0   9 0.00    M    M  1.2  9 120   M    M   1 18     19 140
 9  88  64  76  16   0  11 0.00    M    M  4.2 10 180   M    M   1 18     15 190
10  89  61  75  14   0  10 0.00    M    M  4.3 13 180   M    M   0        18 180
11  89  64  77  16   0  12 0.10    M    M  4.9 25 290   M    M   3 138    34 310
12  75  53  64   3   1   0 0.00    M    M 11.0 24 260   M    M   4 1      35 270
13  63  43  53  -8  12   0 0.00    M    M  4.6 14 320   M    M   5        22 310
14  73  37  55  -7  10   0 0.00    M    M  2.3 12  50   M    M   0        16 100
15  81  54  68   6   0   3 0.00    M    M  6.4 20 210   M    M   2        26 210
16  76  68  72  10   0   7 0.08    M    M  6.8 13 220   M    M   5 1      18 210
17  83  65  74  12   0   9 0.40    M    M  3.9 13 280   M    M   7 1      17 210
18  82  67  75  12   0  10 0.00    M    M  5.2 13 230   M    M   4        21 280
19  79  52  66   3   0   1 0.00    M    M  8.0 18 280   M    M   3 1      27 290
20  66  43  55  -8  10   0    T    M    M  4.2 12 330   M    M   3 8      16 310
21  58  45  52 -12  13   0 0.05    M    M  4.6 13 300   M    M   8        17 290
22  73  41  57  -7   8   0    T    M    M  6.2 18 260   M    M   4 1      25 260
23  77  43  60  -4   5   0 0.00    M    M  2.2 10 270   M    M   0        14 300
24  84  46  65   1   0   0 0.00    M    M  1.8 12 190   M    M   0 8      15 200
25  84  57  71   6   0   6    T    M    M  5.9 15 230   M    M   3        21 260
26  85  64  75  10   0  10 1.10    M    M  5.8 25 270   M    M   4 13     39 250
27  82  65  74   9   0   9 0.03    M    M  6.4 14 200   M    M   4 1      20 250
28  84  61  73   7   0   8 0.00    M    M  1.4  8 100   M    M   1        13 110
================================================================================
SM 2229 1496        75 124  1.77    M    115.1          M       77
================================================================================
AV 79.6 53.4                               4.3 FASTST   M    M   3    MAX(MPH)
                                 MISC ---->  # 25 290               # 39  250
================================================================================
NOTES:
# LAST OF SEVERAL OCCURRENCES

COLUMN 17 PEAK WIND IN M.P.H.

PRELIMINARY LOCAL CLIMATOLOGICAL DATA (WS FORM: F-6) , PAGE 2

                                          STATION:  PARKERSBURG WV
                                          MONTH:    MAY
                                          YEAR:     2015
                                          LATITUDE:   39 20 N
                                          LONGITUDE:  81 26 W

[TEMPERATURE DATA]      [PRECIPITATION DATA]       SYMBOLS USED IN COLUMN 16

AVERAGE MONTHLY: 66.5   TOTAL FOR MONTH:   1.77    1 = FOG OR MIST
DPTR FM NORMAL:   4.6   DPTR FM NORMAL:   -2.09    2 = FOG REDUCING VISIBILITY
HIGHEST:    90 ON  8    GRTST 24HR  1.13 ON 26-27      TO 1/4 MILE OR LESS
LOWEST:     37 ON 14                               3 = THUNDER
                        SNOW, ICE PELLETS, HAIL    4 = ICE PELLETS
                        TOTAL MONTH:    M          5 = HAIL
                        GRTST 24HR    M  ON   M    6 = FREEZING RAIN OR DRIZZLE
                        GRTST DEPTH:  M  ON   M    7 = DUSTSTORM OR SANDSTORM:
                                                       VSBY 1/2 MILE OR LESS
                                                   8 = SMOKE OR HAZE
[NO. OF DAYS WITH]      [WEATHER - DAYS WITH]      9 = BLOWING SNOW
                                                   X = TORNADO
MAX 32 OR BELOW:   0    0.01 INCH OR MORE:   7
MAX 90 OR ABOVE:   1    0.10 INCH OR MORE:   3
MIN 32 OR BELOW:   0    0.50 INCH OR MORE:   1
MIN  0 OR BELOW:   0    1.00 INCH OR MORE:   1

[HDD (BASE 65) ]
TOTAL THIS MO.    75    CLEAR  (SCALE 0-3)  16
DPTR FM NORMAL   -65    PTCLDY (SCALE 4-7)  11
TOTAL FM JUL 1  5342    CLOUDY (SCALE 8-10)  1
DPTR FM NORMAL   396

[CDD (BASE 65) ]
TOTAL THIS MO.   124
DPTR FM NORMAL    72    [PRESSURE DATA]
TOTAL FM JAN 1   136    HIGHEST SLP M ON M
DPTR FM NORMAL    63    LOWEST  SLP 29.87 ON 21

[REMARKS]
