000
CXUS51 KRLX 201400
CF6PKB
PRELIMINARY LOCAL CLIMATOLOGICAL DATA (WS FORM: F-6)

                                          STATION:   PARKERSBURG WV
                                          MONTH:     SEPTEMBER
                                          YEAR:      2014
                                          LATITUDE:   39 20 N
                                          LONGITUDE:  81 26 W

  TEMPERATURE IN F:       :PCPN:    SNOW:  WIND      :SUNSHINE: SKY     :PK WND
================================================================================
1   2   3   4   5  6A  6B    7    8   9   10  11  12  13   14  15   16   17  18
                                     12Z  AVG MX 2MIN
DY MAX MIN AVG DEP HDD CDD  WTR  SNW DPTH SPD SPD DIR MIN PSBL S-S WX    SPD DR
================================================================================

 1  86  72  79   8   0  14 0.12    M    M  7.8 18 200   M    M   8 1      26 200
 2  86  71  79   8   0  14 0.08    M    M  5.6 21 210   M    M   6 13     26 230
 3  86  65  76   5   0  11 0.00    M    M  1.5  8  80   M    M   6 1      10  90
 4  89  62  76   6   0  11 0.00    M    M  1.9  9 290   M    M   3 12     14 290
 5   M   M   M   M   M   M 0.00    M    M   M   M  99   M    M   M         M  M
 6  87  63  75   5   0  10 0.00    M    M   M   M   M   M    M   M 3       M  M
 7  78  55  67  -2   0   2 0.00    M    M  5.5 17  50   M    M   1        23  50
 8  79  54  67  -2   0   2 0.00    M    M  4.4 10 140   M    M   7 8      14 140
 9  83  61  72   3   0   7 0.00    M    M  2.9 12 190   M    M   4        16 210
10  83  67  75   7   0  10 0.00    M    M  9.0 17 200   M    M   3        25 190
11  78  60  69   1   0   4 0.22    M    M  9.0 18 200   M    M   8 1      28 190
12  63  57  60  -8   5   0 0.00    M    M  6.2 14  30   M    M  10        16  30
13  69  46  58  -9   7   0    T    M    M  3.9 15 320   M    M   7        20 320
14  69  41  55 -12  10   0 0.00    M    M  2.0 10 110   M    M   2 12     14  50
15  72  44  58  -9   7   0 0.00    M    M  1.9 10 120   M    M   4 12     14 150
16  71  51  61  -5   4   0 0.03    M    M  2.9  9 290   M    M   7 1      13 290
17  74  48  61  -5   4   0 0.00    M    M  1.2  8 320   M    M   5 12     11 320
18  73  48  61  -4   4   0 0.00    M    M  3.6 14  40   M    M   2        18 330
19  78  45  62  -3   3   0 0.00    M    M  3.5 10 170   M    M   1 1      15 170
================================================================================
SM 1404 1010        44  85  0.45    M     72.8          M       84
================================================================================
AV 78.0 56.1                               4.3 FASTST   M    M   5    MAX(MPH)
                                 MISC ---->  # 21 210               # 28  190
================================================================================
NOTES:
# LAST OF SEVERAL OCCURRENCES

COLUMN 17 PEAK WIND IN M.P.H.

PRELIMINARY LOCAL CLIMATOLOGICAL DATA (WS FORM: F-6) , PAGE 2

                                          STATION:  PARKERSBURG WV
                                          MONTH:    SEPTEMBER
                                          YEAR:     2014
                                          LATITUDE:   39 20 N
                                          LONGITUDE:  81 26 W

[TEMPERATURE DATA]      [PRECIPITATION DATA]       SYMBOLS USED IN COLUMN 16

AVERAGE MONTHLY: 67.1   TOTAL FOR MONTH:   0.45    1 = FOG OR MIST
DPTR FM NORMAL:  -1.2   DPTR FM NORMAL:   -1.53    2 = FOG REDUCING VISIBILITY
HIGHEST:    89 ON  4    GRTST 24HR  0.90 ON 31- 1      TO 1/4 MILE OR LESS
LOWEST:     41 ON 14                               3 = THUNDER
                        SNOW, ICE PELLETS, HAIL    4 = ICE PELLETS
                        TOTAL MONTH:    M          5 = HAIL
                        GRTST 24HR    M  ON   M    6 = FREEZING RAIN OR DRIZZLE
                        GRTST DEPTH:  M  ON   M    7 = DUSTSTORM OR SANDSTORM:
                                                       VSBY 1/2 MILE OR LESS
                                                   8 = SMOKE OR HAZE
[NO. OF DAYS WITH]      [WEATHER - DAYS WITH]      9 = BLOWING SNOW
                                                   X = TORNADO
MAX 32 OR BELOW:   0    0.01 INCH OR MORE:   4
MAX 90 OR ABOVE:   0    0.10 INCH OR MORE:   2
MIN 32 OR BELOW:   0    0.50 INCH OR MORE:   0
MIN  0 OR BELOW:   0    1.00 INCH OR MORE:   0

[HDD (BASE 65) ]
TOTAL THIS MO.    44    CLEAR  (SCALE 0-3)   6
DPTR FM NORMAL    20    PTCLDY (SCALE 4-7)  10
TOTAL FM JUL 1    46    CLOUDY (SCALE 8-10)  1
DPTR FM NORMAL    17

[CDD (BASE 65) ]
TOTAL THIS MO.    85
DPTR FM NORMAL    -1    [PRESSURE DATA]
TOTAL FM JAN 1   575    HIGHEST SLP M ON M
DPTR FM NORMAL  -341    LOWEST  SLP 29.87 ON 10

[REMARKS]
