000
CXUS51 KRLX 221150
CF6PKB
PRELIMINARY LOCAL CLIMATOLOGICAL DATA (WS FORM: F-6)

                                          STATION:   PARKERSBURG WV
                                          MONTH:     JULY
                                          YEAR:      2017
                                          LATITUDE:   39 20 N
                                          LONGITUDE:  81 26 W

  TEMPERATURE IN F:       :PCPN:    SNOW:  WIND      :SUNSHINE: SKY     :PK WND
================================================================================
1   2   3   4   5  6A  6B    7    8   9   10  11  12  13   14  15   16   17  18
                                     12Z  AVG MX 2MIN
DY MAX MIN AVG DEP HDD CDD  WTR  SNW DPTH SPD SPD DIR MIN PSBL S-S WX    SPD DR
================================================================================

 1  84  69  77   3   0  12 0.00    M    M  7.2 16 270   M    M   5        23 240
 2  87  66  77   3   0  12 0.00    M    M  3.2 14 300   M    M   3 12     19 260
 3  89  61  75   1   0  10 0.00    M    M  2.7  9 210   M    M   0 1      24 150
 4  88  66  77   3   0  12 0.00    M    M  2.8 12  80   M    M   2 1      22 150
 5  89  65  77   3   0  12 0.55    M    M  3.0 14 180   M    M   5 123    19 170
 6  78  70  74   0   0   9 1.16    M    M  3.4 12 200   M    M   9 123    22 180
 7  84  66  75   1   0  10 0.21    M    M  6.0 20 290   M    M   7 13     36 310
 8  80  63  72  -2   0   7 0.41    M    M  4.0 24 300   M    M   6 1238   33 290
 9  82  60  71  -3   0   6 0.00    M    M  2.4 10 190   M    M   5 12     15 180
10  82  56  69  -5   0   4 1.43    M    M  5.0 32 320   M    M   4 13     45 330
11  83  68  76   2   0  11 0.16    M    M  6.7 18 240   M    M   4 13     27 230
12  89  69  79   4   0  14 0.00    M    M  5.6 14 210   M    M   2        20 200
13  85  72  79   4   0  14 0.04    M    M  3.9 10 230   M    M   2 18     16 230
14  87  73  80   5   0  15 0.02    M    M  5.3 14 210   M    M   6 138    18 200
15  85  65  75   0   0  10 0.00    M    M  3.2  9 320   M    M   3 1      13 290
16  84  62  73  -2   0   8 0.00    M    M  2.2 12 270   M    M   3 12     13 270
17  88  62  75   1   0  10 0.00    M    M  1.1  7 160   M    M   1 128    11 140
18  90  66  78   4   0  13 0.00    M    M  0.6  7 260   M    M   2 128     9 290
19  90  66  78   4   0  13 0.00    M    M  1.8  9 290   M    M   3 13     12 240
20  88  68  78   4   0  13    T    M    M  3.6 14 260   M    M   2 18     19 220
21  83  71  77   3   0  12 0.97    M    M  3.5 18 300   M    M   4 138    32 320
================================================================================
SM 1795 1384         0 227  4.95    M     77.2          M       78
================================================================================
AV 85.5 65.9                               3.7 FASTST   M    M   4    MAX(MPH)
                                 MISC ---->  # 32 320               # 45  330
================================================================================
NOTES:
# LAST OF SEVERAL OCCURRENCES

COLUMN 17 PEAK WIND IN M.P.H.

PRELIMINARY LOCAL CLIMATOLOGICAL DATA (WS FORM: F-6) , PAGE 2

                                          STATION:  PARKERSBURG WV
                                          MONTH:    JULY
                                          YEAR:     2017
                                          LATITUDE:   39 20 N
                                          LONGITUDE:  81 26 W

[TEMPERATURE DATA]      [PRECIPITATION DATA]       SYMBOLS USED IN COLUMN 16

AVERAGE MONTHLY: 75.7   TOTAL FOR MONTH:   4.95    1 = FOG OR MIST
DPTR FM NORMAL:   1.5   DPTR FM NORMAL:    2.14    2 = FOG REDUCING VISIBILITY
HIGHEST:    90 ON 19,18 GRTST 24HR  1.43 ON 10-10      TO 1/4 MILE OR LESS
LOWEST:     56 ON 10                               3 = THUNDER
                        SNOW, ICE PELLETS, HAIL    4 = ICE PELLETS
                        TOTAL MONTH:    M          5 = HAIL
                        GRTST 24HR    M  ON   M    6 = FREEZING RAIN OR DRIZZLE
                        GRTST DEPTH:  M  ON   M    7 = DUSTSTORM OR SANDSTORM:
                                                       VSBY 1/2 MILE OR LESS
                                                   8 = SMOKE OR HAZE
[NO. OF DAYS WITH]      [WEATHER - DAYS WITH]      9 = BLOWING SNOW
                                                   X = TORNADO
MAX 32 OR BELOW:   0    0.01 INCH OR MORE:   9
MAX 90 OR ABOVE:   2    0.10 INCH OR MORE:   7
MIN 32 OR BELOW:   0    0.50 INCH OR MORE:   4
MIN  0 OR BELOW:   0    1.00 INCH OR MORE:   2

[HDD (BASE 65) ]
TOTAL THIS MO.     0    CLEAR  (SCALE 0-3)   9
DPTR FM NORMAL     0    PTCLDY (SCALE 4-7)  11
TOTAL FM JUL 1     0    CLOUDY (SCALE 8-10)  1
DPTR FM NORMAL     0

[CDD (BASE 65) ]
TOTAL THIS MO.   227
DPTR FM NORMAL    26    [PRESSURE DATA]
TOTAL FM JAN 1   535    HIGHEST SLP M ON M
DPTR FM NORMAL    59    LOWEST  SLP 29.85 ON  8

[REMARKS]
