000
CXUS53 KAPX 300631
CF6PLN
PRELIMINARY LOCAL CLIMATOLOGICAL DATA (WS FORM: F-6)

                                          STATION:   PELLSTON
                                          MONTH:     JULY
                                          YEAR:      2016
                                          LATITUDE:   45 34 N
                                          LONGITUDE:  84 48 W

  TEMPERATURE IN F:       :PCPN:    SNOW:  WIND      :SUNSHINE: SKY     :PK WND
================================================================================
1   2   3   4   5  6A  6B    7    8   9   10  11  12  13   14  15   16   17  18
                                     12Z  AVG MX 2MIN
DY MAX MIN AVG DEP HDD CDD  WTR  SNW DPTH SPD SPD DIR MIN PSBL S-S WX    SPD DR
================================================================================

 1  71  50  61  -4   4   0 0.26    M    M 10.5 23 300   M    M   6 1      31 310
 2  77  47  62  -3   3   0    T    M    M  8.2 18 330   M    M   2        28 310
 3  81  47  64  -1   1   0 0.00    M    M  4.9 16 270   M    M   0        21 270
 4  84  45  65   0   0   0 0.00    M    M  3.5 14 360   M    M   0        20  40
 5  84  53  69   4   0   4 0.00    M    M  6.8 17 260   M    M   1 8      23 240
 6  82  60  71   6   0   6 0.19    M    M  5.2 14 260   M    M   2 1      18 260
 7  81  58  70   5   0   5 0.00    M    M  4.6 12  70   M    M   6 12     15  80
 8  74  58  66   1   0   1 0.73    M    M  4.2 21 290   M    M   9 13     30 290
 9  81  58  70   4   0   5 0.00    M    M 11.2 23 330   M    M   4        28 310
10  79  51  65  -1   0   0    T    M    M  2.4 13 310   M    M   2        16 320
11  81  62  72   6   0   7 0.13    M    M  4.3 13 170   M    M   7        19 160
12  91  67  79  13   0  14 0.02    M    M  7.9 22 250   M    M   2 3      32 230
13  92  69  81  15   0  16 0.00    M    M 10.1 20 260   M    M   0        31 220
14  78  56  67   1   0   2 0.23    M    M 12.2 23 250   M    M   6 1      34 240
15  68  44  56 -10   9   0    T    M    M  8.2 15 330   M    M   7 1      18 330
16  73  37  55 -11  10   0 0.00    M    M  3.1 13 280   M    M   0 1      18 290
17  71  50  61  -5   4   0 1.17    M    M  4.6 21 330   M    M   4 13     26 330
18  76  56  66   0   0   1 0.00    M    M  9.0 17 320   M    M   3 3      26 320
19  76  46  61  -5   4   0 0.00    M    M  2.5 12 300   M    M   1 1      17 260
20  87  49  68   2   0   3 0.00    M    M  4.4 15 220   M    M   1        22 240
21  82  68  75   9   0  10 0.17    M    M  9.5 21 270   M    M   1 13     31 240
22  88  63  76  10   0  11 0.00    M    M  7.2 17 290   M    M   0 12     23 320
23  90  57  74   8   0   9 0.00    M    M  2.3 10 330   M    M   0        15 290
24  82  67  75   9   0  10 0.04    M    M  5.6 15 150   M    M   9 18     19 260
25  81  66  74   8   0   9 0.00    M    M  9.9 20 320   M    M   3 1      31 330
26  85  53  69   3   0   4    T    M    M  5.3 17 230   M    M   1 3      23 230
27  84  64  74   8   0   9 0.00    M    M  4.6 14 290   M    M   1        20 350
28  80  59  70   4   0   5 0.06    M    M  5.3 15  80   M    M   4        19  80
29  78  51  65  -1   0   0 0.00    M    M  5.7 16  60   M    M   0        22  50
================================================================================
SM 2337 1611        35 131  3.00    M    183.2          M       82
================================================================================
AV 80.6 55.6                               6.3 FASTST   M    M   3    MAX(MPH)
                                 MISC ---->  # 23 300               # 34  240
================================================================================
NOTES:
# LAST OF SEVERAL OCCURRENCES

COLUMN 17 PEAK WIND IN M.P.H.

PRELIMINARY LOCAL CLIMATOLOGICAL DATA (WS FORM: F-6) , PAGE 2

                                          STATION:  PELLSTON
                                          MONTH:    JULY
                                          YEAR:     2016
                                          LATITUDE:   45 34 N
                                          LONGITUDE:  84 48 W

[TEMPERATURE DATA]      [PRECIPITATION DATA]       SYMBOLS USED IN COLUMN 16

AVERAGE MONTHLY: 68.1   TOTAL FOR MONTH:   3.00    1 = FOG OR MIST
DPTR FM NORMAL:   2.3   DPTR FM NORMAL:    0.68    2 = FOG REDUCING VISIBILITY
HIGHEST:    92 ON 13    GRTST 24HR  1.17 ON 17-17      TO 1/4 MILE OR LESS
LOWEST:     37 ON 16                               3 = THUNDER
                        SNOW, ICE PELLETS, HAIL    4 = ICE PELLETS
                        TOTAL MONTH:    M          5 = HAIL
                        GRTST 24HR    M  ON   M    6 = FREEZING RAIN OR DRIZZLE
                        GRTST DEPTH:  M  ON   M    7 = DUSTSTORM OR SANDSTORM:
                                                       VSBY 1/2 MILE OR LESS
                                                   8 = SMOKE OR HAZE
[NO. OF DAYS WITH]      [WEATHER - DAYS WITH]      9 = BLOWING SNOW
                                                   X = TORNADO
MAX 32 OR BELOW:   0    0.01 INCH OR MORE:  10
MAX 90 OR ABOVE:   3    0.10 INCH OR MORE:   7
MIN 32 OR BELOW:   0    0.50 INCH OR MORE:   2
MIN  0 OR BELOW:   0    1.00 INCH OR MORE:   1

[HDD (BASE 65) ]
TOTAL THIS MO.    35    CLEAR  (SCALE 0-3)  19
DPTR FM NORMAL   -29    PTCLDY (SCALE 4-7)   8
TOTAL FM JUL 1    35    CLOUDY (SCALE 8-10)  2
DPTR FM NORMAL   -29

[CDD (BASE 65) ]
TOTAL THIS MO.   131
DPTR FM NORMAL    44    [PRESSURE DATA]
TOTAL FM JAN 1   186    HIGHEST SLP M ON M
DPTR FM NORMAL    44    LOWEST  SLP 29.60 ON 14

[REMARKS]
