000
CXUS55 KLOX 271155
CF6PMD
PRELIMINARY LOCAL CLIMATOLOGICAL DATA (WS FORM: F-6)

                                          STATION:   PALMDALE AIRPORT CA
                                          MONTH:     FEBRUARY
                                          YEAR:      2015
                                          LATITUDE:   34 37 N
                                          LONGITUDE: 118  5 W

  TEMPERATURE IN F:       :PCPN:    SNOW:  WIND      :SUNSHINE: SKY     :PK WND
================================================================================
1   2   3   4   5  6A  6B    7    8   9   10  11  12  13   14  15   16   17  18
                                     12Z  AVG MX 2MIN
DY MAX MIN AVG DEP HDD CDD  WTR  SNW DPTH SPD SPD DIR MIN PSBL S-S WX    SPD DR
================================================================================

 1  67  33  50   4  15   0 0.00  0.0    0  4.2 10 200   M    M   0        11 210
 2  69  36  53   7  12   0 0.00  0.0    0  3.4 14 220   M    M   0        14 220
 3  73  38  56   9   9   0 0.00  0.0    0  5.0 12 200   M    M   0        12 220
 4  76  37  57  10   8   0 0.00  0.0    0  4.8 14 230   M    M   0        16 230
 5  75  38  57  10   8   0 0.00  0.0    0  2.8 13 260   M    M   0        15 260
 6  75  41  58  11   7   0 0.00  0.0    0 11.3 26 210   M    M   0        33 220
 7  67  53  60  13   5   0 0.00  0.0    0 14.6 30 220   M    M   4        36 230
 8  71  43  57  10   8   0 0.00  0.0    0 11.2 30 230   M    M   0 1      34 230
 9  69  49  59  11   6   0 0.00  0.0    M 15.3 32 290   M    M   0        37 290
10  69  39  54   6  11   0 0.00  0.0    0  8.5 23 280   M    M   0        26 290
11  69  33  51   3  14   0 0.00  0.0    0  9.1 26  70   M    M   0        31  60
12  73  35  54   6  11   0 0.00  0.0    0  7.5 22  50   M    M   0        29  60
13  75  35  55   7  10   0 0.00  0.0    0  4.2 10 210   M    M   0        12 360
14  77  38  58  10   7   0 0.00  0.0    0  4.1 12 220   M    M   0        13 220
15  77  40  59  10   6   0 0.00  0.0    0  5.0 12 210   M    M   0        20 310
16  79  39  59  10   6   0 0.00  0.0    0 11.0 22 250   M    M   0        26 250
17  73  39  56   7   9   0 0.00  0.0    0  3.5 12 220   M    M   0        13 210
18  74  40  57   8   8   0 0.00  0.0    0  2.6 10 180   M    M   0        12 300
19  78  41  60  11   5   0 0.00  0.0    0  7.2 21 240   M    M   0        23 240
20  76  45  61  11   4   0 0.00  0.0    0  5.3 15 210   M    M   0        18 220
21  72  46  59   9   6   0 0.00  0.0    0 14.8 28 220   M    M   0 8      33 230
22  57  39  48  -2  17   0 0.36    M    0 15.3 29 210   M    M   5 1      32 210
23  52  36  44  -6  21   0 0.02    M    0  6.4 16  40   M    M   7        19  40
24  59  31  45  -5  20   0 0.00  0.0    0  5.3 12 300   M    M   0        14 150
25  69  32  51   1  14   0 0.00  0.0    0  4.4 17 300   M    M   0        20 300
26  69  35  52   1  13   0 0.00  0.0    0  9.7 24 290   M    M   0        29 300
================================================================================
SM 1840 1011       260   0  0.38     0.0 196.5          M       16
================================================================================
AV 70.8 38.9                               7.6 FASTST   M    M   1    MAX(MPH)
                                 MISC ---->  # 32 290               # 37  290
================================================================================
NOTES:
# LAST OF SEVERAL OCCURRENCES

COLUMN 17 PEAK WIND IN M.P.H.

PRELIMINARY LOCAL CLIMATOLOGICAL DATA (WS FORM: F-6) , PAGE 2

                                          STATION:  PALMDALE AIRPORT CA
                                          MONTH:    FEBRUARY
                                          YEAR:     2015
                                          LATITUDE:   34 37 N
                                          LONGITUDE: 118  5 W

[TEMPERATURE DATA]      [PRECIPITATION DATA]       SYMBOLS USED IN COLUMN 16

AVERAGE MONTHLY: 54.8   TOTAL FOR MONTH:   0.38    1 = FOG OR MIST
DPTR FM NORMAL:   6.4   DPTR FM NORMAL:   -1.26    2 = FOG REDUCING VISIBILITY
HIGHEST:    79 ON 16    GRTST 24HR  0.38 ON 22-23      TO 1/4 MILE OR LESS
LOWEST:     31 ON 24                               3 = THUNDER
                        SNOW, ICE PELLETS, HAIL    4 = ICE PELLETS
                        TOTAL MONTH:   0.0 INCH    5 = HAIL
                        GRTST 24HR     0.0         6 = FREEZING RAIN OR DRIZZLE
                        GRTST DEPTH:   0           7 = DUSTSTORM OR SANDSTORM:
                                                       VSBY 1/2 MILE OR LESS
                                                   8 = SMOKE OR HAZE
[NO. OF DAYS WITH]      [WEATHER - DAYS WITH]      9 = BLOWING SNOW
                                                   X = TORNADO
MAX 32 OR BELOW:   0    0.01 INCH OR MORE:   2
MAX 90 OR ABOVE:   0    0.10 INCH OR MORE:   1
MIN 32 OR BELOW:   2    0.50 INCH OR MORE:   0
MIN  0 OR BELOW:   0    1.00 INCH OR MORE:   0

[HDD (BASE 65) ]
TOTAL THIS MO.   260    CLEAR  (SCALE 0-3)  23
DPTR FM NORMAL  -172    PTCLDY (SCALE 4-7)   3
TOTAL FM JUL 1  1628    CLOUDY (SCALE 8-10)  0
DPTR FM NORMAL  -588

[CDD (BASE 65) ]
TOTAL THIS MO.     0
DPTR FM NORMAL     0    [PRESSURE DATA]
TOTAL FM JAN 1     0    HIGHEST SLP M ON M
DPTR FM NORMAL     0    LOWEST  SLP 29.79 ON M

[REMARKS]
