000
CXUS52 KMFL 301000
CF6PMP
PRELIMINARY LOCAL CLIMATOLOGICAL DATA (WS FORM: F-6)

                                          STATION:   POMPANO BEACH ARPK
                                          MONTH:     APRIL
                                          YEAR:      2016
                                          LATITUDE:   26 14 N
                                          LONGITUDE:  80  7 W

  TEMPERATURE IN F:       :PCPN:    SNOW:  WIND      :SUNSHINE: SKY     :PK WND
================================================================================
1   2   3   4   5  6A  6B    7    8   9   10  11  12  13   14  15   16   17  18
                                     12Z  AVG MX 2MIN
DY MAX MIN AVG DEP HDD CDD  WTR  SNW DPTH SPD SPD DIR MIN PSBL S-S WX    SPD DR
================================================================================

 1  86  77  82   9   0  17 0.00  0.0    0 13.4 21 160   M    M   2        27 150
 2  92  77  85  12   0  20 0.04  0.0    0 10.9 20 220   M    M   2 1      26 220
 3  80  66  73   0   0   8 0.00  0.0    0 10.3 21 320   M    M   4        25 330
 4  81  66  74   1   0   9 0.02  0.0    0  6.2 16  50   M    M   1 13     20  20
 5  82  64  73   0   0   8 0.00  0.0    0  8.7 20  40   M    M   0        24  30
 6  78  73  76   2   0  11    T  0.0    0 13.8 25  70   M    M   5        32  70
 7  87  70  79   5   0  14    T  0.0    0  8.9 17 250   M    M   3        24 280
 8  84  64  74   0   0   9 0.00  0.0    0  8.7 21 270   M    M   1        25 280
 9  80  64  72  -2   0   7 0.00  0.0    0 10.7 22  50   M    M   0        28  50
10  79  63  71  -3   0   6 0.00  0.0    0 13.7 21  80   M    M   3        27  70
11  80  72  76   2   0  11    T  0.0    0 13.5 22  70   M    M   3        29  70
12  82  72  77   3   0  12 0.00  0.0    0  8.3 14  80   M    M   3        18 120
13  82  69  76   2   0  11 0.00  0.0    0  6.3 13 120   M    M   1        18 100
14  84  73  79   5   0  14 0.00  0.0    0  8.3 15 130   M    M   1        19 130
15  87  69  78   4   0  13 1.49  0.0    0 10.4 35 360   M    M   1 13     50 350
16  81  67  74  -1   0   9    T  0.0    0 11.5 22  50   M    M   2        29  60
17  77  69  73  -2   0   8    T  0.0    0 16.7 23  50   M    M   4        30  70
18  78  69  74  -1   0   9    T  0.0    0 13.6 22  40   M    M   4        28  50
19  77  64  71  -4   0   6 0.00  0.0    0  9.8 18  70   M    M   3        22  80
20  78  70  74  -1   0   9 0.00  0.0    0 13.0 22 110   M    M   4        27 100
21  80  71  76   1   0  11 0.00  0.0    0 15.7 22 110   M    M   2        28 130
22  81  73  77   2   0  12 0.00  0.0    0 13.8 21 130   M    M   3        27 130
23  88  70  79   4   0  14    T  0.0    0  9.2 18 310   M    M   1        24 310
24  82  66  74  -2   0   9    T  0.0    0 10.9 18  80   M    M   1        25  60
25  80  72  76   0   0  11 0.00  0.0    0 10.4 17 100   M    M   3        21 100
26  80  69  75  -1   0  10 0.00  0.0    0  9.2 21 110   M    M   2        25 110
27  81  70  76   0   0  11 0.00  0.0    0  8.9 15 100   M    M   1        20 100
28  82  73  78   2   0  13 0.00  0.0    0  8.7 15 130   M    M   1        22 120
29  85  70  78   2   0  13 0.00  0.0    0  8.1 15 130   M    M   1        20 110
================================================================================
SM 2374 2012         0 315  1.55     0.0 311.6          M       62
================================================================================
AV 81.9 69.4                              10.7 FASTST   M    M   2    MAX(MPH)
                                 MISC ---->  # 35 360               # 50  350
================================================================================
NOTES:
# LAST OF SEVERAL OCCURRENCES

COLUMN 17 PEAK WIND IN M.P.H.

PRELIMINARY LOCAL CLIMATOLOGICAL DATA (WS FORM: F-6) , PAGE 2

                                          STATION:  POMPANO BEACH ARPK
                                          MONTH:    APRIL
                                          YEAR:     2016
                                          LATITUDE:   26 14 N
                                          LONGITUDE:  80  7 W

[TEMPERATURE DATA]      [PRECIPITATION DATA]       SYMBOLS USED IN COLUMN 16

AVERAGE MONTHLY: 75.6   TOTAL FOR MONTH:   1.55    1 = FOG OR MIST
DPTR FM NORMAL:   1.1   DPTR FM NORMAL:   -1.65    2 = FOG REDUCING VISIBILITY
HIGHEST:    92 ON  2    GRTST 24HR  1.49 ON 15-15      TO 1/4 MILE OR LESS
LOWEST:     63 ON 10                               3 = THUNDER
                        SNOW, ICE PELLETS, HAIL    4 = ICE PELLETS
                        TOTAL MONTH:   0.0 INCH    5 = HAIL
                        GRTST 24HR     0.0         6 = FREEZING RAIN OR DRIZZLE
                        GRTST DEPTH:   0           7 = DUSTSTORM OR SANDSTORM:
                                                       VSBY 1/2 MILE OR LESS
                                                   8 = SMOKE OR HAZE
[NO. OF DAYS WITH]      [WEATHER - DAYS WITH]      9 = BLOWING SNOW
                                                   X = TORNADO
MAX 32 OR BELOW:   0    0.01 INCH OR MORE:   3
MAX 90 OR ABOVE:   1    0.10 INCH OR MORE:   1
MIN 32 OR BELOW:   0    0.50 INCH OR MORE:   1
MIN  0 OR BELOW:   0    1.00 INCH OR MORE:   1

[HDD (BASE 65) ]
TOTAL THIS MO.     0    CLEAR  (SCALE 0-3)  22
DPTR FM NORMAL     0    PTCLDY (SCALE 4-7)   7
TOTAL FM JUL 1   101    CLOUDY (SCALE 8-10)  0
DPTR FM NORMAL   -70

[CDD (BASE 65) ]
TOTAL THIS MO.   315
DPTR FM NORMAL    35    [PRESSURE DATA]
TOTAL FM JAN 1   887    HIGHEST SLP M ON M
DPTR FM NORMAL   122    LOWEST  SLP 29.87 ON M

[REMARKS]
