000
CXUS52 KMFL 211000
CF6PMP
PRELIMINARY LOCAL CLIMATOLOGICAL DATA (WS FORM: F-6)

                                          STATION:   POMPANO BEACH ARPK
                                          MONTH:     OCTOBER
                                          YEAR:      2014
                                          LATITUDE:   26 14 N
                                          LONGITUDE:  80  7 W

  TEMPERATURE IN F:       :PCPN:    SNOW:  WIND      :SUNSHINE: SKY     :PK WND
================================================================================
1   2   3   4   5  6A  6B    7    8   9   10  11  12  13   14  15   16   17  18
                                     12Z  AVG MX 2MIN
DY MAX MIN AVG DEP HDD CDD  WTR  SNW DPTH SPD SPD DIR MIN PSBL S-S WX    SPD DR
================================================================================

 1  93  79  86   5   0  21 0.00  0.0    0  6.6 18 260   M    M   3 13     24 260
 2  94  79  87   6   0  22 0.00  0.0    0  6.9 16 260   M    M   2 3      21 280
 3  90  76  83   2   0  18 0.42  0.0    0  5.3 21 270   M    M   3 13     26 250
 4  93  76  85   5   0  20 0.49  0.0    0  7.6 26 290   M    M   3 138    38 280
 5  85  68  77  -3   0  12 0.00  0.0    0  8.1 15  30   M    M   1        21  30
 6  86  71  79  -1   0  14 0.00  0.0    0  8.3 16  60   M    M   3        22  60
 7  84  77  81   1   0  16 0.12  0.0    0  6.0 15 110   M    M   2 13     19  90
 8  87  75  81   1   0  16 0.00  0.0    0  7.2 15  50   M    M   3        19  50
 9  88  80  84   4   0  19 0.09  0.0    0 10.7 20  40   M    M   3        23  40
10  88  81  85   5   0  20 0.00  0.0    0 12.7 18  80   M    M   2        25  80
11  88  81  85   5   0  20 0.00  0.0    0 10.1 16  80   M    M   2        20  70
12  89  81  85   6   0  20 0.00  0.0    0 11.1 18 100   M    M   2        24 100
13  89  82  86   7   0  21 0.01  0.0    0 14.3 21 100   M    M   2        25 110
14  89  77  83   4   0  18 0.10  0.0    0 12.1 20 140   M    M   2 138    24 140
15  88  77  83   4   0  18 0.05  0.0    0  4.9 18 300   M    M   3 13     21 310
16  86  70  78  -1   0  13 0.00  0.0    0  8.3 18 320   M    M   0        23 330
17  85  66  76  -3   0  11 0.00  0.0    0  5.4 12 310   M    M   0        15 300
18  85  66  76  -2   0  11 0.00  0.0    0  5.6 14 130   M    M   0        18 130
19  86  68  77  -1   0  12 0.00  0.0    0  6.7 14  70   M    M   1        16  60
20  87  75  81   3   0  16    T  0.0    0  7.9 15 110   M    M   4        23 100
================================================================================
SM 1760 1505         0 338  1.28     0.0 165.8          M       41
================================================================================
AV 88.0 75.2                               8.3 FASTST   M    M   2    MAX(MPH)
                                 MISC ---->  # 26 290               # 38  280
================================================================================
NOTES:
# LAST OF SEVERAL OCCURRENCES

COLUMN 17 PEAK WIND IN M.P.H.

PRELIMINARY LOCAL CLIMATOLOGICAL DATA (WS FORM: F-6) , PAGE 2

                                          STATION:  POMPANO BEACH ARPK
                                          MONTH:    OCTOBER
                                          YEAR:     2014
                                          LATITUDE:   26 14 N
                                          LONGITUDE:  80  7 W

[TEMPERATURE DATA]      [PRECIPITATION DATA]       SYMBOLS USED IN COLUMN 16

AVERAGE MONTHLY: 81.6   TOTAL FOR MONTH:   1.28    1 = FOG OR MIST
DPTR FM NORMAL:   2.1   DPTR FM NORMAL:   -2.74    2 = FOG REDUCING VISIBILITY
HIGHEST:    94 ON  2    GRTST 24HR  0.50 ON  3- 4      TO 1/4 MILE OR LESS
LOWEST:     66 ON 18,17                            3 = THUNDER
                        SNOW, ICE PELLETS, HAIL    4 = ICE PELLETS
                        TOTAL MONTH:   0.0 INCH    5 = HAIL
                        GRTST 24HR     0.0         6 = FREEZING RAIN OR DRIZZLE
                        GRTST DEPTH:   0           7 = DUSTSTORM OR SANDSTORM:
                                                       VSBY 1/2 MILE OR LESS
                                                   8 = SMOKE OR HAZE
[NO. OF DAYS WITH]      [WEATHER - DAYS WITH]      9 = BLOWING SNOW
                                                   X = TORNADO
MAX 32 OR BELOW:   0    0.01 INCH OR MORE:   7
MAX 90 OR ABOVE:   4    0.10 INCH OR MORE:   4
MIN 32 OR BELOW:   0    0.50 INCH OR MORE:   0
MIN  0 OR BELOW:   0    1.00 INCH OR MORE:   0

[HDD (BASE 65) ]
TOTAL THIS MO.     0    CLEAR  (SCALE 0-3)  18
DPTR FM NORMAL     0    PTCLDY (SCALE 4-7)   2
TOTAL FM JUL 1     0    CLOUDY (SCALE 8-10)  0
DPTR FM NORMAL     0

[CDD (BASE 65) ]
TOTAL THIS MO.   338
DPTR FM NORMAL    47    [PRESSURE DATA]
TOTAL FM JAN 1  4132    HIGHEST SLP M ON M
DPTR FM NORMAL   542    LOWEST  SLP 29.83 ON  4

[REMARKS]
