000
CXUS54 KOUN 300800
CF6PNC
PRELIMINARY LOCAL CLIMATOLOGICAL DATA (WS FORM: F-6)

                                          STATION:   PONCA CITY
                                          MONTH:     JUNE
                                          YEAR:      2015
                                          LATITUDE:   36 44 N
                                          LONGITUDE:  97  6 W

  TEMPERATURE IN F:       :PCPN:    SNOW:  WIND      :SUNSHINE: SKY     :PK WND
================================================================================
1   2   3   4   5  6A  6B    7    8   9   10  11  12  13   14  15   16   17  18
                                     12Z  AVG MX 2MIN
DY MAX MIN AVG DEP HDD CDD  WTR  SNW DPTH SPD SPD DIR MIN PSBL S-S WX    SPD DR
================================================================================

 1  79  54  67  -5   0   2 0.00  0.0    0  6.1 14 100   M    M   3 1      19 120
 2  89  65  77   4   0  12 0.00  0.0    0 12.7 22 160   M    M   3        26 150
 3  90  70  80   7   0  15 0.00  0.0    0 14.5 24 160   M    M   1        31 150
 4  90  71  81   8   0  16 0.00  0.0    0 11.8 24 150   M    M   1        32 140
 5  91  70  81   7   0  16 0.00  0.0    0  8.3 17 130   M    M   1 8      35 110
 6  92  71  82   8   0  17 0.00  0.0    0  7.4 15 150   M    M   1 18     23 150
 7  95  72  84  10   0  19    T  0.0    0  8.8 21 210   M    M   2 38     29 220
 8  87  69  78   4   0  13 0.00  0.0    0  4.4  9  50   M    M   1         M  M
 9  96  82  89  14   0  24 0.00  0.0    0  5.9 14 150   M    M   2         M  M
10  98  73  86  11   0  21 0.00  0.0    0  9.0 20 160   M    M   1        28 150
11  94  78  86  11   0  21    T  0.0    0 10.6 20 160   M    M   0 3      31 210
12  85  68  77   1   0  12 1.53  0.0    0  6.8 20 330   M    M   5 138    31 300
13  81  67  74  -2   0   9 0.08  0.0    0  7.9 16 120   M    M   7 1      20 120
14  87  71  79   3   0  14 0.01  0.0    0 11.2 20 150   M    M   5 13     26 150
15  88  72  80   3   0  15 0.00  0.0    0  6.6 16 150   M    M   6        22 160
16  85  68  77   0   0  12 0.00  0.0    0  5.8 10 160   M    M   6 8       M  M
17  82  72  77   0   0  12 0.00  0.0    0  6.4 14 150   M    M   5        16 110
18  84  71  78   1   0  13    T  0.0    0  9.5 26  30   M    M   3 1      38 360
19  90  67  79   1   0  14 0.00  0.0    0  5.8 14 130   M    M   1 1      19 150
20  94  76  85   7   0  20 0.00  0.0    0  8.9 22 210   M    M   0        30 210
21  91  74  83   5   0  18 0.00  0.0    0  9.1 17 170   M    M   1        29 160
22  94  75  85   7   0  20 0.00  0.0    0 11.0 26 220   M    M   0        36 220
23  95  73  84   5   0  19 0.00  0.0    0  8.2 17 210   M    M   1 8      25 210
24  96  75  86   7   0  21 0.00  0.0    0  9.7 20 220   M    M   0        28 210
25  97  75  86   7   0  21 0.00  0.0    0  9.4 18 210   M    M   0        26 200
26  88  70  79   0   0  14    T  0.0    0  8.0 21  10   M    M   3        26  10
27  89  61  75  -5   0  10 0.00  0.0    0  6.2 15  30   M    M   1 1      19  40
28  97  65  81   1   0  16    T  0.0    0  7.2 17 210   M    M   1 3      23 210
29  94  65  80   0   0  15 0.00  0.0    0  4.8 18  30   M    M   1 8      21 360
================================================================================
SM 2618 2040         0 451  1.62     0.0 242.0          M       62
================================================================================
AV 90.3 70.3                               8.3 FASTST   M    M   2    MAX(MPH)
                                 MISC ---->  # 26  30               # 38  360
================================================================================
NOTES:
# LAST OF SEVERAL OCCURRENCES

COLUMN 17 PEAK WIND IN M.P.H.

PRELIMINARY LOCAL CLIMATOLOGICAL DATA (WS FORM: F-6) , PAGE 2

                                          STATION:  PONCA CITY
                                          MONTH:    JUNE
                                          YEAR:     2015
                                          LATITUDE:   36 44 N
                                          LONGITUDE:  97  6 W

[TEMPERATURE DATA]      [PRECIPITATION DATA]       SYMBOLS USED IN COLUMN 16

AVERAGE MONTHLY: 80.3   TOTAL FOR MONTH:   1.62    1 = FOG OR MIST
DPTR FM NORMAL:   3.9   DPTR FM NORMAL:   -3.30    2 = FOG REDUCING VISIBILITY
HIGHEST:    98 ON 10    GRTST 24HR  1.53 ON 12-12      TO 1/4 MILE OR LESS
LOWEST:     54 ON  1                               3 = THUNDER
                        SNOW, ICE PELLETS, HAIL    4 = ICE PELLETS
                        TOTAL MONTH:   0.0 INCH    5 = HAIL
                        GRTST 24HR     0.0         6 = FREEZING RAIN OR DRIZZLE
                        GRTST DEPTH:   0           7 = DUSTSTORM OR SANDSTORM:
                                                       VSBY 1/2 MILE OR LESS
                                                   8 = SMOKE OR HAZE
[NO. OF DAYS WITH]      [WEATHER - DAYS WITH]      9 = BLOWING SNOW
                                                   X = TORNADO
MAX 32 OR BELOW:   0    0.01 INCH OR MORE:   3
MAX 90 OR ABOVE:  17    0.10 INCH OR MORE:   1
MIN 32 OR BELOW:   0    0.50 INCH OR MORE:   1
MIN  0 OR BELOW:   0    1.00 INCH OR MORE:   1

[HDD (BASE 65) ]
TOTAL THIS MO.     0    CLEAR  (SCALE 0-3)  22
DPTR FM NORMAL     0    PTCLDY (SCALE 4-7)   7
TOTAL FM JUL 1  3945    CLOUDY (SCALE 8-10)  0
DPTR FM NORMAL  -148

[CDD (BASE 65) ]
TOTAL THIS MO.   451
DPTR FM NORMAL   117    [PRESSURE DATA]
TOTAL FM JAN 1   620    HIGHEST SLP M ON M
DPTR FM NORMAL    97    LOWEST  SLP 29.65 ON 11

[REMARKS]
