000
CXUS55 KALY 290710
CF6POU
PRELIMINARY LOCAL CLIMATOLOGICAL DATA (WS FORM: F-6)

                                          STATION:   POUGHKEEPSIE NY
                                          MONTH:     MARCH
                                          YEAR:      2015
                                          LATITUDE:   41 37 N
                                          LONGITUDE:  73 53 W

  TEMPERATURE IN F:       :PCPN:    SNOW:  WIND      :SUNSHINE: SKY     :PK WND
================================================================================
1   2   3   4   5  6A  6B    7    8   9   10  11  12  13   14  15   16   17  18
                                     12Z  AVG MX 2MIN
DY MAX MIN AVG DEP HDD CDD  WTR  SNW DPTH SPD SPD DIR MIN PSBL S-S WX    SPD DR
================================================================================

 1  26   0  13 -19  52   0 0.29    M    M  2.1 10 190   M    M   8 18     14 190
 2  36  21  29  -3  36   0 0.00    M    M  8.5 23 290   M    M   5 18     34 270
 3  35   2  19 -13  46   0 0.52    M    M  3.4 13 170   M    M   4 1268   20 190
 4  43  35  39   6  26   0 0.01    M    M  5.9 14 250   M    M   8 18     17 230
 5  37  16  27  -6  38   0 0.02    M    M  7.8 21  20   M    M   8 1      26 360
 6  27  -2  13 -20  52   0 0.00    M    M  2.1 10 330   M    M   0 18     14 300
 7  36  15  26  -8  39   0 0.00    M    M  5.3 16 230   M    M   3        21 240
 8  45  22  34   0  31   0 0.00  0.0    0  6.1 22 280   M    M   6        30 300
 9  49  18  34   0  31   0 0.00    M    M  4.3 17 270   M    M   1        22 250
10  53  20  37   3  28   0 0.08    M    M  1.8 12 210   M    M   4 12     16 210
11  60  33  47  12  18   0 0.00    M    M  5.4 17 270   M    M   2 12     23 290
12  44  24  34  -1  31   0 0.00    M    M 10.3 24 320   M    M   0        36 320
13  43  19  31  -5  34   0 0.00    M    M  2.9 10 180   M    M   1        15 180
14  43  34  39   3  26   0 0.44    M    M  1.1  7 220   M    M   9 12     11 230
15  45  35  40   4  25   0 0.00    M    M 12.5 28 330   M    M  10        36 350
16  48  25  37   0  28   0 0.00    M    M  1.6  9 330   M    M   2        13 330
17  52  32  42   5  23   0 0.03    M    M  7.7 26 300   M    M   8 18     37 300
18  36  22  29  -8  36   0 0.00    M    M 11.6 29 300   M    M   5        40 290
19  41  15  28 -10  37   0 0.00    M    M  5.0 23 320   M    M   0        26 310
20  34  22  28 -10  37   0 0.13    M    M  2.6 10 110   M    M   7 128    19 120
21  45  28  37  -1  28   0    T    M    M  4.3 21 270   M    M   9 1      27 270
22  39  23  31  -8  34   0 0.00    M    M 11.9 22 300   M    M   2        28 320
23  37  19  28 -11  37   0 0.00    M    M  8.4 17 330   M    M   0        24 320
24  42  19  31  -9  34   0 0.00    M    M  5.0 13  20   M    M   0        17 350
25  50  18  34  -6  31   0 0.11    M    M  2.2 14 180   M    M   4 1      21 200
26  50  35  43   3  22   0 0.32    M    M  3.5 14  20   M    M   9 128    18 360
27  46  36  41   0  24   0 0.11    M    M  4.6 14 360   M    M  10 1      18  10
28  36  27  32  -9  33   0    T    M    M 10.1 20  10   M    M   9 8      27 350
================================================================================
SM 1178  613       917   0  2.06     0.0 158.0          M      134
================================================================================
AV 42.1 21.9                               5.6 FASTST   M    M   5    MAX(MPH)
                                 MISC ---->  # 29 300               # 40  290
================================================================================
NOTES:
# LAST OF SEVERAL OCCURRENCES

COLUMN 17 PEAK WIND IN M.P.H.

PRELIMINARY LOCAL CLIMATOLOGICAL DATA (WS FORM: F-6) , PAGE 2

                                          STATION:  POUGHKEEPSIE NY
                                          MONTH:    MARCH
                                          YEAR:     2015
                                          LATITUDE:   41 37 N
                                          LONGITUDE:  73 53 W

[TEMPERATURE DATA]      [PRECIPITATION DATA]       SYMBOLS USED IN COLUMN 16

AVERAGE MONTHLY: 32.0   TOTAL FOR MONTH:   2.06    1 = FOG OR MIST
DPTR FM NORMAL:  -4.2   DPTR FM NORMAL:   -1.16    2 = FOG REDUCING VISIBILITY
HIGHEST:    60 ON 11    GRTST 24HR  0.52 ON  3- 3      TO 1/4 MILE OR LESS
LOWEST:     -2 ON  6                               3 = THUNDER
                        SNOW, ICE PELLETS, HAIL    4 = ICE PELLETS
                        TOTAL MONTH:   0.0 INCH    5 = HAIL
                        GRTST 24HR     0.0         6 = FREEZING RAIN OR DRIZZLE
                        GRTST DEPTH:   0           7 = DUSTSTORM OR SANDSTORM:
                                                       VSBY 1/2 MILE OR LESS
                                                   8 = SMOKE OR HAZE
[NO. OF DAYS WITH]      [WEATHER - DAYS WITH]      9 = BLOWING SNOW
                                                   X = TORNADO
MAX 32 OR BELOW:   2    0.01 INCH OR MORE:  11
MAX 90 OR ABOVE:   0    0.10 INCH OR MORE:   7
MIN 32 OR BELOW:  22    0.50 INCH OR MORE:   1
MIN  0 OR BELOW:   2    1.00 INCH OR MORE:   0

[HDD (BASE 65) ]
TOTAL THIS MO.   917    CLEAR  (SCALE 0-3)  11
DPTR FM NORMAL   112    PTCLDY (SCALE 4-7)   9
TOTAL FM JUL 1  5602    CLOUDY (SCALE 8-10)  8
DPTR FM NORMAL   226

[CDD (BASE 65) ]
TOTAL THIS MO.     0
DPTR FM NORMAL     0    [PRESSURE DATA]
TOTAL FM JAN 1     0    HIGHEST SLP M ON M
DPTR FM NORMAL     0    LOWEST  SLP 29.55 ON 17

[REMARKS]
