000
CXUS55 KLOX 011655
CF6PRB
PRELIMINARY LOCAL CLIMATOLOGICAL DATA (WS FORM: F-6)

                                          STATION:   PASO ROBLES AIRPORT CA
                                          MONTH:     JUNE
                                          YEAR:      2015
                                          LATITUDE:   35 40 N
                                          LONGITUDE: 120 38 W

  TEMPERATURE IN F:       :PCPN:    SNOW:  WIND      :SUNSHINE: SKY     :PK WND
================================================================================
1   2   3   4   5  6A  6B    7    8   9   10  11  12  13   14  15   16   17  18
                                     12Z  AVG MX 2MIN
DY MAX MIN AVG DEP HDD CDD  WTR  SNW DPTH SPD SPD DIR MIN PSBL S-S WX    SPD DR
================================================================================

 1  82  43  63  -3   2   0 0.00  0.0    0  7.2 20 240   M    M   1        29 320
 2  89  52  71   5   0   6 0.00  0.0    0 10.6 21 300   M    M   1         M  M
 3  85  50  68   2   0   3 0.00  0.0    0 12.7 22 300   M    M   0        29 310
 4  69  49  59  -8   6   0 0.00  0.0    0 10.4 25 200   M    M   4        30 210
 5  79  52  66  -1   0   1    T  0.0    0 10.7 26 210   M    M   4        34 200
 6  83  50  67   0   0   2 0.00  0.0    0  8.6 24 210   M    M   2 1      28 210
 7  99  51  75   8   0  10 0.00  0.0    0  5.2 17 190   M    M   0         M  M
 8 105  56  81  14   0  16 0.00  0.0    0  7.6 24 200   M    M   0        29 220
 9  78  57  68   0   0   3    T  0.0    M  3.9 21 260   M    M   5        25 260
10  91  60  76   8   0  11 0.18  0.0    0  4.4 17 310   M    M   3        26 320
11  93  56  75   7   0  10 0.00  0.0    0  6.4 17 210   M    M   0        26 210
12  99  60  80  12   0  15 0.00  0.0    0  6.0 21 190   M    M   0        25 190
13  87  57  72   4   0   7 0.00  0.0    0  9.6 25 200   M    M   0        33 200
14  91  50  71   3   0   6 0.00  0.0    0  6.5 21 210   M    M   2 1      23 200
15  98  50  74   5   0   9 0.00  0.0    0  8.7 23 320   M    M   2 1      27 320
16 101  51  76   7   0  11 0.00  0.0    0  7.9 21 310   M    M   2 1      27 310
17 102  50  76   7   0  11 0.00  0.0    0  6.9 20 300   M    M   0        25 310
18 101  51  76   7   0  11 0.00  0.0    0  8.5 23 320   M    M   0        28 310
19 101  50  76   6   0  11 0.00  0.0    0  8.4 21 310   M    M   0        25 310
20 104  51  78   8   0  13 0.00  0.0    0  5.8 18 190   M    M   0        32 300
21  94  54  74   4   0   9 0.00  0.0    0  6.4 18 290   M    M   0        27 330
22  98  46  72   2   0   7 0.00  0.0    0  7.5 21 310   M    M   0         M  M
23  96  50  73   3   0   8 0.00  0.0    0  8.8 23 320   M    M   0        30 300
24  97  54  76   6   0  11 0.00  0.0    0  9.1 22 200   M    M   0        26 200
25  95  53  74   3   0   9 0.00  0.0    0  7.8 25 230   M    M   0        32 230
26  98  55  77   6   0  12 0.00  0.0    0  6.0 24 210   M    M   0        30 220
27  87  52  70  -1   0   5    T  0.0    0  8.5 21 210   M    M   1        24 210
28  93  57  75   4   0  10 0.00  0.0    0  9.2 23 190   M    M   0        27 190
29 105  57  81   9   0  16 0.00  0.0    0  6.9 17 300   M    M   0         M  M
30 107  63  85  13   0  20 0.00  0.0    0  6.0 25 210   M    M   0        32 200
================================================================================
SM 2807 1587         8 263  0.18     0.0 232.1          M       27
================================================================================
AV 93.6 52.9                               7.7 FASTST   M    M   1    MAX(MPH)
                                 MISC ---->  # 26 210               # 34  200
================================================================================
NOTES:
# LAST OF SEVERAL OCCURRENCES

COLUMN 17 PEAK WIND IN M.P.H.

PRELIMINARY LOCAL CLIMATOLOGICAL DATA (WS FORM: F-6) , PAGE 2

                                          STATION:  PASO ROBLES AIRPORT CA
                                          MONTH:    JUNE
                                          YEAR:     2015
                                          LATITUDE:   35 40 N
                                          LONGITUDE: 120 38 W

[TEMPERATURE DATA]      [PRECIPITATION DATA]       SYMBOLS USED IN COLUMN 16

AVERAGE MONTHLY: 73.2   TOTAL FOR MONTH:   0.18    1 = FOG OR MIST
DPTR FM NORMAL:   4.3   DPTR FM NORMAL:    0.16    2 = FOG REDUCING VISIBILITY
HIGHEST:   107 ON 30    GRTST 24HR  0.18 ON 10-10      TO 1/4 MILE OR LESS
LOWEST:     43 ON  1                               3 = THUNDER
                        SNOW, ICE PELLETS, HAIL    4 = ICE PELLETS
                        TOTAL MONTH:   0.0 INCH    5 = HAIL
                        GRTST 24HR     0.0         6 = FREEZING RAIN OR DRIZZLE
                        GRTST DEPTH:   0           7 = DUSTSTORM OR SANDSTORM:
                                                       VSBY 1/2 MILE OR LESS
                                                   8 = SMOKE OR HAZE
[NO. OF DAYS WITH]      [WEATHER - DAYS WITH]      9 = BLOWING SNOW
                                                   X = TORNADO
MAX 32 OR BELOW:   0    0.01 INCH OR MORE:   1
MAX 90 OR ABOVE:  21    0.10 INCH OR MORE:   1
MIN 32 OR BELOW:   0    0.50 INCH OR MORE:   0
MIN  0 OR BELOW:   0    1.00 INCH OR MORE:   0

[HDD (BASE 65) ]
TOTAL THIS MO.     8    CLEAR  (SCALE 0-3)  26
DPTR FM NORMAL   -19    PTCLDY (SCALE 4-7)   4
TOTAL FM JUL 1  1811    CLOUDY (SCALE 8-10)  0
DPTR FM NORMAL -1038

[CDD (BASE 65) ]
TOTAL THIS MO.   263
DPTR FM NORMAL   120    [PRESSURE DATA]
TOTAL FM JAN 1   334    HIGHEST SLP 30.03 ON 22
DPTR FM NORMAL   123    LOWEST  SLP 29.68 ON 13

[REMARKS]
#FINAL-06-15#
