000
CXUS55 KLOX 221655
CF6PRB
PRELIMINARY LOCAL CLIMATOLOGICAL DATA (WS FORM: F-6)

                                          STATION:   PASO ROBLES AIRPORT CA
                                          MONTH:     DECEMBER
                                          YEAR:      2014
                                          LATITUDE:   35 40 N
                                          LONGITUDE: 120 38 W

  TEMPERATURE IN F:       :PCPN:    SNOW:  WIND      :SUNSHINE: SKY     :PK WND
================================================================================
1   2   3   4   5  6A  6B    7    8   9   10  11  12  13   14  15   16   17  18
                                     12Z  AVG MX 2MIN
DY MAX MIN AVG DEP HDD CDD  WTR  SNW DPTH SPD SPD DIR MIN PSBL S-S WX    SPD DR
================================================================================

 1  70  45  58  10   7   0    T    M    0  2.7 10 100   M    M   4 1      13 210
 2  66  52  59  11   6   0 0.71  0.0    0  5.6 17 190   M    M   9 1      22 200
 3  68  58  63  15   2   0 0.08  0.0    0  9.2 21 190   M    M   9 1      29 120
 4  65  55  60  13   5   0 0.26  0.0    0  4.9 14 200   M    M   9 1      20  80
 5  65  54  60  13   5   0 0.13  0.0    0  4.9 12 190   M    M   8 1      21 120
 6  69  50  60  13   5   0 0.00  0.0    0  2.6 10  90   M    M   3 1      11 100
 7  64  46  55   8  10   0 0.00  0.0    0  2.0  9 280   M    M   4 12      M  M
 8  67  47  57  10   8   0 0.00  0.0    0  2.2  8 100   M    M   6 12      9  90
 9  67  43  55   8  10   0 0.00  0.0    0  3.5 14 130   M    M   2 128    14 140
10  64  45  55   8  10   0 0.00  0.0    0  4.2 14 210   M    M   4 128    16 210
11  65  49  57  11   8   0 0.75    M    0 14.5 32 150   M    M   7 1      39 310
12  58  43  51   5  14   0 1.57    M    0  3.3 18 250   M    M   8 1      20 250
13  56  41  49   3  16   0 0.00  0.0    0  0.8  7 100   M    M   6 12      9 250
14  58  38  48   2  17   0 0.00  0.0    0  2.2  7 130   M    M   1 12     11 240
15  59  43  51   5  14   0 0.42    M    0  5.2 18 130   M    M   5 1      23 140
16  62  44  53   7  12   0 0.46    M    0  6.3 23 300   M    M   5 1      32 290
17  56  42  49   3  16   0 0.04    M    0  2.9 22 330   M    M   5 1      25 330
18  58  45  52   6  13   0 0.02    M    0  1.9  7 110   M    M   4         9  30
19  59  44  52   6  13   0 0.00  0.0    0  2.8  8 130   M    M   8 1       8 100
20  64  52  58  12   7   0 0.01  0.0    0  4.7 16 320   M    M   8 1       M  M
21  65  49  57  11   8   0 0.00  0.0    0  4.3 14 330   M    M   7 12     17 320
================================================================================
SM 1325  985       206   0  4.45     0.0  90.8          M      122
================================================================================
AV 63.1 46.9                               4.3 FASTST   M    M   6    MAX(MPH)
                                 MISC ---->  # 32 150               # 39  310
================================================================================
NOTES:
# LAST OF SEVERAL OCCURRENCES

COLUMN 17 PEAK WIND IN M.P.H.

PRELIMINARY LOCAL CLIMATOLOGICAL DATA (WS FORM: F-6) , PAGE 2

                                          STATION:  PASO ROBLES AIRPORT CA
                                          MONTH:    DECEMBER
                                          YEAR:     2014
                                          LATITUDE:   35 40 N
                                          LONGITUDE: 120 38 W

[TEMPERATURE DATA]      [PRECIPITATION DATA]       SYMBOLS USED IN COLUMN 16

AVERAGE MONTHLY: 55.0   TOTAL FOR MONTH:   4.45    1 = FOG OR MIST
DPTR FM NORMAL:   8.4   DPTR FM NORMAL:    3.22    2 = FOG REDUCING VISIBILITY
HIGHEST:    70 ON  1    GRTST 24HR  2.29 ON 11-12      TO 1/4 MILE OR LESS
LOWEST:     38 ON 14                               3 = THUNDER
                        SNOW, ICE PELLETS, HAIL    4 = ICE PELLETS
                        TOTAL MONTH:   0.0 INCH    5 = HAIL
                        GRTST 24HR     0.0         6 = FREEZING RAIN OR DRIZZLE
                        GRTST DEPTH:   0           7 = DUSTSTORM OR SANDSTORM:
                                                       VSBY 1/2 MILE OR LESS
                                                   8 = SMOKE OR HAZE
[NO. OF DAYS WITH]      [WEATHER - DAYS WITH]      9 = BLOWING SNOW
                                                   X = TORNADO
MAX 32 OR BELOW:   0    0.01 INCH OR MORE:  11
MAX 90 OR ABOVE:   0    0.10 INCH OR MORE:   7
MIN 32 OR BELOW:   0    0.50 INCH OR MORE:   3
MIN  0 OR BELOW:   0    1.00 INCH OR MORE:   1

[HDD (BASE 65) ]
TOTAL THIS MO.   206    CLEAR  (SCALE 0-3)   2
DPTR FM NORMAL  -180    PTCLDY (SCALE 4-7)  15
TOTAL FM JUL 1   485    CLOUDY (SCALE 8-10)  4
DPTR FM NORMAL  -450

[CDD (BASE 65) ]
TOTAL THIS MO.     0
DPTR FM NORMAL     0    [PRESSURE DATA]
TOTAL FM JAN 1  1357    HIGHEST SLP M ON M
DPTR FM NORMAL   430    LOWEST  SLP 29.73 ON 12

[REMARKS]
