000
CXUS56 KFGZ 290900
CF6PRC
PRELIMINARY LOCAL CLIMATOLOGICAL DATA (WS FORM: F-6)

                                          STATION:   PRESCOTT AZ AIRPORT
                                          MONTH:     JANUARY
                                          YEAR:      2015
                                          LATITUDE:   34 39 N
                                          LONGITUDE: 112 26 W

  TEMPERATURE IN F:       :PCPN:    SNOW:  WIND      :SUNSHINE: SKY     :PK WND
================================================================================
1   2   3   4   5  6A  6B    7    8   9   10  11  12  13   14  15   16   17  18
                                     12Z  AVG MX 2MIN
DY MAX MIN AVG DEP HDD CDD  WTR  SNW DPTH SPD SPD DIR MIN PSBL S-S WX    SPD DR
================================================================================

 1  29  17  23 -15  42   0    T    M    M  5.9 15 140   M    M   5 1      18 230
 2  34  11  23 -15  42   0 0.00    M    M  5.8 14 320   M    M   0        16 320
 3  44  16  30  -8  35   0 0.00    M    M  4.3  9 200   M    M   0        10 320
 4  52  20  36  -2  29   0 0.00    M    M  3.5 10 200   M    M   0        11 200
 5  58  25  42   4  23   0 0.00    M    M  4.7 12 190   M    M   0        13 190
 6  62  26  44   6  21   0 0.00    M    M  4.8 10 190   M    M   0        11 190
 7  67  29  48  10  17   0 0.00    M    M  4.9 12 140   M    M   0        16 140
 8  63  30  47   9  18   0 0.00    M    M  3.0  9 190   M    M   0        10 330
 9  62  30  46   8  19   0 0.00    M    M  5.1 15 140   M    M   0        20 130
10  45  34  40   2  25   0 0.20    M    M  2.8  9 340   M    M   7 1      11 360
11  50  33  42   4  23   0 0.14    M    M  2.4 10 310   M    M   8 12     13 310
12  53  40  47   9  18   0 0.04    M    M  3.0 10 200   M    M   8 12     14 210
13  49  31  40   2  25   0 0.28    M    M  6.1 17 350   M    M   7 1      21 360
14  52  27  40   1  25   0 0.00    M    M  5.4 13 320   M    M   1 8      16  20
15  58  25  42   3  23   0 0.00    M    M  3.3 10 180   M    M   0 18     11 190
16  62  24  43   4  22   0 0.00    M    M  4.1 12 190   M    M   0        12 190
17  64  27  46   7  19   0 0.00    M    M  3.9  9 200   M    M   0        12 350
18  65  30  48   9  17   0 0.00    M    M  4.4 12 190   M    M   0        13 190
19  68  32  50  11  15   0 0.00    M    M  5.8 20 230   M    M   0        25 250
20  58  29  44   5  21   0 0.00    M    M  4.4 12 190   M    M   0        13 190
21  52  29  41   2  24   0 0.04    M    M  7.1 20  20   M    M   4        25  20
22  48  23  36  -3  29   0 0.00    M    M  7.3 18  40   M    M   0        24  30
23  54  20  37  -2  28   0 0.00    M    M  3.4 10 190   M    M   0        17  20
24  62  22  42   3  23   0 0.00    M    M  4.2 14  20   M    M   0        16  20
25  68  25  47   8  18   0 0.00    M    M  4.4 13  30   M    M   0        16  20
26  62  31  47   7  18   0 0.04    M    0  5.5 18 150   M    M   3        25 150
27  60  37  49   9  16   0 0.14    M    M  7.5 18 130   M    M   6 1      24 140
28  60  32  46   6  19   0 0.00    M    M  3.4 10 190   M    M   2 12     16  70
================================================================================
SM 1561  755       654   0  0.88    M    130.4          M       51
================================================================================
AV 55.8 27.0                               4.7 FASTST   M    M   2    MAX(MPH)
                                 MISC ---->  # 20 230               # 25  250
================================================================================
NOTES:
# LAST OF SEVERAL OCCURRENCES

COLUMN 17 PEAK WIND IN M.P.H.

PRELIMINARY LOCAL CLIMATOLOGICAL DATA (WS FORM: F-6) , PAGE 2

                                          STATION:  PRESCOTT AZ AIRPORT
                                          MONTH:    JANUARY
                                          YEAR:     2015
                                          LATITUDE:   34 39 N
                                          LONGITUDE: 112 26 W

[TEMPERATURE DATA]      [PRECIPITATION DATA]       SYMBOLS USED IN COLUMN 16

AVERAGE MONTHLY: 41.4   TOTAL FOR MONTH:   0.88    1 = FOG OR MIST
DPTR FM NORMAL:   2.7   DPTR FM NORMAL:   -0.13    2 = FOG REDUCING VISIBILITY
HIGHEST:    68 ON 25,19 GRTST 24HR  0.31 ON 12-13      TO 1/4 MILE OR LESS
LOWEST:     11 ON  2                               3 = THUNDER
                        SNOW, ICE PELLETS, HAIL    4 = ICE PELLETS
                        TOTAL MONTH:    M          5 = HAIL
                        GRTST 24HR    M  ON   M    6 = FREEZING RAIN OR DRIZZLE
                        GRTST DEPTH:   0           7 = DUSTSTORM OR SANDSTORM:
                                                       VSBY 1/2 MILE OR LESS
                                                   8 = SMOKE OR HAZE
[NO. OF DAYS WITH]      [WEATHER - DAYS WITH]      9 = BLOWING SNOW
                                                   X = TORNADO
MAX 32 OR BELOW:   1    0.01 INCH OR MORE:   7
MAX 90 OR ABOVE:   0    0.10 INCH OR MORE:   4
MIN 32 OR BELOW:  24    0.50 INCH OR MORE:   0
MIN  0 OR BELOW:   0    1.00 INCH OR MORE:   0

[HDD (BASE 65) ]
TOTAL THIS MO.   654    CLEAR  (SCALE 0-3)  21
DPTR FM NORMAL   -84    PTCLDY (SCALE 4-7)   7
TOTAL FM JUL 1  2039    CLOUDY (SCALE 8-10)  0
DPTR FM NORMAL  -402

[CDD (BASE 65) ]
TOTAL THIS MO.     0
DPTR FM NORMAL     0    [PRESSURE DATA]
TOTAL FM JAN 1     0    HIGHEST SLP M ON M
DPTR FM NORMAL     0    LOWEST  SLP 29.83 ON  1

[REMARKS]
