000
CXUS56 KFGZ 300900
CF6PRC
PRELIMINARY LOCAL CLIMATOLOGICAL DATA (WS FORM: F-6)

                                          STATION:   PRESCOTT AZ AIRPORT
                                          MONTH:     JULY
                                          YEAR:      2016
                                          LATITUDE:   34 39 N
                                          LONGITUDE: 112 26 W

  TEMPERATURE IN F:       :PCPN:    SNOW:  WIND      :SUNSHINE: SKY     :PK WND
================================================================================
1   2   3   4   5  6A  6B    7    8   9   10  11  12  13   14  15   16   17  18
                                     12Z  AVG MX 2MIN
DY MAX MIN AVG DEP HDD CDD  WTR  SNW DPTH SPD SPD DIR MIN PSBL S-S WX    SPD DR
================================================================================

 1  85  61  73  -2   0   8 0.01    M    M  8.6 20 220   M    M   6 3      27 210
 2  86  58  72  -3   0   7 0.21    M    M  9.0 36 330   M    M   4 13     45 320
 3  90  62  76   1   0  11 0.00    M    M  6.3 21 280   M    M   2        27 230
 4  91  64  78   3   0  13 0.00    M    M  9.6 21 230   M    M   2        30 230
 5  91  62  77   2   0  12 0.00    M    M  9.8 22 230   M    M   0        36 190
 6  89  64  77   2   0  12 0.00    M    M 11.8 25 230   M    M   0        31 240
 7  90  62  76   0   0  11 0.00    M    M  8.5 18 230   M    M   0        26 200
 8  92  60  76   0   0  11 0.00    M    M  8.7 20 230   M    M   0        27 230
 9  94  62  78   2   0  13 0.00    M    M  9.2 24 250   M    M   0        33 240
10  93  65  79   3   0  14 0.00    M    M 11.1 26 250   M    M   0        33 250
11  91  59  75  -1   0  10 0.00    M    M  9.9 26 200   M    M   0        34 230
12  91  58  75  -1   0  10 0.00    M    M  9.4 22 230   M    M   0        26 200
13  94  61  78   2   0  13 0.00    M    M  8.3 18 240   M    M   0        30 230
14  96  63  80   4   0  15 0.00    M    M  8.5 18 240   M    M   0        27 220
15  96  63  80   4   0  15 0.00    M    M  8.6 23 270   M    M   0        29 240
16  92  68  80   4   0  15 0.00    M    M 10.8 23 240   M    M   0        28 250
17  93  71  82   6   0  17    T    M    M 10.3 22 200   M    M   1        29 200
18  86  67  77   1   0  12 0.23    M    M  8.3 20 120   M    M   8 3      26 130
19  86  68  77   1   0  12    T    M    M  4.3 17 230   M    M   4 3      20 170
20  86  65  76   0   0  11 0.02    M    M  4.3 16 140   M    M   3 3      27 170
21  93  60  77   1   0  12    T    M    M  4.4 17 260   M    M   2 3      21 270
22  96  68  82   6   0  17 0.15    M    M  6.9 25 110   M    M   3 3      41 110
23  97  65  81   5   0  16 0.00    M    M  5.7 20 260   M    M   1        24 230
24  93  67  80   4   0  15 0.00    M    M  7.5 17 230   M    M   0        22 260
25  94  66  80   4   0  15 0.09    M    M  7.5 25  60   M    M   3 3      38  70
26  92  63  78   2   0  13    T  0.0    M  6.3 18 230   M    M   2 3      24 240
27  99  67  83   8   0  18    T    M    M  5.9 28  30   M    M   1 3      38  50
28 100  67  84   9   0  19 0.00    M    M  6.8 21 280   M    M   1 3      27 290
29 102  72  87  12   0  22 0.02    M    0  8.2 25  40   M    M   3 3      30  40
================================================================================
SM 2678 1858         0 389  0.73     0.0 234.5          M       46
================================================================================
AV 92.3 64.1                               8.1 FASTST   M    M   2    MAX(MPH)
                                 MISC ---->  # 36 330               # 45  320
================================================================================
NOTES:
# LAST OF SEVERAL OCCURRENCES

COLUMN 17 PEAK WIND IN M.P.H.

PRELIMINARY LOCAL CLIMATOLOGICAL DATA (WS FORM: F-6) , PAGE 2

                                          STATION:  PRESCOTT AZ AIRPORT
                                          MONTH:    JULY
                                          YEAR:     2016
                                          LATITUDE:   34 39 N
                                          LONGITUDE: 112 26 W

[TEMPERATURE DATA]      [PRECIPITATION DATA]       SYMBOLS USED IN COLUMN 16

AVERAGE MONTHLY: 78.2   TOTAL FOR MONTH:   0.73    1 = FOG OR MIST
DPTR FM NORMAL:   2.5   DPTR FM NORMAL:   -1.20    2 = FOG REDUCING VISIBILITY
HIGHEST:   102 ON 29    GRTST 24HR  0.23 ON 18-18      TO 1/4 MILE OR LESS
LOWEST:     58 ON 12, 2                            3 = THUNDER
                        SNOW, ICE PELLETS, HAIL    4 = ICE PELLETS
                        TOTAL MONTH:   0.0 INCH    5 = HAIL
                        GRTST 24HR     0.0         6 = FREEZING RAIN OR DRIZZLE
                        GRTST DEPTH:   0           7 = DUSTSTORM OR SANDSTORM:
                                                       VSBY 1/2 MILE OR LESS
                                                   8 = SMOKE OR HAZE
[NO. OF DAYS WITH]      [WEATHER - DAYS WITH]      9 = BLOWING SNOW
                                                   X = TORNADO
MAX 32 OR BELOW:   0    0.01 INCH OR MORE:   7
MAX 90 OR ABOVE:  23    0.10 INCH OR MORE:   3
MIN 32 OR BELOW:   0    0.50 INCH OR MORE:   0
MIN  0 OR BELOW:   0    1.00 INCH OR MORE:   0

[HDD (BASE 65) ]
TOTAL THIS MO.     0    CLEAR  (SCALE 0-3)  24
DPTR FM NORMAL     0    PTCLDY (SCALE 4-7)   5
TOTAL FM JUL 1     0    CLOUDY (SCALE 8-10)  0
DPTR FM NORMAL     0

[CDD (BASE 65) ]
TOTAL THIS MO.   389
DPTR FM NORMAL    80    [PRESSURE DATA]
TOTAL FM JAN 1   752    HIGHEST SLP M ON M
DPTR FM NORMAL   215    LOWEST  SLP 29.75 ON M

[REMARKS]
