000
CXUS56 KPDT 171832
CF6PSC
PRELIMINARY LOCAL CLIMATOLOGICAL DATA (WS FORM: F-6)

                                          STATION:   PASCO WA
                                          MONTH:     DECEMBER
                                          YEAR:      2017
                                          LATITUDE:   46 16 N
                                          LONGITUDE: 119  7 W

  TEMPERATURE IN F:       :PCPN:    SNOW:  WIND      :SUNSHINE: SKY     :PK WND
================================================================================
1   2   3   4   5  6A  6B    7    8   9   10  11  12  13   14  15   16   17  18
                                     12Z  AVG MX 2MIN
DY MAX MIN AVG DEP HDD CDD  WTR  SNW DPTH SPD SPD DIR MIN PSBL S-S WX    SPD DR
================================================================================

 1  37  29  33  -3  32   0 0.00  0.0    0  2.1  7 320   M    M  10 12      8 310
 2  39  29  34  -2  31   0 0.00  0.0    0  4.1 10 290   M    M   8 12     12 290
 3  49  31  40   5  25   0    T  0.0    0  3.8 13 300   M    M   9 1      15 300
 4  46  23  35   0  30   0 0.00  0.0    0  2.5 10 340   M    M   0        10 340
 5  42  20  31  -4  34   0 0.00  0.0    0  1.6  7 330   M    M   0         7 350
 6  41  20  31  -3  34   0    T    T    0  4.5 12 140   M    M   2 1      12 140
 7  30  25  28  -6  37   0    T    T    0  3.2 12 350   M    M  10 18     12 350
 8  34  30  32  -2  33   0 0.00  0.0    0  1.2  5  80   M    M  10 1       6  90
 9  33  30  32  -2  33   0 0.00  0.0    0  3.6 10 350   M    M  10        12 340
10  33  31  32  -2  33   0 0.00  0.0    0  2.0  7 330   M    M  10        10 260
11  34  31  33   0  32   0 0.00  0.0    0  3.0  8 120   M    M  10         9 120
12  33  31  32  -1  33   0 0.00  0.0    0  1.8  6 340   M    M  10 8       7  50
13  34  31  33   0  32   0    T  0.0    0  2.6  7  30   M    M  10 146     8  30
14  35  31  33   0  32   0 0.00  0.0    0  3.3  8 140   M    M  10 8      10 120
15  33  28  31  -2  34   0 0.05    T    0  3.9 13 170   M    M   8 1      14 160
16  36  30  33   1  32   0 0.00  0.0    0  2.2  8  80   M    M  10 1      10  80
================================================================================
SM  589  450       517   0  0.05    T     45.4          M      127
================================================================================
AV 36.8 28.1                               2.8 FASTST   M    M   8    MAX(MPH)
                                 MISC ---->  # 13 300               # 15  300
================================================================================
NOTES:
# LAST OF SEVERAL OCCURRENCES

COLUMN 17 PEAK WIND IN M.P.H.

PRELIMINARY LOCAL CLIMATOLOGICAL DATA (WS FORM: F-6) , PAGE 2

                                          STATION:  PASCO WA
                                          MONTH:    DECEMBER
                                          YEAR:     2017
                                          LATITUDE:   46 16 N
                                          LONGITUDE: 119  7 W

[TEMPERATURE DATA]      [PRECIPITATION DATA]       SYMBOLS USED IN COLUMN 16

AVERAGE MONTHLY: 32.5   TOTAL FOR MONTH:   0.05    1 = FOG OR MIST
DPTR FM NORMAL:  -1.5   DPTR FM NORMAL:   -0.45    2 = FOG REDUCING VISIBILITY
HIGHEST:    49 ON  3    GRTST 24HR  0.05 ON 15-15      TO 1/4 MILE OR LESS
LOWEST:     20 ON  6, 5                            3 = THUNDER
                        SNOW, ICE PELLETS, HAIL    4 = ICE PELLETS
                        TOTAL MONTH:    T          5 = HAIL
                        GRTST 24HR    T  ON 15-15  6 = FREEZING RAIN OR DRIZZLE
                        GRTST DEPTH:   0           7 = DUSTSTORM OR SANDSTORM:
                                                       VSBY 1/2 MILE OR LESS
                                                   8 = SMOKE OR HAZE
[NO. OF DAYS WITH]      [WEATHER - DAYS WITH]      9 = BLOWING SNOW
                                                   X = TORNADO
MAX 32 OR BELOW:   1    0.01 INCH OR MORE:   1
MAX 90 OR ABOVE:   0    0.10 INCH OR MORE:   0
MIN 32 OR BELOW:  16    0.50 INCH OR MORE:   0
MIN  0 OR BELOW:   0    1.00 INCH OR MORE:   0

[HDD (BASE 65) ]
TOTAL THIS MO.   517    CLEAR  (SCALE 0-3)   3
DPTR FM NORMAL    22    PTCLDY (SCALE 4-7)   1
TOTAL FM JUL 1  1685    CLOUDY (SCALE 8-10) 12
DPTR FM NORMAL   -39

[CDD (BASE 65) ]
TOTAL THIS MO.     0
DPTR FM NORMAL     0    [PRESSURE DATA]
TOTAL FM JAN 1   981    HIGHEST SLP 30.34 ON 16
DPTR FM NORMAL   271    LOWEST  SLP 29.83 ON  2

[REMARKS]
