000
CXUS56 KPDT 241832
CF6PSC
PRELIMINARY LOCAL CLIMATOLOGICAL DATA (WS FORM: F-6)

                                          STATION:   PASCO WA
                                          MONTH:     OCTOBER
                                          YEAR:      2014
                                          LATITUDE:   46 16 N
                                          LONGITUDE: 119  7 W

  TEMPERATURE IN F:       :PCPN:    SNOW:  WIND      :SUNSHINE: SKY     :PK WND
================================================================================
1   2   3   4   5  6A  6B    7    8   9   10  11  12  13   14  15   16   17  18
                                     12Z  AVG MX 2MIN
DY MAX MIN AVG DEP HDD CDD  WTR  SNW DPTH SPD SPD DIR MIN PSBL S-S WX    SPD DR
================================================================================

 1  72  38  55  -3  10   0 0.00  0.0    0  5.9 18 230   M    M   1        22 230
 2  72  39  56  -1   9   0 0.00  0.0    0  2.8 10 190   M    M   0        12  20
 3  76  35  56  -1   9   0 0.00  0.0    0  3.1  8 340   M    M   0         9  30
 4  80  39  60   4   5   0 0.00  0.0    0  2.2 10 350   M    M   1 8      11 350
 5  84  44  64   8   1   0 0.00  0.0    0  2.2  7 350   M    M   0         9 360
 6  88  47  68  12   0   3 0.00  0.0    0  3.2  9  20   M    M   0        12 150
 7  88  49  69  14   0   4 0.00  0.0    0  2.8 10 270   M    M   0        12 250
 8  79  48  64   9   1   0 0.00  0.0    0  1.2  8 310   M    M   0        11 310
 9  77  41  59   5   6   0 0.00  0.0    0  1.4  7 340   M    M   0         8 330
10  81  41  61   7   4   0 0.00  0.0    0  5.2 13 230   M    M   0        14 230
11  79  59  69  15   0   4 0.00  0.0    0 14.0 35 300   M    M   5 78     42 300
12  71  43  57   4   8   0    T  0.0    0  5.7 15 230   M    M   1        20 270
13  70  43  57   4   8   0 0.00  0.0    0  3.5  8 290   M    M   1        11 290
14  70  51  61   9   4   0    T  0.0    0  8.5 21 200   M    M   4        27 180
15  65  49  57   5   8   0 0.20  0.0    0 10.9 32 240   M    M   3 1      41 240
16  69  44  57   5   8   0 0.00  0.0    0  4.3 10 170   M    M   0        13 170
17  61  44  53   2  12   0    T  0.0    0  3.8  9  10   M    M   4        11  20
18  77  48  63  12   2   0    T  0.0    0  3.4  9  90   M    M   4        10  90
19  71  44  58   7   7   0 0.00  0.0    0  4.1  9 330   M    M   0 1      11 340
20  75  40  58   8   7   0 0.24  0.0    0  6.9 23 250   M    M   4 1      28 260
21  67  46  57   7   8   0 0.00  0.0    0 10.4 25 220   M    M   1        31 240
22  71  47  59   9   6   0 0.03  0.0    0  9.0 21 170   M    M   9        27 170
23  63  51  57   8   8   0 0.06  0.0    0  9.2 18 240   M    M   6 1      21 250
================================================================================
SM 1706 1030       131  11  0.53     0.0 123.7          M       44
================================================================================
AV 74.2 44.8                               5.4 FASTST   M    M   2    MAX(MPH)
                                 MISC ---->  # 35 300               # 42  300
================================================================================
NOTES:
# LAST OF SEVERAL OCCURRENCES

COLUMN 17 PEAK WIND IN M.P.H.

PRELIMINARY LOCAL CLIMATOLOGICAL DATA (WS FORM: F-6) , PAGE 2

                                          STATION:  PASCO WA
                                          MONTH:    OCTOBER
                                          YEAR:     2014
                                          LATITUDE:   46 16 N
                                          LONGITUDE: 119  7 W

[TEMPERATURE DATA]      [PRECIPITATION DATA]       SYMBOLS USED IN COLUMN 16

AVERAGE MONTHLY: 59.5   TOTAL FOR MONTH:   0.53    1 = FOG OR MIST
DPTR FM NORMAL:   6.2   DPTR FM NORMAL:    0.04    2 = FOG REDUCING VISIBILITY
HIGHEST:    88 ON  7, 6 GRTST 24HR  0.24 ON 20-20      TO 1/4 MILE OR LESS
LOWEST:     35 ON  3                               3 = THUNDER
                        SNOW, ICE PELLETS, HAIL    4 = ICE PELLETS
                        TOTAL MONTH:   0.0 INCH    5 = HAIL
                        GRTST 24HR     0.0         6 = FREEZING RAIN OR DRIZZLE
                        GRTST DEPTH:   0           7 = DUSTSTORM OR SANDSTORM:
                                                       VSBY 1/2 MILE OR LESS
                                                   8 = SMOKE OR HAZE
[NO. OF DAYS WITH]      [WEATHER - DAYS WITH]      9 = BLOWING SNOW
                                                   X = TORNADO
MAX 32 OR BELOW:   0    0.01 INCH OR MORE:   4
MAX 90 OR ABOVE:   0    0.10 INCH OR MORE:   2
MIN 32 OR BELOW:   0    0.50 INCH OR MORE:   0
MIN  0 OR BELOW:   0    1.00 INCH OR MORE:   0

[HDD (BASE 65) ]
TOTAL THIS MO.   131    CLEAR  (SCALE 0-3)  15
DPTR FM NORMAL  -138    PTCLDY (SCALE 4-7)   7
TOTAL FM JUL 1   173    CLOUDY (SCALE 8-10)  1
DPTR FM NORMAL  -207

[CDD (BASE 65) ]
TOTAL THIS MO.    11
DPTR FM NORMAL    11    [PRESSURE DATA]
TOTAL FM JAN 1   991    HIGHEST SLP 30.02 ON 18
DPTR FM NORMAL   282    LOWEST  SLP 29.56 ON 15

[REMARKS]
