000
CXUS56 KPDT 011032
CF6PSC
PRELIMINARY LOCAL CLIMATOLOGICAL DATA (WS FORM: F-6)

                                          STATION:   PASCO WA
                                          MONTH:     JUNE
                                          YEAR:      2015
                                          LATITUDE:   46 16 N
                                          LONGITUDE: 119  7 W

  TEMPERATURE IN F:       :PCPN:    SNOW:  WIND      :SUNSHINE: SKY     :PK WND
================================================================================
1   2   3   4   5  6A  6B    7    8   9   10  11  12  13   14  15   16   17  18
                                     12Z  AVG MX 2MIN
DY MAX MIN AVG DEP HDD CDD  WTR  SNW DPTH SPD SPD DIR MIN PSBL S-S WX    SPD DR
================================================================================

 1  86  58  72   7   0   7 0.00  0.0    0 10.5 29 220   M    M   1 7      37 210
 2  79  60  70   5   0   5 0.00  0.0    0 15.6 28 220   M    M   2        35 220
 3  78  58  68   3   0   3 0.00  0.0    0  6.8 14 330   M    M   5        18 200
 4  82  51  67   1   0   2 0.00  0.0    0  4.8  9 350   M    M   2        12 250
 5  88  54  71   5   0   6 0.00  0.0    0  6.8 15 330   M    M   0        23 310
 6  94  55  75   9   0  10 0.00  0.0    0  3.4 10 340   M    M   0        13 330
 7 100  58  79  13   0  14 0.00  0.0    0  3.3 12 120   M    M   0        15 120
 8 105  59  82  16   0  17 0.00  0.0    0  4.5 13 310   M    M   0        15 300
 9  98  59  79  13   0  14 0.00  0.0    0  5.9 17 120   M    M   0        22 300
10  96  57  77  10   0  12 0.00  0.0    0  6.2 16 150   M    M   0        20 150
11  96  63  80  13   0  15 0.00  0.0    0  9.8 22 310   M    M   0        27 310
12  87  55  71   4   0   6 0.00  0.0    0  8.3 25 330   M    M   0        33 330
13  81  46  64  -3   1   0 0.00  0.0    0  4.1 12  20   M    M   0        20 340
14  86  45  66  -1   0   1 0.00  0.0    0  4.8 13 330   M    M   0        16 350
15  92  48  70   3   0   5 0.00  0.0    0  5.7 13 340   M    M   0        16 340
16  94  52  73   5   0   8 0.00  0.0    0  4.2 13 120   M    M   0        23 200
17  92  64  78  10   0  13 0.00  0.0    0  8.4 15 130   M    M   0        25 120
18  95  58  77   9   0  12 0.00  0.0    0  9.2 24 270   M    M   0        31 270
19  85  60  73   5   0   8 0.00  0.0    0  7.7 15 330   M    M   1        20 330
20  86  54  70   2   0   5 0.00  0.0    0  3.7 14 310   M    M   0        17 310
21  84  56  70   2   0   5 0.00  0.0    0  6.5 17 330   M    M   0        21 340
22  92  52  72   3   0   7 0.00  0.0    0  5.2 17 240   M    M   0        22 250
23  90  58  74   5   0   9 0.00  0.0    0  7.2 15 250   M    M   0        21 250
24  91  60  76   7   0  11    T  0.0    0  5.6 15 210   M    M   0        20 180
25  96  58  77   8   0  12 0.00  0.0    0  4.0 10  40   M    M   0        17  70
26 105  58  82  12   0  17 0.00  0.0    0  4.7 12 330   M    M   0 8      14 330
27 111  64  88  18   0  23 0.00  0.0    0  4.3 12 330   M    M   0 8      17 280
28 111  69  90  20   0  25    T  0.0    0  7.4 36 200   M    M   0 38     47 210
29 100  77  89  19   0  24    T  0.0    0  6.4 24 200   M    M   1        31 190
30 102  67  85  15   0  20 0.00  0.0    0  4.6 16 310   M    M   0        20 310
================================================================================
SM 2782 1733         1 316    T      0.0 189.6          M       12
================================================================================
AV 92.7 57.8                               6.3 FASTST   M    M   0    MAX(MPH)
                                 MISC ---->  # 36 200               # 47  210
================================================================================
NOTES:
# LAST OF SEVERAL OCCURRENCES

COLUMN 17 PEAK WIND IN M.P.H.

PRELIMINARY LOCAL CLIMATOLOGICAL DATA (WS FORM: F-6) , PAGE 2

                                          STATION:  PASCO WA
                                          MONTH:    JUNE
                                          YEAR:     2015
                                          LATITUDE:   46 16 N
                                          LONGITUDE: 119  7 W

[TEMPERATURE DATA]      [PRECIPITATION DATA]       SYMBOLS USED IN COLUMN 16

AVERAGE MONTHLY: 75.2   TOTAL FOR MONTH:      T    1 = FOG OR MIST
DPTR FM NORMAL:   7.8   DPTR FM NORMAL:   -0.68    2 = FOG REDUCING VISIBILITY
HIGHEST:   111 ON 28,27 GRTST 24HR    T  ON 29-29      TO 1/4 MILE OR LESS
LOWEST:     45 ON 14                               3 = THUNDER
                        SNOW, ICE PELLETS, HAIL    4 = ICE PELLETS
                        TOTAL MONTH:   0.0 INCH    5 = HAIL
                        GRTST 24HR     0.0         6 = FREEZING RAIN OR DRIZZLE
                        GRTST DEPTH:   0           7 = DUSTSTORM OR SANDSTORM:
                                                       VSBY 1/2 MILE OR LESS
                                                   8 = SMOKE OR HAZE
[NO. OF DAYS WITH]      [WEATHER - DAYS WITH]      9 = BLOWING SNOW
                                                   X = TORNADO
MAX 32 OR BELOW:   0    0.01 INCH OR MORE:   0
MAX 90 OR ABOVE:  19    0.10 INCH OR MORE:   0
MIN 32 OR BELOW:   0    0.50 INCH OR MORE:   0
MIN  0 OR BELOW:   0    1.00 INCH OR MORE:   0

[HDD (BASE 65) ]
TOTAL THIS MO.     1    CLEAR  (SCALE 0-3)  29
DPTR FM NORMAL   -31    PTCLDY (SCALE 4-7)   1
TOTAL FM JUL 1  4392    CLOUDY (SCALE 8-10)  0
DPTR FM NORMAL  -630

[CDD (BASE 65) ]
TOTAL THIS MO.   316
DPTR FM NORMAL   207    [PRESSURE DATA]
TOTAL FM JAN 1   398    HIGHEST SLP 30.13 ON 25
DPTR FM NORMAL   256    LOWEST  SLP 29.75 ON  1

[REMARKS]
#FINAL-06-15#
