000
CXUS55 KALY 280800
CF6PSF
PRELIMINARY LOCAL CLIMATOLOGICAL DATA (WS FORM: F-6)

                                          STATION:   PITTSFIELD MA
                                          MONTH:     JULY
                                          YEAR:      2014
                                          LATITUDE:   42 25 N
                                          LONGITUDE:  73 18 W

  TEMPERATURE IN F:       :PCPN:    SNOW:  WIND      :SUNSHINE: SKY     :PK WND
================================================================================
1   2   3   4   5  6A  6B    7    8   9   10  11  12  13   14  15   16   17  18
                                     12Z  AVG MX 2MIN
DY MAX MIN AVG DEP HDD CDD  WTR  SNW DPTH SPD SPD DIR MIN PSBL S-S WX    SPD DR
================================================================================

 1  86  61  74   7   0   9 0.00    M    M  7.7 18 230   M    M   1 1      28 220
 2  88  66  77  10   0  12 0.63    M    M  4.1 30 250   M    M   3 123    40 260
 3  85  65  75   8   0  10 0.35    M    M  4.3 18 230   M    M   7 13     25 240
 4  66  57  62  -5   3   0 0.86    M    M  5.3 14 350   M    M   8 1      22 330
 5  75  55  65  -2   0   0 0.00    M    M 13.0 23 280   M    M   2        31 270
 6  78  53  66  -1   0   1 0.00    M    M  8.4 18 260   M    M   0 8      23 250
 7  82  65  74   7   0   9 0.48    M    M  7.8 30 290   M    M   5 138    41 280
 8  83  64  74   7   0   9 0.19    M    M  8.8 24 230   M    M   1 13     35 170
 9  81  63  72   5   0   7 0.01    M    M  7.7 33 290   M    M   2        45 300
10  75  55  65  -2   0   0 0.00    M    M  5.3 14 300   M    M   1        20 290
11  77  52  65  -3   0   0 0.00    M    M  2.6 15 280   M    M   0 1      18 280
12  82  51  67  -1   0   2 0.00    M    M  5.5 15 250   M    M   2 1      19 190
13  76  62  69   1   0   4 0.21    M    M  7.2 22 160   M    M   7 18     30 150
14  82  67  75   7   0  10 0.18    M    M  3.8 12 190   M    M   6 18     18 210
15  78  67  73   5   0   8 0.68    M    M  4.3 16 250   M    M   8 13     22 240
16  75  60  68   0   0   3 1.43    M    M  4.5 14 290   M    M   5 13     19 250
17  73  53  63  -5   2   0 0.02    M    M  5.5 16 310   M    M   3        22 300
18  75  50  63  -5   2   0 0.00    M    M  3.5 13 280   M    M   1 12     17 300
19  73  53  63  -5   2   0 0.00    M    M  2.5 10 150   M    M   1 1      14 190
20  76  56  66  -2   0   1 0.03    M    M  2.3  9 190   M    M   5 1      14 140
21  80  54  67  -1   0   2 0.00    M    M  2.0 10 280   M    M   2 1      12 290
22  84  58  71   3   0   6 0.00    M    M  5.2 13 240   M    M   1 1      18 230
23  86  66  76   8   0  11 1.03    M    M  7.6 22 240   M    M   2 138    29 240
24  74  57  66  -2   0   1    T    M    M  6.1 15 310   M    M   4 1      22 330
25  75  51  63  -5   2   0 0.00    M    M  3.1 14 290   M    M   2 12     20 300
26  77  56  67  -1   0   2 0.00    M    M  3.7 13 250   M    M   2 1      17 280
27  78  61  70   2   0   5 0.63    M    M  4.1 26 330   M    M   8 138    38 330
================================================================================
SM 2120 1578        11 112  6.73    M    145.9          M       89
================================================================================
AV 78.5 58.4                               5.4 FASTST   M    M   3    MAX(MPH)
                                 MISC ---->  # 33 290               # 45  300
================================================================================
NOTES:
# LAST OF SEVERAL OCCURRENCES

COLUMN 17 PEAK WIND IN M.P.H.

PRELIMINARY LOCAL CLIMATOLOGICAL DATA (WS FORM: F-6) , PAGE 2

                                          STATION:  PITTSFIELD MA
                                          MONTH:    JULY
                                          YEAR:     2014
                                          LATITUDE:   42 25 N
                                          LONGITUDE:  73 18 W

[TEMPERATURE DATA]      [PRECIPITATION DATA]       SYMBOLS USED IN COLUMN 16

AVERAGE MONTHLY: 68.5   TOTAL FOR MONTH:   6.73    1 = FOG OR MIST
DPTR FM NORMAL:   0.9   DPTR FM NORMAL:    3.17    2 = FOG REDUCING VISIBILITY
HIGHEST:    88 ON  2    GRTST 24HR  2.11 ON 15-16      TO 1/4 MILE OR LESS
LOWEST:     50 ON 18                               3 = THUNDER
                        SNOW, ICE PELLETS, HAIL    4 = ICE PELLETS
                        TOTAL MONTH:    M          5 = HAIL
                        GRTST 24HR    M  ON   M    6 = FREEZING RAIN OR DRIZZLE
                        GRTST DEPTH:  M  ON   M    7 = DUSTSTORM OR SANDSTORM:
                                                       VSBY 1/2 MILE OR LESS
                                                   8 = SMOKE OR HAZE
[NO. OF DAYS WITH]      [WEATHER - DAYS WITH]      9 = BLOWING SNOW
                                                   X = TORNADO
MAX 32 OR BELOW:   0    0.01 INCH OR MORE:  14
MAX 90 OR ABOVE:   0    0.10 INCH OR MORE:  11
MIN 32 OR BELOW:   0    0.50 INCH OR MORE:   6
MIN  0 OR BELOW:   0    1.00 INCH OR MORE:   2

[HDD (BASE 65) ]
TOTAL THIS MO.    11    CLEAR  (SCALE 0-3)  16
DPTR FM NORMAL   -16    PTCLDY (SCALE 4-7)  10
TOTAL FM JUL 1    11    CLOUDY (SCALE 8-10)  1
DPTR FM NORMAL   -16

[CDD (BASE 65) ]
TOTAL THIS MO.   112
DPTR FM NORMAL    15    [PRESSURE DATA]
TOTAL FM JAN 1   161    HIGHEST SLP M ON M
DPTR FM NORMAL    -5    LOWEST  SLP 29.56 ON  8

[REMARKS]
