000
CXUS55 KALY 160800
CF6PSF
PRELIMINARY LOCAL CLIMATOLOGICAL DATA (WS FORM: F-6)

                                          STATION:   PITTSFIELD MA
                                          MONTH:     SEPTEMBER
                                          YEAR:      2014
                                          LATITUDE:   42 25 N
                                          LONGITUDE:  73 18 W

  TEMPERATURE IN F:       :PCPN:    SNOW:  WIND      :SUNSHINE: SKY     :PK WND
================================================================================
1   2   3   4   5  6A  6B    7    8   9   10  11  12  13   14  15   16   17  18
                                     12Z  AVG MX 2MIN
DY MAX MIN AVG DEP HDD CDD  WTR  SNW DPTH SPD SPD DIR MIN PSBL S-S WX    SPD DR
================================================================================

 1  84  65  75  11   0  10 0.00    M    M  1.9 12 260   M    M   5 12     17 190
 2  84  63  74  11   0   9 0.77    M    M  3.9 23  40   M    M   5 123    31  10
 3  76  54  65   2   0   0 0.00    M    M  7.9 20 300   M    M   4        32 280
 4  80  51  66   3   0   1 0.00    M    M  2.5 12 160   M    M   2 12     17 240
 5  83  57  70   8   0   5 0.00    M    M  5.8 16 210   M    M   2 1      24 230
 6  85  61  73  11   0   8 0.05    M    M  8.4 22 290   M    M   6 1      30 290
 7  73  50  62   0   3   0 0.00    M    M  5.2 14 300   M    M   2        19 300
 8  71  48  60  -2   5   0 0.00    M    M  4.5 15 150   M    M   1 1      22 150
 9  69  47  58  -3   7   0 0.00    M    M  5.5 14 120   M    M   3        18 140
10  72  47  60  -1   5   0 0.00    M    M  4.1 12 140   M    M   3        16 150
11  72  56  64   4   1   0 0.09    M    M 11.5 24 310   M    M   9 1      34 310
12  63  44  54  -6  11   0 0.00    M    M  7.6 20 300   M    M   5 1       M  M
13  57  42  50 -10  15   0 0.33    M    M  4.6 16 300   M    M   8 1      23 310
14  59  39  49 -10  16   0 0.00    M    M  6.0 16 310   M    M   3 1      21 300
15  62  39  51  -8  14   0 0.00    M    M  1.2  9 260   M    M   4 1      15 300
================================================================================
SM 1090  763        77  33  1.24    M     80.6          M       62
================================================================================
AV 72.7 50.9                               5.4 FASTST   M    M   4    MAX(MPH)
                                 MISC ---->  # 24 310               # 34  310
================================================================================
NOTES:
# LAST OF SEVERAL OCCURRENCES

COLUMN 17 PEAK WIND IN M.P.H.

PRELIMINARY LOCAL CLIMATOLOGICAL DATA (WS FORM: F-6) , PAGE 2

                                          STATION:  PITTSFIELD MA
                                          MONTH:    SEPTEMBER
                                          YEAR:     2014
                                          LATITUDE:   42 25 N
                                          LONGITUDE:  73 18 W

[TEMPERATURE DATA]      [PRECIPITATION DATA]       SYMBOLS USED IN COLUMN 16

AVERAGE MONTHLY: 61.8   TOTAL FOR MONTH:   1.24    1 = FOG OR MIST
DPTR FM NORMAL:   0.4   DPTR FM NORMAL:   -0.53    2 = FOG REDUCING VISIBILITY
HIGHEST:    85 ON  6    GRTST 24HR  0.77 ON  2- 2      TO 1/4 MILE OR LESS
LOWEST:     39 ON 15,14                            3 = THUNDER
                        SNOW, ICE PELLETS, HAIL    4 = ICE PELLETS
                        TOTAL MONTH:    M          5 = HAIL
                        GRTST 24HR    M  ON   M    6 = FREEZING RAIN OR DRIZZLE
                        GRTST DEPTH:  M  ON   M    7 = DUSTSTORM OR SANDSTORM:
                                                       VSBY 1/2 MILE OR LESS
                                                   8 = SMOKE OR HAZE
[NO. OF DAYS WITH]      [WEATHER - DAYS WITH]      9 = BLOWING SNOW
                                                   X = TORNADO
MAX 32 OR BELOW:   0    0.01 INCH OR MORE:   4
MAX 90 OR ABOVE:   0    0.10 INCH OR MORE:   2
MIN 32 OR BELOW:   0    0.50 INCH OR MORE:   1
MIN  0 OR BELOW:   0    1.00 INCH OR MORE:   0

[HDD (BASE 65) ]
TOTAL THIS MO.    77    CLEAR  (SCALE 0-3)   5
DPTR FM NORMAL     7    PTCLDY (SCALE 4-7)   9
TOTAL FM JUL 1   150    CLOUDY (SCALE 8-10)  1
DPTR FM NORMAL     2

[CDD (BASE 65) ]
TOTAL THIS MO.    33
DPTR FM NORMAL    17    [PRESSURE DATA]
TOTAL FM JAN 1   232    HIGHEST SLP M ON M
DPTR FM NORMAL   -54    LOWEST  SLP 29.72 ON  2

[REMARKS]
