000
CXUS55 KALY 290710
CF6PSF
PRELIMINARY LOCAL CLIMATOLOGICAL DATA (WS FORM: F-6)

                                          STATION:   PITTSFIELD MA
                                          MONTH:     JULY
                                          YEAR:      2015
                                          LATITUDE:   42 25 N
                                          LONGITUDE:  73 18 W

  TEMPERATURE IN F:       :PCPN:    SNOW:  WIND      :SUNSHINE: SKY     :PK WND
================================================================================
1   2   3   4   5  6A  6B    7    8   9   10  11  12  13   14  15   16   17  18
                                     12Z  AVG MX 2MIN
DY MAX MIN AVG DEP HDD CDD  WTR  SNW DPTH SPD SPD DIR MIN PSBL S-S WX    SPD DR
================================================================================

 1  76  58  67   0   0   2 2.03    M    M  6.7 26 300   M    M   7 13     34 290
 2  73  57  65  -2   0   0 0.00    M    M  6.3 17 270   M    M   4        21 280
 3  73  47  60  -7   5   0 0.00    M    M  2.9 10 260   M    M   0        14 260
 4  69  51  60  -7   5   0 0.21    M    M  0.7  7 140   M    M   6 12      9 140
 5  78  51  65  -2   0   0 0.00    M    M  3.9 14 260   M    M   4 12     17 280
 6  80  55  68   1   0   3 0.00    M    M  3.5 10 170   M    M   3 12     15 240
 7  78  66  72   5   0   7 0.15    M    M  5.7 14 150   M    M   7 138    21 150
 8  79  61  70   3   0   5 0.04    M    M  5.7 15 280   M    M   4 18     21 290
 9  74  59  67   0   0   2 1.17    M    M  3.7 12 150   M    M   6 1      15 150
10  77  61  69   2   0   4 0.05    M    M  6.9 16 350   M    M   6 1      21 330
11  81  53  67  -1   0   2 0.00    M    M  3.6 14 270   M    M   1 12     20 260
12  82  62  72   4   0   7 0.00    M    M  5.3 14 300   M    M   0 1      18 270
13  81  60  71   3   0   6 0.23    M    M  3.5 15 150   M    M   3 123    34 180
14  79  60  70   2   0   5 0.00    M    M  5.4 16 140   M    M   7        20 140
15  77  53  65  -3   0   0    T    M    M  5.5 16 320   M    M   5        21 290
16  73  48  61  -7   4   0 0.00    M    M  4.4 16 260   M    M   0        20 270
17  76  47  62  -6   3   0    T    M    M  6.2 17 170   M    M   2        24 170
18  81  63  72   4   0   7 0.58    M    M  4.9 16 190   M    M   9 123    23 180
19  84  66  75   7   0  10 0.35    M    M  3.4 20 210   M    M   7 123    27 250
20  82  61  72   4   0   7 0.00    M    M  4.6 16 270   M    M   3 1      20 290
21  83  61  72   4   0   7    T    M    M  5.5 18 300   M    M   2        26 300
22  76  57  67  -1   0   2 0.00    M    M  9.1 21 270   M    M   2        27 270
23  77  52  65  -3   0   0 0.00    M    M  5.5 18 270   M    M   2        22 280
24  77  49  63  -5   2   0 0.05    M    M  3.0 17 310   M    M   3 123    24 310
25  80  55  68   0   0   3 0.00    M    M  3.2 13 150   M    M   6 12     16 260
26  79  61  70   2   0   5 0.13    M    M  3.8 20 190   M    M   7 123    27 200
27  82  61  72   4   0   7 0.00    M    M  2.5 12 230   M    M   6 12     15 240
28  85  63  74   6   0   9 0.00    M    M  3.3 15 280   M    M   3 12     19 280
================================================================================
SM 2192 1598        19 100  4.99    M    128.7          M      115
================================================================================
AV 78.3 57.1                               4.6 FASTST   M    M   4    MAX(MPH)
                                 MISC ---->  # 26 300               # 34  290
================================================================================
NOTES:
# LAST OF SEVERAL OCCURRENCES

COLUMN 17 PEAK WIND IN M.P.H.

PRELIMINARY LOCAL CLIMATOLOGICAL DATA (WS FORM: F-6) , PAGE 2

                                          STATION:  PITTSFIELD MA
                                          MONTH:    JULY
                                          YEAR:     2015
                                          LATITUDE:   42 25 N
                                          LONGITUDE:  73 18 W

[TEMPERATURE DATA]      [PRECIPITATION DATA]       SYMBOLS USED IN COLUMN 16

AVERAGE MONTHLY: 67.7   TOTAL FOR MONTH:   4.99    1 = FOG OR MIST
DPTR FM NORMAL:   0.0   DPTR FM NORMAL:    1.27    2 = FOG REDUCING VISIBILITY
HIGHEST:    85 ON 28    GRTST 24HR  2.03 ON  1- 1      TO 1/4 MILE OR LESS
LOWEST:     47 ON 17, 3                            3 = THUNDER
                        SNOW, ICE PELLETS, HAIL    4 = ICE PELLETS
                        TOTAL MONTH:    M          5 = HAIL
                        GRTST 24HR    M  ON   M    6 = FREEZING RAIN OR DRIZZLE
                        GRTST DEPTH:  M  ON   M    7 = DUSTSTORM OR SANDSTORM:
                                                       VSBY 1/2 MILE OR LESS
                                                   8 = SMOKE OR HAZE
[NO. OF DAYS WITH]      [WEATHER - DAYS WITH]      9 = BLOWING SNOW
                                                   X = TORNADO
MAX 32 OR BELOW:   0    0.01 INCH OR MORE:  11
MAX 90 OR ABOVE:   0    0.10 INCH OR MORE:   8
MIN 32 OR BELOW:   0    0.50 INCH OR MORE:   3
MIN  0 OR BELOW:   0    1.00 INCH OR MORE:   2

[HDD (BASE 65) ]
TOTAL THIS MO.    19    CLEAR  (SCALE 0-3)  12
DPTR FM NORMAL    -9    PTCLDY (SCALE 4-7)  15
TOTAL FM JUL 1    19    CLOUDY (SCALE 8-10)  1
DPTR FM NORMAL    -9

[CDD (BASE 65) ]
TOTAL THIS MO.   100
DPTR FM NORMAL    -1    [PRESSURE DATA]
TOTAL FM JAN 1   177    HIGHEST SLP M ON M
DPTR FM NORMAL     7    LOWEST  SLP 29.54 ON 14

[REMARKS]
