000
CXUS54 KHGX 261413
CF6PSX
PRELIMINARY LOCAL CLIMATOLOGICAL DATA (WS FORM: F-6)

                                          STATION:   PALACIOS
                                          MONTH:     NOVEMBER
                                          YEAR:      2014
                                          LATITUDE:   28 43 N
                                          LONGITUDE:  96 15 W

  TEMPERATURE IN F:       :PCPN:    SNOW:  WIND      :SUNSHINE: SKY     :PK WND
================================================================================
1   2   3   4   5  6A  6B    7    8   9   10  11  12  13   14  15   16   17  18
                                     12Z  AVG MX 2MIN
DY MAX MIN AVG DEP HDD CDD  WTR  SNW DPTH SPD SPD DIR MIN PSBL S-S WX    SPD DR
================================================================================

 1  70  48  59  -9   6   0 0.00  0.0    0 10.8 21  60   M    M   0        27  70
 2  76  49  63  -5   2   0 0.00  0.0    0  9.8 20 120   M    M   3        23 120
 3  82  67  75   7   0  10 0.00  0.0    0 12.9 24 150   M    M   1        29 150
 4  81  72  77  10   0  12 0.06  0.0    0 11.1 20 130   M    M   6 18     26 120
 5  75  63  69   2   0   4 1.35  0.0    0 10.6 18 360   M    M   8 1      26 340
 6  66  60  63  -4   2   0 1.16  0.0    M 14.1 22  10   M    M   9 1      26  10
 7  66  56  61  -5   4   0 0.00  0.0    0  7.5 16  20   M    M   2        19  30
 8  73  57  65  -1   0   0    T  0.0    0  4.4 14 330   M    M   6 8      17 360
 9  72  48  60  -6   5   0 0.00  0.0    0  6.8 12 190   M    M   0        19 210
10  78  52  65  -1   0   0 0.00  0.0    0  7.9 17 170   M    M   1 1      27 160
11  75  50  63  -2   2   0    T  0.0    0 15.0 28 360   M    M   8 1      33 360
12  52  42  47 -18  18   0 0.27    M    0 17.4 25 350   M    M  10        30 350
13  45  35  40 -25  25   0 0.22  0.0    0 17.5 24 340   M    M  10 1      35 350
14  49  38  44 -20  21   0 0.00  0.0    M  9.1 20  10   M    M  10        27 130
15  59  45  52 -12  13   0 0.12  0.0    0 10.5 20  60   M    M  10 18     24  60
16  60  44  52 -12  13   0 0.01    M    0 11.5 32 350   M    M   9 1      40 350
17  52  34  43 -20  22   0 0.00  0.0    0 18.1 33 350   M    M   2        40 340
18  56  32  44 -19  21   0 0.00  0.0    0  8.2 16  60   M    M   0 8      20  60
19  69  39  54  -9  11   0 0.00  0.0    0  5.9  9 190   M    M   3        11 200
20  73  54  64   2   1   0 0.16  0.0    0  7.5 18 150   M    M   9 1      31 160
21  75  63  69   7   0   4 0.28  0.0    0  9.8 17 140   M    M   9 1      34 250
22  73  62  68   6   0   3 0.44  0.0    0 12.6 24 210   M    M   9 13     34 220
23  78  59  69   8   0   4 0.00  0.0    0  9.6 17 190   M    M   0        29 210
24  67  47  57  -4   8   0 0.00  0.0    0 14.3 26 360   M    M   2        40 350
25  67  43  55  -6  10   0 0.00  0.0    0  7.3 15  10   M    M   0        17  10
================================================================================
SM 1689 1259       184  37  4.07     0.0 270.2          M      127
================================================================================
AV 67.6 50.4                              10.8 FASTST   M    M   5    MAX(MPH)
                                 MISC ---->  # 33 350               # 40  350
================================================================================
NOTES:
# LAST OF SEVERAL OCCURRENCES

COLUMN 17 PEAK WIND IN M.P.H.

PRELIMINARY LOCAL CLIMATOLOGICAL DATA (WS FORM: F-6) , PAGE 2

                                          STATION:  PALACIOS
                                          MONTH:    NOVEMBER
                                          YEAR:     2014
                                          LATITUDE:   28 43 N
                                          LONGITUDE:  96 15 W

[TEMPERATURE DATA]      [PRECIPITATION DATA]       SYMBOLS USED IN COLUMN 16

AVERAGE MONTHLY: 59.0   TOTAL FOR MONTH:   4.07    1 = FOG OR MIST
DPTR FM NORMAL:  -5.6   DPTR FM NORMAL:    0.66    2 = FOG REDUCING VISIBILITY
HIGHEST:    82 ON  3    GRTST 24HR  2.25 ON  5- 6      TO 1/4 MILE OR LESS
LOWEST:     32 ON 18                               3 = THUNDER
                        SNOW, ICE PELLETS, HAIL    4 = ICE PELLETS
                        TOTAL MONTH:   0.0 INCH    5 = HAIL
                        GRTST 24HR     0.0         6 = FREEZING RAIN OR DRIZZLE
                        GRTST DEPTH:   0           7 = DUSTSTORM OR SANDSTORM:
                                                       VSBY 1/2 MILE OR LESS
                                                   8 = SMOKE OR HAZE
[NO. OF DAYS WITH]      [WEATHER - DAYS WITH]      9 = BLOWING SNOW
                                                   X = TORNADO
MAX 32 OR BELOW:   0    0.01 INCH OR MORE:  10
MAX 90 OR ABOVE:   0    0.10 INCH OR MORE:   8
MIN 32 OR BELOW:   1    0.50 INCH OR MORE:   2
MIN  0 OR BELOW:   0    1.00 INCH OR MORE:   2

[HDD (BASE 65) ]
TOTAL THIS MO.   184    CLEAR  (SCALE 0-3)  11
DPTR FM NORMAL    93    PTCLDY (SCALE 4-7)   4
TOTAL FM JUL 1   184    CLOUDY (SCALE 8-10) 10
DPTR FM NORMAL    73

[CDD (BASE 65) ]
TOTAL THIS MO.    37
DPTR FM NORMAL   -43    [PRESSURE DATA]
TOTAL FM JAN 1  3240    HIGHEST SLP M ON M
DPTR FM NORMAL   111    LOWEST  SLP 29.47 ON 23

[REMARKS]
