000
CXUS54 KHGX 231515
CF6PSX
PRELIMINARY LOCAL CLIMATOLOGICAL DATA (WS FORM: F-6)

                                          STATION:   PALACIOS
                                          MONTH:     JANUARY
                                          YEAR:      2017
                                          LATITUDE:   28 43 N
                                          LONGITUDE:  96 15 W

  TEMPERATURE IN F:       :PCPN:    SNOW:  WIND      :SUNSHINE: SKY     :PK WND
================================================================================
1   2   3   4   5  6A  6B    7    8   9   10  11  12  13   14  15   16   17  18
                                     12Z  AVG MX 2MIN
DY MAX MIN AVG DEP HDD CDD  WTR  SNW DPTH SPD SPD DIR MIN PSBL S-S WX    SPD DR
================================================================================

 1  76  59  68  14   0   3 0.04  0.0    0  5.8 18 150   M    M   3 1      24 150
 2  79  56  68  14   0   3 0.01  0.0    0  9.9 22 340   M    M   5 1      27 340
 3  81  50  66  12   0   1 0.00  0.0    0  8.8 22  10   M    M   2 12     28  10
 4  56  41  49  -5  16   0 0.00  0.0    0 11.5 25 360   M    M   2        32 350
 5  66  49  58   4   7   0    T  0.0    0  9.4 25 350   M    M  10        33 360
 6  49  28  39 -15  26   0 0.05  0.0    0 21.0 30 350   M    M   9 14     38 360
 7  43  22  33 -21  32   0 0.00  0.0    0 14.7 29 340   M    M   0        36 350
 8  56  24  40 -14  25   0 0.00  0.0    0  8.1 15 100   M    M   2        19 120
 9  69  49  59   5   6   0    T    M    0  7.5 15 160   M    M   7 1      19 150
10  70  57  64  10   1   0 0.00  0.0    0  9.8 16 160   M    M   8 1      22 170
11  76  61  69  15   0   4 0.00  0.0    0 13.3 22 170   M    M   8 1      27 170
12  78  64  71  17   0   6 0.00  0.0    0 12.6 23 150   M    M   5 1      30 150
13  80  68  74  20   0   9 0.00  0.0    0 13.0 21 120   M    M   8 1      25 130
14  78  66  72  18   0   7 0.00  0.0    0 11.7 22 130   M    M   6 1      27  50
15  77  66  72  18   0   7    T  0.0    0 13.9 29 140   M    M   9 1      36 150
16  78  68  73  19   0   8 0.00  0.0    0 15.1 26 150   M    M   7 1      34 160
17  78  69  74  20   0   9 0.04  0.0    0 11.7 20 130   M    M   8 13     24 130
18  73  56  65  11   0   0 0.05  0.0    0  9.3 18 290   M    M   9 1      24 160
19  66  55  61   7   4   0 0.35  0.0    0  7.3 18  80   M    M   8 13     22  70
20  71  63  67  13   0   2 0.12  0.0    0  6.6 17 120   M    M  10 13     26 100
21  69  62  66  12   0   1 0.00  0.0    0  9.8 20 150   M    M   8 18     29 190
22  74  51  63   9   2   0    T  0.0    0 17.0 35 310   M    M   0 8      46 290
================================================================================
SM 1543 1184       119  60  0.66     0.0 247.8          M      134
================================================================================
AV 70.1 53.8                              11.3 FASTST   M    M   6    MAX(MPH)
                                 MISC ---->  # 35 310               # 46  290
================================================================================
NOTES:
# LAST OF SEVERAL OCCURRENCES

COLUMN 17 PEAK WIND IN M.P.H.

PRELIMINARY LOCAL CLIMATOLOGICAL DATA (WS FORM: F-6) , PAGE 2

                                          STATION:  PALACIOS
                                          MONTH:    JANUARY
                                          YEAR:     2017
                                          LATITUDE:   28 43 N
                                          LONGITUDE:  96 15 W

[TEMPERATURE DATA]      [PRECIPITATION DATA]       SYMBOLS USED IN COLUMN 16

AVERAGE MONTHLY: 62.0   TOTAL FOR MONTH:   0.66    1 = FOG OR MIST
DPTR FM NORMAL:   8.0   DPTR FM NORMAL:   -1.77    2 = FOG REDUCING VISIBILITY
HIGHEST:    81 ON  3    GRTST 24HR  0.40 ON 18-19      TO 1/4 MILE OR LESS
LOWEST:     22 ON  7                               3 = THUNDER
                        SNOW, ICE PELLETS, HAIL    4 = ICE PELLETS
                        TOTAL MONTH:   0.0 INCH    5 = HAIL
                        GRTST 24HR     0.0         6 = FREEZING RAIN OR DRIZZLE
                        GRTST DEPTH:   0           7 = DUSTSTORM OR SANDSTORM:
                                                       VSBY 1/2 MILE OR LESS
                                                   8 = SMOKE OR HAZE
[NO. OF DAYS WITH]      [WEATHER - DAYS WITH]      9 = BLOWING SNOW
                                                   X = TORNADO
MAX 32 OR BELOW:   0    0.01 INCH OR MORE:   7
MAX 90 OR ABOVE:   0    0.10 INCH OR MORE:   2
MIN 32 OR BELOW:   3    0.50 INCH OR MORE:   0
MIN  0 OR BELOW:   0    1.00 INCH OR MORE:   0

[HDD (BASE 65) ]
TOTAL THIS MO.   119    CLEAR  (SCALE 0-3)   6
DPTR FM NORMAL  -127    PTCLDY (SCALE 4-7)  10
TOTAL FM JUL 1   379    CLOUDY (SCALE 8-10)  6
DPTR FM NORMAL  -321

[CDD (BASE 65) ]
TOTAL THIS MO.    60
DPTR FM NORMAL    58    [PRESSURE DATA]
TOTAL FM JAN 1    60    HIGHEST SLP M ON M
DPTR FM NORMAL    58    LOWEST  SLP 29.41 ON 21

[REMARKS]
