000
CXUS54 KHGX 201415
CF6PSX
PRELIMINARY LOCAL CLIMATOLOGICAL DATA (WS FORM: F-6)

                                          STATION:   PALACIOS
                                          MONTH:     DECEMBER
                                          YEAR:      2014
                                          LATITUDE:   28 43 N
                                          LONGITUDE:  96 15 W

  TEMPERATURE IN F:       :PCPN:    SNOW:  WIND      :SUNSHINE: SKY     :PK WND
================================================================================
1   2   3   4   5  6A  6B    7    8   9   10  11  12  13   14  15   16   17  18
                                     12Z  AVG MX 2MIN
DY MAX MIN AVG DEP HDD CDD  WTR  SNW DPTH SPD SPD DIR MIN PSBL S-S WX    SPD DR
================================================================================

 1  71  46  59   0   6   0 0.01  0.0    0 12.8 30 350   M    M   7 1      36 360
 2  54  46  50  -9  15   0 0.00  0.0    0 10.9 23 360   M    M  10 1      27 360
 3  70  54  62   4   3   0 0.00  0.0    0  9.5 16 110   M    M   8 1      20 100
 4  73  58  66   8   0   1    T  0.0    0 10.2 14 110   M    M   9 1       M  M
 5  78  67  73  15   0   8 0.00  0.0    0  8.5 16 170   M    M   8 12     21 170
 6  71  60  66   8   0   1 0.13  0.0    0  9.9 21  10   M    M  10 128    25 340
 7  62  58  60   3   5   0 0.00  0.0    0  8.8 14  20   M    M  10 1      18  40
 8  67  49  58   1   7   0 0.00  0.0    0  8.2 16  10   M    M   5        19  10
 9  71  44  58   1   7   0 0.00  0.0    0  5.2 13 120   M    M   0 18     15 130
10  69  43  56  -1   9   0 0.00  0.0    0  8.9 14 100   M    M   4 128    23 120
11  74  61  68  12   0   3 0.00  0.0    M  9.1 18 150   M    M  10        22 140
12  75  59  67  11   0   2 0.00  0.0    0  9.3 17 150   M    M   4        21 140
13  74  54  64   8   1   0 0.00  0.0    0  7.6 15  80   M    M   2 128    33  90
14  76  65  71  15   0   6    T  0.0    0 12.8 24 150   M    M   4        31 150
15  78  63  71  15   0   6 0.00  0.0    M  8.4 17 230   M    M   6 128    23 230
16  69  51  60   4   5   0 0.00  0.0    0 10.5 21  20   M    M   9        25  30
17  71  49  60   4   5   0    T  0.0    0  9.8 18 110   M    M   7        28 110
18  75  65  70  15   0   5 0.34  0.0    0  4.4  9  10   M    M  10 1       M  M
19  66  54  60   5   5   0 2.04  0.0    M 13.7 29 360   M    M   9 13     34 360
================================================================================
SM 1344 1046        68  32  2.52     0.0 178.5          M      132
================================================================================
AV 70.7 55.1                               9.4 FASTST   M    M   7    MAX(MPH)
                                 MISC ---->  # 30 350               # 36  360
================================================================================
NOTES:
# LAST OF SEVERAL OCCURRENCES

COLUMN 17 PEAK WIND IN M.P.H.

PRELIMINARY LOCAL CLIMATOLOGICAL DATA (WS FORM: F-6) , PAGE 2

                                          STATION:  PALACIOS
                                          MONTH:    DECEMBER
                                          YEAR:     2014
                                          LATITUDE:   28 43 N
                                          LONGITUDE:  96 15 W

[TEMPERATURE DATA]      [PRECIPITATION DATA]       SYMBOLS USED IN COLUMN 16

AVERAGE MONTHLY: 62.9   TOTAL FOR MONTH:   2.52    1 = FOG OR MIST
DPTR FM NORMAL:   6.1   DPTR FM NORMAL:    0.85    2 = FOG REDUCING VISIBILITY
HIGHEST:    78 ON 15, 5 GRTST 24HR  2.04 ON 19-19      TO 1/4 MILE OR LESS
LOWEST:     43 ON 10                               3 = THUNDER
                        SNOW, ICE PELLETS, HAIL    4 = ICE PELLETS
                        TOTAL MONTH:   0.0 INCH    5 = HAIL
                        GRTST 24HR     0.0         6 = FREEZING RAIN OR DRIZZLE
                        GRTST DEPTH:   0           7 = DUSTSTORM OR SANDSTORM:
                                                       VSBY 1/2 MILE OR LESS
                                                   8 = SMOKE OR HAZE
[NO. OF DAYS WITH]      [WEATHER - DAYS WITH]      9 = BLOWING SNOW
                                                   X = TORNADO
MAX 32 OR BELOW:   0    0.01 INCH OR MORE:   4
MAX 90 OR ABOVE:   0    0.10 INCH OR MORE:   3
MIN 32 OR BELOW:   0    0.50 INCH OR MORE:   1
MIN  0 OR BELOW:   0    1.00 INCH OR MORE:   1

[HDD (BASE 65) ]
TOTAL THIS MO.    68    CLEAR  (SCALE 0-3)   2
DPTR FM NORMAL  -106    PTCLDY (SCALE 4-7)   9
TOTAL FM JUL 1   271    CLOUDY (SCALE 8-10)  8
DPTR FM NORMAL   -49

[CDD (BASE 65) ]
TOTAL THIS MO.    32
DPTR FM NORMAL    13    [PRESSURE DATA]
TOTAL FM JAN 1  3279    HIGHEST SLP M ON M
DPTR FM NORMAL   122    LOWEST  SLP 29.88 ON 15

[REMARKS]
