000
CXUS55 KPUB 300229
CF6PUB
PRELIMINARY LOCAL CLIMATOLOGICAL DATA (WS FORM: F-6)

                                          STATION:   PUEBLO CO
                                          MONTH:     MAY
                                          YEAR:      2015
                                          LATITUDE:   38 16 N
                                          LONGITUDE: 104 31 W

  TEMPERATURE IN F:       :PCPN:    SNOW:  WIND      :SUNSHINE: SKY     :PK WND
================================================================================
1   2   3   4   5  6A  6B    7    8   9   10  11  12  13   14  15   16   17  18
                                     12Z  AVG MX 2MIN
DY MAX MIN AVG DEP HDD CDD  WTR  SNW DPTH SPD SPD DIR MIN PSBL S-S WX    SPD DR
================================================================================

 1  70  53  62   6   3   0 0.02  0.0    0  8.2 30  10   M    M   2 3      36 360
 2  83  48  66  10   0   1    T  0.0    0  8.2 33 310   M    M   1 3      43 310
 3  81  48  65   9   0   0 0.00  0.0    0 10.8 29  20   M    M   3 3      36  30
 4  68  53  61   4   4   0    T  0.0    0  8.7 18 140   M    M   8 3      23 110
 5  55  49  52  -5  13   0 0.91  0.0    0  9.6 21 110   M    M  10 1      25 110
 6  72  49  61   4   4   0 0.40  0.0    0  4.6 46 230   M    M   6 13     55 240
 7  67  48  58   0   7   0    T  0.0    0  8.3 31 130   M    M   4        38 130
 8  60  49  55  -3  10   0 0.13  0.0    0 15.3 29 110   M    M   9 13     36  80
 9  63  38  51  -7  14   0 1.19    T    0 17.6  M   M   M    M   8 135     M  M
10  55  33  44 -15  21   0 0.18    T    0  9.6  M   M   M    M   7 1       M  M
11  58  34  46 -13  19   0 0.01  0.0    0  7.3 16 110   M    M   6        19 110
12  75  41  58  -1   7   0 0.00  0.0    0  5.6 23 130   M    M   0        29 130
13  67  49  58  -2   7   0 0.01  0.0    0  7.8 22 120   M    M   5 3      25 120
14  74  45  60   0   5   0 0.00  0.0    0  6.4 24 130   M    M   1 1      30 130
15  75  47  61   1   4   0 0.00  0.0    0  8.7 29 240   M    M   2        36 240
16  69  44  57  -3   8   0    T  0.0    0  7.7 39  10   M    M   3        48  10
17  76  44  60  -1   5   0    T  0.0    0 12.7 31  30   M    M   2        40  30
18  59  51  55  -6  10   0 0.05  0.0    0 11.0 21 110   M    M   9 1      27 110
19  51  43  47 -14  18   0 1.65  0.0    0 13.1 24 100   M    M   9 1      31 100
20  53  40  47 -15  18   0 0.06  0.0    0  8.9 17 110   M    M  10 1      21 120
21  54  42  48 -14  17   0 0.14  0.0    0 10.1 18  90   M    M  10 1      23  80
22  72  47  60  -2   5   0 0.09  0.0    0 10.4 25  10   M    M   5 13     31  10
23  66  48  57  -6   8   0 0.06    T    0  6.1 26  90   M    M   4 135    33  70
24  62  43  53 -10  12   0 0.02  0.0    0  5.0 23 260   M    M   3 3      29 260
25  69  42  56  -7   9   0    T  0.0    0  7.8 20 130   M    M   2        25 130
26  74  45  60  -4   5   0 0.13  0.0    0  6.7 21 110   M    M   1 3      23 110
27  79  48  64   0   1   0 0.15  0.0    0  5.6 29 260   M    M   0 3      41 270
28  81  50  66   2   0   1 0.18  0.0    0  6.4 37 290   M    M   1 3      49 290
================================================================================
SM 1888 1271       234   2  5.38    T    248.2          M      131
================================================================================
AV 67.4 45.4                               8.9 FASTST   M    M   5    MAX(MPH)
                                 MISC ---->  # 46 230               # 55  240
================================================================================
NOTES:
# LAST OF SEVERAL OCCURRENCES

COLUMN 17 PEAK WIND IN M.P.H.

PRELIMINARY LOCAL CLIMATOLOGICAL DATA (WS FORM: F-6) , PAGE 2

                                          STATION:  PUEBLO CO
                                          MONTH:    MAY
                                          YEAR:     2015
                                          LATITUDE:   38 16 N
                                          LONGITUDE: 104 31 W

[TEMPERATURE DATA]      [PRECIPITATION DATA]       SYMBOLS USED IN COLUMN 16

AVERAGE MONTHLY: 56.4   TOTAL FOR MONTH:   5.38    1 = FOG OR MIST
DPTR FM NORMAL:  -3.6   DPTR FM NORMAL:    4.01    2 = FOG REDUCING VISIBILITY
HIGHEST:    83 ON  2    GRTST 24HR  1.70 ON 18-19      TO 1/4 MILE OR LESS
LOWEST:     33 ON 10                               3 = THUNDER
                        SNOW, ICE PELLETS, HAIL    4 = ICE PELLETS
                        TOTAL MONTH:    T          5 = HAIL
                        GRTST 24HR    T  ON 23-23  6 = FREEZING RAIN OR DRIZZLE
                        GRTST DEPTH:   0           7 = DUSTSTORM OR SANDSTORM:
                                                       VSBY 1/2 MILE OR LESS
                                                   8 = SMOKE OR HAZE
[NO. OF DAYS WITH]      [WEATHER - DAYS WITH]      9 = BLOWING SNOW
                                                   X = TORNADO
MAX 32 OR BELOW:   0    0.01 INCH OR MORE:  18
MAX 90 OR ABOVE:   0    0.10 INCH OR MORE:  10
MIN 32 OR BELOW:   0    0.50 INCH OR MORE:   3
MIN  0 OR BELOW:   0    1.00 INCH OR MORE:   2

[HDD (BASE 65) ]
TOTAL THIS MO.   234    CLEAR  (SCALE 0-3)  13
DPTR FM NORMAL    69    PTCLDY (SCALE 4-7)   8
TOTAL FM JUL 1  5244    CLOUDY (SCALE 8-10)  7
DPTR FM NORMAL  -361

[CDD (BASE 65) ]
TOTAL THIS MO.     2
DPTR FM NORMAL   -22    [PRESSURE DATA]
TOTAL FM JAN 1     2    HIGHEST SLP M ON M
DPTR FM NORMAL   -24    LOWEST  SLP 29.46 ON  6

[REMARKS]
