000
CXUS55 KPUB 251059
CF6PUB
PRELIMINARY LOCAL CLIMATOLOGICAL DATA (WS FORM: F-6)

                                          STATION:   PUEBLO CO
                                          MONTH:     MARCH
                                          YEAR:      2017
                                          LATITUDE:   38 16 N
                                          LONGITUDE: 104 31 W

  TEMPERATURE IN F:       :PCPN:    SNOW:  WIND      :SUNSHINE: SKY     :PK WND
================================================================================
1   2   3   4   5  6A  6B    7    8   9   10  11  12  13   14  15   16   17  18
                                     12Z  AVG MX 2MIN
DY MAX MIN AVG DEP HDD CDD  WTR  SNW DPTH SPD SPD DIR MIN PSBL S-S WX    SPD DR
================================================================================

 1  52  16  34  -4  31   0 0.00  0.0    0  8.5 20 120   M    M   0        24 120
 2  54  10  32  -6  33   0 0.00  0.0    0  7.8 20 100   M    M   0        25 140
 3  68  15  42   3  23   0 0.00  0.0    0  5.3 14 170   M    M   0        16 270
 4  74  23  49  10  16   0 0.00  0.0    0  7.6 24 220   M    M   0        35 220
 5  73  33  53  14  12   0 0.00  0.0    0  7.2 32 250   M    M   1        41 240
 6  57  33  45   5  20   0 0.00  0.0    0 26.4 43 290   M    M   1        54 280
 7  62  21  42   2  23   0 0.00  0.0    0 10.3 29 290   M    M   0        34 300
 8  75  26  51  11  14   0 0.00  0.0    0 12.5 28 270   M    M   0        35 300
 9  80  28  54  14  11   0 0.00  0.0    0  9.3 21 270   M    M   0        26  40
10  59  27  43   2  22   0 0.00  0.0    0  6.2 14  80   M    M   0        17 100
11  61  28  45   4  20   0 0.00  0.0    0  8.5 21 120   M    M   2        26 120
12  74  25  50   9  15   0 0.00  0.0    0  9.4 44  40   M    M   1        54  30
13  62  24  43   1  22   0 0.00  0.0    0  6.3 18  90   M    M   2        22  90
14  79  25  52  10  13   0 0.00  0.0    0  7.9 25  29   M    M   0        31 290
15  84  27  56  14   9   0 0.00  0.0    0  6.2 22 220   M    M   0        26 220
16  83  43  63  21   2   0 0.00  0.0    0 12.5 26 320   M    M   0        35 310
17  75  38  57  14   8   0 0.00  0.0    0  7.6 20 130   M    M   0        28 140
18  85  35  60  17   5   0 0.00  0.0    0  7.2 20 120   M    M   0        23 180
19  86  44  65  22   0   0 0.00  0.0    0 13.1 30 270   M    M   0        37 280
20  84  39  62  18   3   0 0.00  0.0    0  8.4 24  60   M    M   0        30  50
21  67  38  53   9  12   0 0.00  0.0    0  9.3 21  60   M    M   1        29  60
22  69  33  51   7  14   0 0.00  0.0    0  5.7 14 130   M    M   0        16 140
23  81  35  58  14   7   0    T  0.0    0 15.2 58  20   M    M   1        71  10
24  52  33  43  -1  22   0 0.21  0.0    0 21.0 59  10   M    M   7 38     75 360
================================================================================
SM 1696  699       357   0  0.21     0.0 239.4          M       16
================================================================================
AV 70.7 29.1                              10.0 FASTST   M    M   1    MAX(MPH)
                                 MISC ---->  # 59  10               # 75  360
================================================================================
NOTES:
# LAST OF SEVERAL OCCURRENCES

COLUMN 17 PEAK WIND IN M.P.H.

PRELIMINARY LOCAL CLIMATOLOGICAL DATA (WS FORM: F-6) , PAGE 2

                                          STATION:  PUEBLO CO
                                          MONTH:    MARCH
                                          YEAR:     2017
                                          LATITUDE:   38 16 N
                                          LONGITUDE: 104 31 W

[TEMPERATURE DATA]      [PRECIPITATION DATA]       SYMBOLS USED IN COLUMN 16

AVERAGE MONTHLY: 49.9   TOTAL FOR MONTH:   0.21    1 = FOG OR MIST
DPTR FM NORMAL:   8.5   DPTR FM NORMAL:   -0.48    2 = FOG REDUCING VISIBILITY
HIGHEST:    86 ON 19    GRTST 24HR  0.21 ON 24-24      TO 1/4 MILE OR LESS
LOWEST:     10 ON  2                               3 = THUNDER
                        SNOW, ICE PELLETS, HAIL    4 = ICE PELLETS
                        TOTAL MONTH:   0.0 INCH    5 = HAIL
                        GRTST 24HR     0.0         6 = FREEZING RAIN OR DRIZZLE
                        GRTST DEPTH:   0           7 = DUSTSTORM OR SANDSTORM:
                                                       VSBY 1/2 MILE OR LESS
                                                   8 = SMOKE OR HAZE
[NO. OF DAYS WITH]      [WEATHER - DAYS WITH]      9 = BLOWING SNOW
                                                   X = TORNADO
MAX 32 OR BELOW:   0    0.01 INCH OR MORE:   1
MAX 90 OR ABOVE:   0    0.10 INCH OR MORE:   1
MIN 32 OR BELOW:  13    0.50 INCH OR MORE:   0
MIN  0 OR BELOW:   0    1.00 INCH OR MORE:   0

[HDD (BASE 65) ]
TOTAL THIS MO.   357    CLEAR  (SCALE 0-3)  23
DPTR FM NORMAL  -207    PTCLDY (SCALE 4-7)   1
TOTAL FM JUL 1  3857    CLOUDY (SCALE 8-10)  0
DPTR FM NORMAL -1010

[CDD (BASE 65) ]
TOTAL THIS MO.     0
DPTR FM NORMAL     0    [PRESSURE DATA]
TOTAL FM JAN 1     0    HIGHEST SLP M ON M
DPTR FM NORMAL     0    LOWEST  SLP 29.43 ON 23

[REMARKS]
