000
CXUS51 KBOX 240810
CF6PVD
PRELIMINARY LOCAL CLIMATOLOGICAL DATA (WS FORM: F-6)
STATION: PROVIDENCE RI
MONTH: APRIL
YEAR: 2024
LATITUDE: 41 43 N
LONGITUDE: 71 26 W
TEMPERATURE IN F: :PCPN: SNOW: WIND :SUNSHINE: SKY :PK WND
================================================================================
1 2 3 4 5 6A 6B 7 8 9 10 11 12 13 14 15 16 17 18
12Z AVG MX 2MIN
DY MAX MIN AVG DEP HDD CDD WTR SNW DPTH SPD SPD DIR MIN PSBL S-S WX SPD DR
================================================================================
1 52 36 44 0 21 0 0.00 0.0 0 3.8 12 140 M M 6 14 160
2 53 36 45 1 20 0 0.32 0.0 0 7.9 14 60 M M 8 1 18 60
3 42 38 40 -5 25 0 1.12 0.0 0 16.1 26 50 M M 10 1 37 60
4 40 34 37 -8 28 0 0.65 0.0 0 17.3 33 40 M M 9 1 47 50
5 47 32 40 -5 25 0 T 0.0 0 11.8 21 290 M M 6 29 280
6 48 36 42 -4 23 0 0.13 0.0 0 11.2 26 10 M M 8 1 36 360
7 51 36 44 -2 21 0 0.00 0.0 0 11.4 24 20 M M 8 30 20
8 65 31 48 2 17 0 0.00 0.0 0 6.2 15 150 M M 5 19 150
9 72 39 56 9 9 0 0.00 0.0 0 6.1 20 160 M M 4 27 150
10 56 39 48 1 17 0 T 0.0 0 6.8 17 150 M M 7 1 22 150
11 57 48 53 5 12 0 0.07 0.0 0 7.4 18 170 M M 10 1 27 160
12 58 45 52 4 13 0 0.91 0.0 0 16.6 33 150 M M 8 1 47 180
13 56 45 51 3 14 0 T 0.0 0 13.8 28 280 M M 7 47 290
14 60 43 52 3 13 0 0.02 0.0 0 9.1 24 220 M M 6 37 210
15 77 42 60 11 5 0 0.01 0.0 0 8.6 23 260 M M 5 34 290
16 70 47 59 9 6 0 T 0.0 0 8.3 18 290 M M 3 26 270
17 56 42 49 -1 16 0 T 0.0 0 9.2 17 160 M M 6 22 150
18 50 42 46 -4 19 0 0.11 0.0 0 9.9 17 60 M M 9 1 24 60
19 57 43 50 -1 15 0 0.00 0.0 0 9.1 17 180 M M 8 24 170
20 61 44 53 2 12 0 0.28 0.0 0 6.9 20 310 M M 8 1 29 320
21 52 35 44 -7 21 0 0.00 0.0 0 8.1 18 300 M M 7 29 300
22 59 35 47 -5 18 0 0.00 0.0 0 6.6 17 350 M M 1 24 310
23 56 33 45 -7 20 0 0.00 0.0 0 8.4 23 140 M M 2 18 30 150
================================================================================
SM 1295 901 390 0 3.62 0.0 220.6 M 151
================================================================================
AV 56.3 39.2 9.6 FASTST M M 7 MAX(MPH)
MISC ----> # 33 40 # 47 50
================================================================================
NOTES:
# LAST OF SEVERAL OCCURRENCES
COLUMN 17 PEAK WIND IN M.P.H.
PRELIMINARY LOCAL CLIMATOLOGICAL DATA (WS FORM: F-6) , PAGE 2
STATION: PROVIDENCE RI
MONTH: APRIL
YEAR: 2024
LATITUDE: 41 43 N
LONGITUDE: 71 26 W
[TEMPERATURE DATA] [PRECIPITATION DATA] SYMBOLS USED IN COLUMN 16
AVERAGE MONTHLY: 47.7 TOTAL FOR MONTH: 3.62 1 = FOG OR MIST
DPTR FM NORMAL: -0.3 DPTR FM NORMAL: 0.24 2 = FOG REDUCING VISIBILITY
HIGHEST: 77 ON 15 GRTST 24HR 1.68 ON 3- 4 TO 1/4 MILE OR LESS
LOWEST: 31 ON 8 3 = THUNDER
SNOW, ICE PELLETS, HAIL 4 = ICE PELLETS
TOTAL MONTH: 0.0 INCH 5 = HAIL
GRTST 24HR 0.0 6 = FREEZING RAIN OR DRIZZLE
GRTST DEPTH: 0 7 = DUSTSTORM OR SANDSTORM:
VSBY 1/2 MILE OR LESS
8 = SMOKE OR HAZE
[NO. OF DAYS WITH] [WEATHER - DAYS WITH] 9 = BLOWING SNOW
X = TORNADO
MAX 32 OR BELOW: 0 0.01 INCH OR MORE: 10
MAX 90 OR ABOVE: 0 0.10 INCH OR MORE: 7
MIN 32 OR BELOW: 2 0.50 INCH OR MORE: 3
MIN 0 OR BELOW: 0 1.00 INCH OR MORE: 1
[HDD (BASE 65) ]
TOTAL THIS MO. 390 CLEAR (SCALE 0-3) 3
DPTR FM NORMAL -3 PTCLDY (SCALE 4-7) 14
TOTAL FM JUL 1 4717 CLOUDY (SCALE 8-10) 6
DPTR FM NORMAL -428
[CDD (BASE 65) ]
TOTAL THIS MO. 0
DPTR FM NORMAL 0 [PRESSURE DATA]
TOTAL FM JAN 1 0 HIGHEST SLP M ON M
DPTR FM NORMAL 0 LOWEST SLP 29.20 ON 4
[REMARKS]