000
CXUS51 KBOX 241200
CF6PVD
PRELIMINARY LOCAL CLIMATOLOGICAL DATA (WS FORM: F-6)

                                          STATION:   PROVIDENCE RI
                                          MONTH:     SEPTEMBER
                                          YEAR:      2017
                                          LATITUDE:   41 43 N
                                          LONGITUDE:  71 26 W

  TEMPERATURE IN F:       :PCPN:    SNOW:  WIND      :SUNSHINE: SKY     :PK WND
================================================================================
1   2   3   4   5  6A  6B    7    8   9   10  11  12  13   14  15   16   17  18
                                     12Z  AVG MX 2MIN
DY MAX MIN AVG DEP HDD CDD  WTR  SNW DPTH SPD SPD DIR MIN PSBL S-S WX    SPD DR
================================================================================

 1  70  52  61  -9   4   0 0.00  0.0    0 10.0 18 300   M    M   3        24 330
 2  71  46  59 -10   6   0 0.01  0.0    0  6.2 15 150   M    M   4        18 150
 3  68  53  61  -8   4   0 0.37  0.0    0  8.1 22 260   M    M   8 1      28 250
 4  81  58  70   1   0   5 0.00  0.0    0  9.5 21 200   M    M   3        26 200
 5  84  64  74   5   0   9 0.00  0.0    0 13.7 23 200   M    M   3        30 200
 6  79  64  72   4   0   7 0.56  0.0    0  8.3 23 210   M    M  10 138    34 210
 7  76  58  67  -1   0   2 0.67  0.0    0  9.3 17 200   M    M   7 1      23 250
 8  76  54  65  -3   0   0 0.00  0.0    0  7.2 17 280   M    M   3        23 280
 9  73  54  64  -3   1   0 0.00  0.0    0  7.9 15  30   M    M   4        20  10
10  75  54  65  -2   0   0 0.00  0.0    0  8.6 17  30   M    M   2        23  40
11  79  54  67   0   0   2 0.00  0.0    0  6.6 13  10   M    M   3        17 340
12  85  56  71   5   0   6 0.00  0.0    0  5.1 15 260   M    M   5        18 260
13  81  57  69   3   0   4 0.00  0.0    0  5.6 16 150   M    M   3        19 160
14  83  68  76  10   0  11 0.01  0.0    0  8.4 17 230   M    M   7        24 230
15  82  66  74   9   0   9 0.05  0.0    0  5.6 15 150   M    M   6 1      18 150
16  81  62  72   7   0   7 0.00  0.0    0  3.0 10 150   M    M   4 128    13 170
17  80  64  72   8   0   7    T  0.0    0  4.3 15 160   M    M   8 12     22 130
18  74  66  70   6   0   5 0.00  0.0    0  7.1 15  40   M    M   9        17  40
19  69  65  67   3   0   2 0.07  0.0    0 15.6 25  20   M    M  10 1      32  20
20  73  66  70   7   0   5 0.20  0.0    0 19.4 29  10   M    M  10 1      39  30
21  75  66  71   8   0   6 0.00  0.0    0 23.6 36  30   M    M   9        45  30
22  66  58  62   0   3   0 0.20  0.0    0 21.3 35  20   M    M  10 1      44  10
23  82  62  72  10   0   7 0.00  0.0    0 10.5 22  10   M    M   6 1      28  10
================================================================================
SM 1763 1367        18  94  2.14     0.0 224.9          M      137
================================================================================
AV 76.7 59.4                               9.8 FASTST   M    M   6    MAX(MPH)
                                 MISC ---->  # 36  30               # 45   30
================================================================================
NOTES:
# LAST OF SEVERAL OCCURRENCES

COLUMN 17 PEAK WIND IN M.P.H.

PRELIMINARY LOCAL CLIMATOLOGICAL DATA (WS FORM: F-6) , PAGE 2

                                          STATION:  PROVIDENCE RI
                                          MONTH:    SEPTEMBER
                                          YEAR:     2017
                                          LATITUDE:   41 43 N
                                          LONGITUDE:  71 26 W

[TEMPERATURE DATA]      [PRECIPITATION DATA]       SYMBOLS USED IN COLUMN 16

AVERAGE MONTHLY: 68.0   TOTAL FOR MONTH:   2.14    1 = FOG OR MIST
DPTR FM NORMAL:   2.0   DPTR FM NORMAL:   -0.83    2 = FOG REDUCING VISIBILITY
HIGHEST:    85 ON 12    GRTST 24HR  0.67 ON  7- 7      TO 1/4 MILE OR LESS
LOWEST:     46 ON  2                               3 = THUNDER
                        SNOW, ICE PELLETS, HAIL    4 = ICE PELLETS
                        TOTAL MONTH:   0.0 INCH    5 = HAIL
                        GRTST 24HR     0.0         6 = FREEZING RAIN OR DRIZZLE
                        GRTST DEPTH:   0           7 = DUSTSTORM OR SANDSTORM:
                                                       VSBY 1/2 MILE OR LESS
                                                   8 = SMOKE OR HAZE
[NO. OF DAYS WITH]      [WEATHER - DAYS WITH]      9 = BLOWING SNOW
                                                   X = TORNADO
MAX 32 OR BELOW:   0    0.01 INCH OR MORE:   9
MAX 90 OR ABOVE:   0    0.10 INCH OR MORE:   5
MIN 32 OR BELOW:   0    0.50 INCH OR MORE:   2
MIN  0 OR BELOW:   0    1.00 INCH OR MORE:   0

[HDD (BASE 65) ]
TOTAL THIS MO.    18    CLEAR  (SCALE 0-3)   4
DPTR FM NORMAL   -31    PTCLDY (SCALE 4-7)  13
TOTAL FM JUL 1    26    CLOUDY (SCALE 8-10)  6
DPTR FM NORMAL   -32

[CDD (BASE 65) ]
TOTAL THIS MO.    94
DPTR FM NORMAL    21    [PRESSURE DATA]
TOTAL FM JAN 1   798    HIGHEST SLP M ON M
DPTR FM NORMAL    69    LOWEST  SLP 29.70 ON M

[REMARKS]
