000
CXUS51 KBOX 181837
CF6PVD
PRELIMINARY LOCAL CLIMATOLOGICAL DATA (WS FORM: F-6)

                                          STATION:   PROVIDENCE RI
                                          MONTH:     JANUARY
                                          YEAR:      2018
                                          LATITUDE:   41 43 N
                                          LONGITUDE:  71 26 W

  TEMPERATURE IN F:       :PCPN:    SNOW:  WIND      :SUNSHINE: SKY     :PK WND
================================================================================
1   2   3   4   5  6A  6B    7    8   9   10  11  12  13   14  15   16   17  18
                                     12Z  AVG MX 2MIN
DY MAX MIN AVG DEP HDD CDD  WTR  SNW DPTH SPD SPD DIR MIN PSBL S-S WX    SPD DR
================================================================================

 1  14   1   8 -22  57   0 0.00  0.0    0 11.4 20 310   M    M   0        26 330
 2  20   3  12 -18  53   0 0.00  0.0    0  8.7 20 290   M    M   1        26 300
 3  31  12  22  -8  43   0 0.00  0.0    0  5.4 15 280   M    M   3        20 270
 4  32  22  27  -3  38   0 1.02 14.1    0 22.7 37 360   M    M  10 12389  55 350
 5  24   7  16 -14  49   0    T    T   11 21.1 35 270   M    M   4 89     45 290
 6  13   3   8 -21  57   0 0.00  0.0   11 16.1 29 280   M    M   1 9      40 310
 7  19  -3   8 -21  57   0 0.00  0.0   11  9.3 20 310   M    M   2        29 320
 8  36  20  28  -1  37   0 0.03  0.3   10 12.8 22 220   M    M   9 1      29 230
 9  42  29  36   7  29   0 0.00  0.0   10 11.1 24 300   M    M   5 1      31 280
10  37  18  28  -1  37   0 0.00  0.0    9  6.5 15 150   M    M   2        18 340
11  51  27  39  10  26   0 0.00  0.0    8  5.9 13 210   M    M   7 1      16 210
12  62  41  52  23  13   0 1.88  0.0    0 13.9 31 190   M    M   9 12     40 180
13  63  22  43  14  22   0 1.46  0.0    0 18.9 37 190   M    M   6 1      50 180
14  26  16  21  -8  44   0 0.00  0.0    0 12.7 18 360   M    M   3        24 360
15  23  15  19 -10  46   0    T  0.1    0 14.6 22  20   M    M   9        25  10
16  36  20  28  -1  37   0    T    T    0  5.9 13 150   M    M   9 1      14 150
17  36  33  35   6  30   0 0.17  1.1    0  5.8 12 310   M    M  10 1      15 310
================================================================================
SM  565  286       675   0  4.56    15.6 202.8          M       90
================================================================================
AV 33.2 16.8                              11.9 FASTST   M    M   5    MAX(MPH)
                                 MISC ---->  # 37 360               # 55  350
================================================================================
NOTES:
# LAST OF SEVERAL OCCURRENCES

COLUMN 17 PEAK WIND IN M.P.H.

PRELIMINARY LOCAL CLIMATOLOGICAL DATA (WS FORM: F-6) , PAGE 2

                                          STATION:  PROVIDENCE RI
                                          MONTH:    JANUARY
                                          YEAR:     2018
                                          LATITUDE:   41 43 N
                                          LONGITUDE:  71 26 W

[TEMPERATURE DATA]      [PRECIPITATION DATA]       SYMBOLS USED IN COLUMN 16

AVERAGE MONTHLY: 25.0   TOTAL FOR MONTH:   4.56    1 = FOG OR MIST
DPTR FM NORMAL:  -4.2   DPTR FM NORMAL:    2.42    2 = FOG REDUCING VISIBILITY
HIGHEST:    63 ON 13    GRTST 24HR  1.88 ON 12-12      TO 1/4 MILE OR LESS
LOWEST:     -3 ON  7                               3 = THUNDER
                        SNOW, ICE PELLETS, HAIL    4 = ICE PELLETS
                        TOTAL MONTH:  15.6 INCHES  5 = HAIL
                        GRTST 24HR  14.1 ON  4- 4  6 = FREEZING RAIN OR DRIZZLE
                        GRTST DEPTH:  11 ON  7, 6  7 = DUSTSTORM OR SANDSTORM:
                                                       VSBY 1/2 MILE OR LESS
                                                   8 = SMOKE OR HAZE
[NO. OF DAYS WITH]      [WEATHER - DAYS WITH]      9 = BLOWING SNOW
                                                   X = TORNADO
MAX 32 OR BELOW:   9    0.01 INCH OR MORE:   5
MAX 90 OR ABOVE:   0    0.10 INCH OR MORE:   4
MIN 32 OR BELOW:  15    0.50 INCH OR MORE:   3
MIN  0 OR BELOW:   1    1.00 INCH OR MORE:   3

[HDD (BASE 65) ]
TOTAL THIS MO.   675    CLEAR  (SCALE 0-3)   7
DPTR FM NORMAL    67    PTCLDY (SCALE 4-7)   4
TOTAL FM JUL 1  2530    CLOUDY (SCALE 8-10)  6
DPTR FM NORMAL  -105

[CDD (BASE 65) ]
TOTAL THIS MO.     0
DPTR FM NORMAL     0    [PRESSURE DATA]
TOTAL FM JAN 1     0    HIGHEST SLP M ON M
DPTR FM NORMAL     0    LOWEST  SLP 28.85 ON  4

[REMARKS]
