000
CXUS54 KOUN 260700
CF6PWA
PRELIMINARY LOCAL CLIMATOLOGICAL DATA (WS FORM: F-6)

                                          STATION:   BETHANY/WILEY POST
                                          MONTH:     JUNE
                                          YEAR:      2017
                                          LATITUDE:   35 31 N
                                          LONGITUDE:  97 38 W

  TEMPERATURE IN F:       :PCPN:    SNOW:  WIND      :SUNSHINE: SKY     :PK WND
================================================================================
1   2   3   4   5  6A  6B    7    8   9   10  11  12  13   14  15   16   17  18
                                     12Z  AVG MX 2MIN
DY MAX MIN AVG DEP HDD CDD  WTR  SNW DPTH SPD SPD DIR MIN PSBL S-S WX    SPD DR
================================================================================

 1  88  65  77   3   0  12 0.00  0.0    0  9.3 33 150   M    M   1        42 150
 2  77  66  72  -2   0   7 0.82  0.0    0  7.2 16 220   M    M   6 13     18 220
 3  78  68  73  -1   0   8 0.02  0.0    0  4.9 14 280   M    M   7 13     17 280
 4  81  68  75   1   0  10 0.01  0.0    0  5.5 15  50   M    M   7 1      25  60
 5  88  69  79   4   0  14    T  0.0    0  8.4 16  40   M    M   6 1      21  30
 6  93  63  78   3   0  13 0.00  0.0    0  8.4 17  40   M    M   1        23  40
 7  84  68  76   1   0  11 0.00  0.0    0  8.8 16  50   M    M   1        22  40
 8  84  59  72  -4   0   7 0.00  0.0    0  6.8 15 150   M    M   1        18 160
 9  86  67  77   1   0  12 0.00  0.0    0 15.1 21 170   M    M   1        35 160
10  90  69  80   4   0  15 0.00  0.0    0 21.7 32 170   M    M   1        39 160
11  90  72  81   5   0  16 0.00  0.0    0 21.8 30 170   M    M   0        37 170
12  92  74  83   7   0  18 0.00  0.0    0 19.2 28 160   M    M   0        36 190
13  92  75  84   7   0  19 0.00  0.0    0 21.5 29 160   M    M   0        36 180
14  94  76  85   8   0  20 0.01  0.0    0 17.9 28 190   M    M   3 3      35 190
15  98  76  87  10   0  22    T  0.0    0 15.7 28 190   M    M   0        33 180
16  98  71  85   8   0  20 0.00  0.0    0 16.0 24 180   M    M   0        32 170
17  95  78  87   9   0  22 0.00  0.0    0 17.9 26 180   M    M   0        35 190
18  82  72  77  -1   0  12    T  0.0    0 13.9 25  40   M    M   8        34  40
19  92  60  76  -2   0  11 0.00  0.0    0  8.0 18  80   M    M   0        24  80
20  95  66  81   3   0  16 0.00  0.0    0  8.1 16 180   M    M   0        22 130
21  96  68  82   3   0  17 0.00  0.0    0 13.2 22 170   M    M   0        28 160
22  95  68  82   3   0  17 0.00  0.0    0  7.6 16 150   M    M   0        19 140
23  92  70  81   2   0  16 0.05  0.0    0 13.4 26  30   M    M   2 3      34  30
24  85  71  78  -1   0  13 0.00  0.0    0  9.7 18  50   M    M   5        24  40
25  90  65  78  -1   0  13 0.03  0.0    0  8.1 18 140   M    M   2        23 140
================================================================================
SM 2235 1724         0 361  0.94     0.0 308.1          M       52
================================================================================
AV 89.4 69.0                              12.3 FASTST   M    M   2    MAX(MPH)
                                 MISC ---->  # 33 150               # 42  150
================================================================================
NOTES:
# LAST OF SEVERAL OCCURRENCES

COLUMN 17 PEAK WIND IN M.P.H.

PRELIMINARY LOCAL CLIMATOLOGICAL DATA (WS FORM: F-6) , PAGE 2

                                          STATION:  BETHANY/WILEY POST
                                          MONTH:    JUNE
                                          YEAR:     2017
                                          LATITUDE:   35 31 N
                                          LONGITUDE:  97 38 W

[TEMPERATURE DATA]      [PRECIPITATION DATA]       SYMBOLS USED IN COLUMN 16

AVERAGE MONTHLY: 79.2   TOTAL FOR MONTH:   0.94    1 = FOG OR MIST
DPTR FM NORMAL:   2.5   DPTR FM NORMAL:   -3.14    2 = FOG REDUCING VISIBILITY
HIGHEST:    98 ON 16,15 GRTST 24HR  0.82 ON  2- 2      TO 1/4 MILE OR LESS
LOWEST:     59 ON  8                               3 = THUNDER
                        SNOW, ICE PELLETS, HAIL    4 = ICE PELLETS
                        TOTAL MONTH:   0.0 INCH    5 = HAIL
                        GRTST 24HR     0.0         6 = FREEZING RAIN OR DRIZZLE
                        GRTST DEPTH:   0           7 = DUSTSTORM OR SANDSTORM:
                                                       VSBY 1/2 MILE OR LESS
                                                   8 = SMOKE OR HAZE
[NO. OF DAYS WITH]      [WEATHER - DAYS WITH]      9 = BLOWING SNOW
                                                   X = TORNADO
MAX 32 OR BELOW:   0    0.01 INCH OR MORE:   6
MAX 90 OR ABOVE:  15    0.10 INCH OR MORE:   1
MIN 32 OR BELOW:   0    0.50 INCH OR MORE:   1
MIN  0 OR BELOW:   0    1.00 INCH OR MORE:   0

[HDD (BASE 65) ]
TOTAL THIS MO.     0    CLEAR  (SCALE 0-3)  19
DPTR FM NORMAL     0    PTCLDY (SCALE 4-7)   5
TOTAL FM JUL 1  2673    CLOUDY (SCALE 8-10)  1
DPTR FM NORMAL  -960

[CDD (BASE 65) ]
TOTAL THIS MO.   361
DPTR FM NORMAL    68    [PRESSURE DATA]
TOTAL FM JAN 1   644    HIGHEST SLP M ON M
DPTR FM NORMAL   136    LOWEST  SLP 29.56 ON 17

[REMARKS]
