000
CXUS54 KOUN 010700
CF6PWA
PRELIMINARY LOCAL CLIMATOLOGICAL DATA (WS FORM: F-6)

                                          STATION:   BETHANY/WILEY POST
                                          MONTH:     SEPTEMBER
                                          YEAR:      2016
                                          LATITUDE:   35 31 N
                                          LONGITUDE:  97 38 W

  TEMPERATURE IN F:       :PCPN:    SNOW:  WIND      :SUNSHINE: SKY     :PK WND
================================================================================
1   2   3   4   5  6A  6B    7    8   9   10  11  12  13   14  15   16   17  18
                                     12Z  AVG MX 2MIN
DY MAX MIN AVG DEP HDD CDD  WTR  SNW DPTH SPD SPD DIR MIN PSBL S-S WX    SPD DR
================================================================================

 1  85  72  79   1   0  14 0.01  0.0    0  9.3 17  60   M    M   7 1      22  60
 2  82  69  76  -2   0  11 0.00  0.0    0  7.1 15  70   M    M   7        22  70
 3  88  68  78   0   0  13 0.00  0.0    0 10.9 18 180   M    M   2        22 170
 4  93  69  81   4   0  16 0.00  0.0    0 17.1 25 160   M    M   1        32 160
 5  97  73  85   8   0  20 0.00  0.0    0 17.3 26 190   M    M   0        32 200
 6  95  75  85   8   0  20 0.00  0.0    0 17.7 25 170   M    M   2        33 200
 7  96  77  87  11   0  22 0.00  0.0    0 17.0 25 190   M    M   1        33 180
 8  97  79  88  12   0  23    T  0.0    0 16.1 23 190   M    M   0        30 190
 9  95  66  81   5   0  16 1.50  0.0    0 13.1 32 350   M    M   1 13     45 360
10  80  59  70  -5   0   5 0.20  0.0    0  9.8 21 340   M    M   3 13     27 350
11  85  57  71  -4   0   6 0.00  0.0    0 10.7 21 180   M    M   0 18     27 210
12  91  66  79   4   0  14 0.00  0.0    0 16.4 25 180   M    M   0        31 180
13  93  70  82   8   0  17 0.00  0.0    0 11.3 18 210   M    M   1        24 220
14  81  63  72  -2   0   7 0.40  0.0    0  6.4 17 350   M    M   5 13     21 360
15  85  68  77   3   0  12 0.05  0.0    0  7.5 18 140   M    M   2 3      24 120
16  85  69  77   4   0  12 0.09  0.0    0  8.0 18 190   M    M   2 1      25 190
17  85  63  74   1   0   9 0.17  0.0    0  6.2 15  70   M    M   2 13     20 320
18  88  63  76   4   0  11 0.11  0.0    0  8.0 23 240   M    M   1 13     29 240
19  96  73  85  13   0  20 0.00  0.0    0  8.8 14 190   M    M   0        17 220
20  95  73  84  12   0  19 0.00  0.0    0  8.4 17 180   M    M   0        27 160
21  90  74  82  11   0  17 0.00  0.0    0 11.9 17 180   M    M   0 18     22 180
22  90  69  80   9   0  15 0.00  0.0    0 11.5 20 210   M    M   0        23 220
23  90  68  79   9   0  14 0.00  0.0    0 13.7 24 170   M    M   1        30 160
24  89  69  79   9   0  14 0.33  0.0    0 13.8 26 270   M    M   4 13     35 260
25  75  62  69  -1   0   4 0.36  0.0    0 10.1 24 340   M    M   7 13     31 340
26  76  54  65  -4   0   0 0.00  0.0    0  9.8 22  40   M    M   0        28  20
27  80  50  65  -4   0   0 0.00  0.0    0  7.4 15 210   M    M   0 8      19 210
28  87  60  74   6   0   9 0.00  0.0    0 11.1 21  20   M    M   0 8      25 360
29  73  49  61  -7   4   0 0.00  0.0    0  8.2 16  10   M    M   0 18     23  20
30  76  47  62  -5   3   0 0.00  0.0    0  2.2  8  20   M    M   0        11  60
================================================================================
SM 2618 1974         7 360  3.22     0.0 326.8          M       49
================================================================================
AV 87.3 65.8                              10.9 FASTST   M    M   2    MAX(MPH)
                                 MISC ---->  # 32 350               # 45  360
================================================================================
NOTES:
# LAST OF SEVERAL OCCURRENCES

COLUMN 17 PEAK WIND IN M.P.H.

PRELIMINARY LOCAL CLIMATOLOGICAL DATA (WS FORM: F-6) , PAGE 2

                                          STATION:  BETHANY/WILEY POST
                                          MONTH:    SEPTEMBER
                                          YEAR:     2016
                                          LATITUDE:   35 31 N
                                          LONGITUDE:  97 38 W

[TEMPERATURE DATA]      [PRECIPITATION DATA]       SYMBOLS USED IN COLUMN 16

AVERAGE MONTHLY: 76.5   TOTAL FOR MONTH:   3.22    1 = FOG OR MIST
DPTR FM NORMAL:   3.3   DPTR FM NORMAL:   -0.19    2 = FOG REDUCING VISIBILITY
HIGHEST:    97 ON  8, 5 GRTST 24HR  1.70 ON  9-10      TO 1/4 MILE OR LESS
LOWEST:     47 ON 30                               3 = THUNDER
                        SNOW, ICE PELLETS, HAIL    4 = ICE PELLETS
                        TOTAL MONTH:   0.0 INCH    5 = HAIL
                        GRTST 24HR     0.0         6 = FREEZING RAIN OR DRIZZLE
                        GRTST DEPTH:   0           7 = DUSTSTORM OR SANDSTORM:
                                                       VSBY 1/2 MILE OR LESS
                                                   8 = SMOKE OR HAZE
[NO. OF DAYS WITH]      [WEATHER - DAYS WITH]      9 = BLOWING SNOW
                                                   X = TORNADO
MAX 32 OR BELOW:   0    0.01 INCH OR MORE:  10
MAX 90 OR ABOVE:  13    0.10 INCH OR MORE:   7
MIN 32 OR BELOW:   0    0.50 INCH OR MORE:   1
MIN  0 OR BELOW:   0    1.00 INCH OR MORE:   1

[HDD (BASE 65) ]
TOTAL THIS MO.     7    CLEAR  (SCALE 0-3)  25
DPTR FM NORMAL   -12    PTCLDY (SCALE 4-7)   5
TOTAL FM JUL 1     7    CLOUDY (SCALE 8-10)  0
DPTR FM NORMAL   -12

[CDD (BASE 65) ]
TOTAL THIS MO.   360
DPTR FM NORMAL    96    [PRESSURE DATA]
TOTAL FM JAN 1  2256    HIGHEST SLP M ON M
DPTR FM NORMAL   352    LOWEST  SLP 29.77 ON  8

[REMARKS]
#FINAL-09-16#
