000
CXUS54 KOUN 290700
CF6PWA
PRELIMINARY LOCAL CLIMATOLOGICAL DATA (WS FORM: F-6)

                                          STATION:   BETHANY/WILEY POST
                                          MONTH:     MARCH
                                          YEAR:      2017
                                          LATITUDE:   35 31 N
                                          LONGITUDE:  97 38 W

  TEMPERATURE IN F:       :PCPN:    SNOW:  WIND      :SUNSHINE: SKY     :PK WND
================================================================================
1   2   3   4   5  6A  6B    7    8   9   10  11  12  13   14  15   16   17  18
                                     12Z  AVG MX 2MIN
DY MAX MIN AVG DEP HDD CDD  WTR  SNW DPTH SPD SPD DIR MIN PSBL S-S WX    SPD DR
================================================================================

 1  60  33  47   1  18   0 0.00  0.0    0 12.5 35 340   M    M   0        42 340
 2  63  27  45  -1  20   0 0.00  0.0    0  4.4 12 220   M    M   0        15 190
 3  69  33  51   5  14   0 0.00  0.0    0 13.0 26 200   M    M   0        32 210
 4  67  49  58  11   7   0 0.00  0.0    0 20.3 35 170   M    M   5        41 170
 5  64  52  58  11   7   0    T  0.0    0 22.8 29 180   M    M  10 1      37 180
 6  79  54  67  19   0   2 0.00  0.0    0 25.2 39 200   M    M   7        51 190
 7  63  39  51   3  14   0 0.00  0.0    0  8.9 17 350   M    M   1        22 350
 8  75  39  57   9   8   0 0.00  0.0    0 15.3 32 200   M    M   0        40 200
 9  84  56  70  22   0   5 0.00  0.0    0 15.3 25 200   M    M   1        30 200
10  63  43  53   4  12   0    T    M    0 14.5 26  30   M    M   3        35  30
11  52  38  45  -4  20   0 0.07  0.0    0 14.3 23  30   M    M  10 1      28  40
12  48  35  42  -7  23   0 0.00  0.0    0  8.9 21 150   M    M  10        24 150
13  47  35  41  -9  24   0 0.01  0.0    0 14.6 28 340   M    M   3        36 320
14  54  30  42  -8  23   0 0.00  0.0    0  9.1 21  60   M    M   1        25  50
15  60  30  45  -5  20   0 0.00  0.0    0 11.1 18 160   M    M   0 8      24 160
16  77  45  61  10   4   0 0.00  0.0    0 20.7 31 170   M    M   1        41 200
17  81  61  71  20   0   6 0.00  0.0    0 11.6 25 190   M    M   3        31 200
18  84  56  70  19   0   5 0.00  0.0    0 11.6 20 170   M    M   1        25 170
19  89  62  76  24   0  11 0.00  0.0    0 17.8 28 180   M    M   0        37 180
20  91  65  78  26   0  13 0.00  0.0    0 17.2 24 190   M    M   0        31 200
21  83  55  69  17   0   4 0.00  0.0    0 12.1 25  30   M    M   0 8      31  30
22  75  52  64  12   1   0 0.00  0.0    0 13.8 22 150   M    M   4        28 130
23  85  59  72  19   0   7 0.00  0.0    0 26.1 40 160   M    M   2        51 170
24  79  53  66  13   0   1 0.12  0.0    0 19.8 36 170   M    M   6 1      48 170
25  60  47  54   1  11   0 0.07  0.0    0 10.9 26 320   M    M   7 1      35 320
26  78  44  61   7   4   0    T  0.0    0 12.7 30 150   M    M   1        38 150
27  69  51  60   6   5   0 0.00  0.0    0 11.7 22 350   M    M   6 8      30 310
28  68  49  59   5   6   0 1.44    M    0 14.1 32 320   M    M   6 138    44 330
================================================================================
SM 1967 1292       241  54  1.71     0.0 410.3          M       88
================================================================================
AV 70.3 46.1                              14.7 FASTST   M    M   3    MAX(MPH)
                                 MISC ---->  # 40 160               # 51  190
================================================================================
NOTES:
# LAST OF SEVERAL OCCURRENCES

COLUMN 17 PEAK WIND IN M.P.H.

PRELIMINARY LOCAL CLIMATOLOGICAL DATA (WS FORM: F-6) , PAGE 2

                                          STATION:  BETHANY/WILEY POST
                                          MONTH:    MARCH
                                          YEAR:     2017
                                          LATITUDE:   35 31 N
                                          LONGITUDE:  97 38 W

[TEMPERATURE DATA]      [PRECIPITATION DATA]       SYMBOLS USED IN COLUMN 16

AVERAGE MONTHLY: 58.2   TOTAL FOR MONTH:   1.71    1 = FOG OR MIST
DPTR FM NORMAL:   8.1   DPTR FM NORMAL:   -0.69    2 = FOG REDUCING VISIBILITY
HIGHEST:    91 ON 20    GRTST 24HR  1.44 ON 28-28      TO 1/4 MILE OR LESS
LOWEST:     27 ON  2                               3 = THUNDER
                        SNOW, ICE PELLETS, HAIL    4 = ICE PELLETS
                        TOTAL MONTH:   0.0 INCH    5 = HAIL
                        GRTST 24HR     0.0         6 = FREEZING RAIN OR DRIZZLE
                        GRTST DEPTH:   0           7 = DUSTSTORM OR SANDSTORM:
                                                       VSBY 1/2 MILE OR LESS
                                                   8 = SMOKE OR HAZE
[NO. OF DAYS WITH]      [WEATHER - DAYS WITH]      9 = BLOWING SNOW
                                                   X = TORNADO
MAX 32 OR BELOW:   0    0.01 INCH OR MORE:   5
MAX 90 OR ABOVE:   1    0.10 INCH OR MORE:   2
MIN 32 OR BELOW:   3    0.50 INCH OR MORE:   1
MIN  0 OR BELOW:   0    1.00 INCH OR MORE:   1

[HDD (BASE 65) ]
TOTAL THIS MO.   241    CLEAR  (SCALE 0-3)  17
DPTR FM NORMAL  -183    PTCLDY (SCALE 4-7)   8
TOTAL FM JUL 1  2461    CLOUDY (SCALE 8-10)  3
DPTR FM NORMAL  -895

[CDD (BASE 65) ]
TOTAL THIS MO.    54
DPTR FM NORMAL    54    [PRESSURE DATA]
TOTAL FM JAN 1    64    HIGHEST SLP M ON M
DPTR FM NORMAL    63    LOWEST  SLP 29.56 ON  6

[REMARKS]
