000
CXUS54 KFWD 180730
CF6PWG
PRELIMINARY LOCAL CLIMATOLOGICAL DATA (WS FORM: F-6)

                                          STATION:   WACO MCGREGOR
                                          MONTH:     SEPTEMBER
                                          YEAR:      2014
                                          LATITUDE:   31 28 N
                                          LONGITUDE:  97 19 W

  TEMPERATURE IN F:       :PCPN:    SNOW:  WIND      :SUNSHINE: SKY     :PK WND
================================================================================
1   2   3   4   5  6A  6B    7    8   9   10  11  12  13   14  15   16   17  18
                                     12Z  AVG MX 2MIN
DY MAX MIN AVG DEP HDD CDD  WTR  SNW DPTH SPD SPD DIR MIN PSBL S-S WX    SPD DR
================================================================================

 1  99  75  87   5   0  22 0.00  0.0    0 14.7 22 190   M    M   3        28 190
 2  99  75  87   6   0  22 0.00  0.0    0 13.5 18 190   M    M   2        23 170
 3  99  73  86   5   0  21 0.00  0.0    0 11.9 18 150   M    M   2        28 140
 4 100  73  87   6   0  22 0.00  0.0    0 10.5 21 180   M    M   2        28 180
 5  99  72  86   6   0  21 0.00  0.0    0  7.9 14 110   M    M   2 3      18 110
 6  99  72  86   6   0  21 0.00  0.0    0  5.7 12  30   M    M   1 3       M  M
 7  88  72  80   0   0  15 0.01  0.0    0  6.3  9  10   M    M   6 3       M  M
 8  99  70  85   5   0  20 0.00  0.0    0  4.8  9 170   M    M   1        18 130
 9  99  75  87   8   0  22 0.00  0.0    0 11.5 17 170   M    M   0        29 190
10 100  75  88   9   0  23 0.00  0.0    0 15.3 21 170   M    M   0        28 190
11  99  77  88   9   0  23 0.00  0.0    0 10.2 17 180   M    M   1        21 180
12  82  61  72  -6   0   7 0.02  0.0    0 12.5 21 360   M    M  10 3      29 360
13  72  57  65 -13   0   0 0.00  0.0    0 12.6 17  10   M    M   9        23  20
14  79  64  72  -6   0   7 0.00  0.0    0  4.2  8  90   M    M   6         M  M
15  82  68  75  -2   0  10 0.00  0.0    0  4.1 10  40   M    M   1         M  M
16  93  72  83   6   0  18 0.02  0.0    0  4.1 16 170   M    M   1 3      22 170
17  97  72  85   8   0  20 0.56  0.0    0  4.4 14 180   M    M   5 3      20 180
================================================================================
SM 1585 1203         0 294  0.61     0.0 154.2          M       52
================================================================================
AV 93.2 70.8                               9.1 FASTST   M    M   3    MAX(MPH)
                                 MISC ---->    22   M                 29    M
================================================================================
NOTES:
# LAST OF SEVERAL OCCURRENCES

COLUMN 17 PEAK WIND IN M.P.H.

PRELIMINARY LOCAL CLIMATOLOGICAL DATA (WS FORM: F-6) , PAGE 2

                                          STATION:  WACO MCGREGOR
                                          MONTH:    SEPTEMBER
                                          YEAR:     2014
                                          LATITUDE:   31 28 N
                                          LONGITUDE:  97 19 W

[TEMPERATURE DATA]      [PRECIPITATION DATA]       SYMBOLS USED IN COLUMN 16

AVERAGE MONTHLY: 82.0   TOTAL FOR MONTH:   0.61    1 = FOG OR MIST
DPTR FM NORMAL:   2.8   DPTR FM NORMAL:   -1.01    2 = FOG REDUCING VISIBILITY
HIGHEST:   100 ON 10, 4 GRTST 24HR  0.56 ON 17-17      TO 1/4 MILE OR LESS
LOWEST:     57 ON 13                               3 = THUNDER
                        SNOW, ICE PELLETS, HAIL    4 = ICE PELLETS
                        TOTAL MONTH:   0.0 INCH    5 = HAIL
                        GRTST 24HR     0.0         6 = FREEZING RAIN OR DRIZZLE
                        GRTST DEPTH:   0           7 = DUSTSTORM OR SANDSTORM:
                                                       VSBY 1/2 MILE OR LESS
                                                   8 = SMOKE OR HAZE
[NO. OF DAYS WITH]      [WEATHER - DAYS WITH]      9 = BLOWING SNOW
                                                   X = TORNADO
MAX 32 OR BELOW:   0    0.01 INCH OR MORE:   4
MAX 90 OR ABOVE:  12    0.10 INCH OR MORE:   1
MIN 32 OR BELOW:   0    0.50 INCH OR MORE:   1
MIN  0 OR BELOW:   0    1.00 INCH OR MORE:   0

[HDD (BASE 65) ]
TOTAL THIS MO.     0    CLEAR  (SCALE 0-3)  11
DPTR FM NORMAL     0    PTCLDY (SCALE 4-7)   4
TOTAL FM JUL 1     0    CLOUDY (SCALE 8-10)  2
DPTR FM NORMAL     0

[CDD (BASE 65) ]
TOTAL THIS MO.   294
DPTR FM NORMAL    52    [PRESSURE DATA]
TOTAL FM JAN 1  2376    HIGHEST SLP M ON M
DPTR FM NORMAL   196    LOWEST  SLP M ON M

[REMARKS]
