000
CXUS56 KSGX 291545
CF6RAL
PRELIMINARY LOCAL CLIMATOLOGICAL DATA (WS FORM: F-6)

                                          STATION:   RIVERSIDE MUNI AIRPORT CA
                                          MONTH:     APRIL
                                          YEAR:      2016
                                          LATITUDE:   33 57 N
                                          LONGITUDE: 117 27 W

  TEMPERATURE IN F:       :PCPN:    SNOW:  WIND      :SUNSHINE: SKY     :PK WND
================================================================================
1   2   3   4   5  6A  6B    7    8   9   10  11  12  13   14  15   16   17  18
                                     12Z  AVG MX 2MIN
DY MAX MIN AVG DEP HDD CDD  WTR  SNW DPTH SPD SPD DIR MIN PSBL S-S WX    SPD DR
================================================================================

 1  78  49  64   4   1   0 0.00  0.0    0  3.3 15 280   M    M   0        20 270
 2  87  51  69   8   0   4 0.00  0.0    0  4.1 16 260   M    M   0        21 240
 3  87  52  70   9   0   5 0.00  0.0    0  5.9 21 250   M    M   2        26 250
 4  86  54  70   9   0   5 0.00  0.0    0  4.0 16 250   M    M   0        23 250
 5  93  52  73  12   0   8 0.00  0.0    0  4.0 14 280   M    M   3        17 280
 6  98  55  77  16   0  12 0.00  0.0    0  4.8 18 280   M    M   4        28 270
 7  69  58  64   3   1   0 0.05  0.0    0  2.2 14 250   M    M   7 1      16 250
 8  63  58  61  -1   4   0 0.10  0.0    0  2.9  9 270   M    M   9 18     13 270
 9  66  56  61  -1   4   0 0.19  0.0    0  2.9 13 250   M    M   9 18     17 280
10  69  56  63   1   2   0 0.02  0.0    0  3.7 16 260   M    M  10        21 250
11  75  55  65   3   0   0    T  0.0    0  3.1 10 280   M    M   8 3      15 280
12  77  52  65   3   0   0 0.00  0.0    0  5.0 16 250   M    M   1        22 270
13  77  51  64   2   1   0 0.00  0.0    0  4.0 14 270   M    M   0        21 270
14  75  54  65   3   0   0 0.00  0.0    0  4.2 14 250   M    M   5 18     20 290
15  80  51  66   3   0   1 0.00  0.0    0  7.9 20  40   M    M   2        32  50
16  86  60  73  10   0   8 0.00  0.0    0  8.2 22 360   M    M   0        35 360
17  90  52  71   8   0   6 0.00  0.0    0  8.1 21  40   M    M   0        29  30
18  92  53  73  10   0   8 0.00  0.0    0  6.0 21 250   M    M   0        27 250
19  92  56  74  11   0   9 0.00  0.0    0  6.6 22 250   M    M   3        26 250
20  91  55  73   9   0   8 0.00  0.0    0  5.3 18 240   M    M   1        23 250
21  87  55  71   7   0   6 0.00  0.0    0  5.7 21 250   M    M   1        27 250
22  79  53  66   2   0   1 0.00  0.0    0  6.6 23 260   M    M   1        32 260
23  79  56  68   4   0   3 0.00  0.0    0  5.7 22 250   M    M   3 8      27 250
24  78  52  65   1   0   0 0.00  0.0    0  4.8 23 250   M    M   3        26 250
25  72  49  61  -4   4   0 0.08    M    0  8.1 25 240   M    M   7 3      34 220
26  73  46  60  -5   5   0 0.00  0.0    0  5.1 15 250   M    M   2        22 280
27  74  50  62  -3   3   0 0.00  0.0    0  6.4 21 240   M    M   3        27 250
28  69  55  62  -3   3   0 0.00  0.0    0  3.5 15 280   M    M   7        21 290
================================================================================
SM 2242 1496        28  84  0.44     0.0 142.1          M       91
================================================================================
AV 80.1 53.4                               5.1 FASTST   M    M   3    MAX(MPH)
                                 MISC ---->  # 25 240               # 35  360
================================================================================
NOTES:
# LAST OF SEVERAL OCCURRENCES

COLUMN 17 PEAK WIND IN M.P.H.

PRELIMINARY LOCAL CLIMATOLOGICAL DATA (WS FORM: F-6) , PAGE 2

                                          STATION:  RIVERSIDE MUNI AIRPORT CA
                                          MONTH:    APRIL
                                          YEAR:     2016
                                          LATITUDE:   33 57 N
                                          LONGITUDE: 117 27 W

[TEMPERATURE DATA]      [PRECIPITATION DATA]       SYMBOLS USED IN COLUMN 16

AVERAGE MONTHLY: 66.8   TOTAL FOR MONTH:   0.44    1 = FOG OR MIST
DPTR FM NORMAL:   4.1   DPTR FM NORMAL:   -0.32    2 = FOG REDUCING VISIBILITY
HIGHEST:    98 ON  6    GRTST 24HR  0.21 ON  8- 9      TO 1/4 MILE OR LESS
LOWEST:     46 ON 26                               3 = THUNDER
                        SNOW, ICE PELLETS, HAIL    4 = ICE PELLETS
                        TOTAL MONTH:   0.0 INCH    5 = HAIL
                        GRTST 24HR     0.0         6 = FREEZING RAIN OR DRIZZLE
                        GRTST DEPTH:   0           7 = DUSTSTORM OR SANDSTORM:
                                                       VSBY 1/2 MILE OR LESS
                                                   8 = SMOKE OR HAZE
[NO. OF DAYS WITH]      [WEATHER - DAYS WITH]      9 = BLOWING SNOW
                                                   X = TORNADO
MAX 32 OR BELOW:   0    0.01 INCH OR MORE:   5
MAX 90 OR ABOVE:   6    0.10 INCH OR MORE:   2
MIN 32 OR BELOW:   0    0.50 INCH OR MORE:   0
MIN  0 OR BELOW:   0    1.00 INCH OR MORE:   0

[HDD (BASE 65) ]
TOTAL THIS MO.    28    CLEAR  (SCALE 0-3)  18
DPTR FM NORMAL   -75    PTCLDY (SCALE 4-7)   7
TOTAL FM JUL 1  1006    CLOUDY (SCALE 8-10)  3
DPTR FM NORMAL  -410

[CDD (BASE 65) ]
TOTAL THIS MO.    84
DPTR FM NORMAL    46    [PRESSURE DATA]
TOTAL FM JAN 1   189    HIGHEST SLP M ON M
DPTR FM NORMAL   130    LOWEST  SLP 29.73 ON 28

[REMARKS]
