000
CXUS54 KFWD 290730
CF6RBD
PRELIMINARY LOCAL CLIMATOLOGICAL DATA (WS FORM: F-6)

                                          STATION:   DALLAS EXECUTIVE
                                          MONTH:     SEPTEMBER
                                          YEAR:      2016
                                          LATITUDE:   32 40 N
                                          LONGITUDE:  96 52 W

  TEMPERATURE IN F:       :PCPN:    SNOW:  WIND      :SUNSHINE: SKY     :PK WND
================================================================================
1   2   3   4   5  6A  6B    7    8   9   10  11  12  13   14  15   16   17  18
                                     12Z  AVG MX 2MIN
DY MAX MIN AVG DEP HDD CDD  WTR  SNW DPTH SPD SPD DIR MIN PSBL S-S WX    SPD DR
================================================================================

 1  93  74  84   2   0  19 0.00  0.0    0  7.4 22  70   M    M   2        29  80
 2  90  73  82   0   0  17 0.00  0.0    0  5.9 13  50   M    M   5 8      17  50
 3  90  70  80  -1   0  15 0.00  0.0    0  6.6 13 140   M    M   1        16 100
 4  92  68  80  -1   0  15 0.00  0.0    0  7.7 15 140   M    M   1        20 130
 5  92  75  84   3   0  19 0.00  0.0    0  8.4 17 140   M    M   2        23 140
 6  93  75  84   4   0  19 0.00  0.0    0  8.6 16 140   M    M   4        23 130
 7  94  77  86   6   0  21 0.00  0.0    0  7.8 16 160   M    M   3        22 160
 8  94  77  86   6   0  21 0.00  0.0    0  8.1 16 160   M    M   0        23 160
 9  94  76  85   5   0  20 0.00  0.0    0  9.0 20 140   M    M   0        25 150
10  86  69  78  -1   0  13 0.18  0.0    0  8.7 29 360   M    M   3 13     39 340
11  90  61  76  -3   0  11 0.00  0.0    0  3.5 10  40   M    M   0        13  60
12  91  65  78   0   0  13 0.00  0.0    0  5.8 16 140   M    M   0        27 120
13  93  72  83   5   0  18 0.00  0.0    0  6.3 13 130   M    M   1 1      22 150
14  93  74  84   6   0  19 0.00  0.0    0  4.0 14 120   M    M   2 3      19 120
15  95  73  84   7   0  19 0.00  0.0    0  3.4 13 140   M    M   1        16 140
16  95  75  85   8   0  20 0.00  0.0    0  4.8 16 110   M    M   3        19 110
17  97  74  86   9   0  21 0.00  0.0    0  3.9 10 270   M    M   0        15 270
18  98  72  85   9   0  20    T  0.0    0  6.4 26 320   M    M   1        36 300
19 101  78  90  14   0  25 0.00  0.0    0  5.6 13 140   M    M   1 8      17 160
20 100  76  88  12   0  23    T  0.0    0  4.8 17 120   M    M   1        22 130
21  94  72  83   8   0  18 0.00  0.0    0  5.3 12 100   M    M   0        20 100
22  95  68  82   7   0  17 0.00  0.0    0  4.9 14 140   M    M   1        18 140
23  95  75  85  11   0  20 0.00  0.0    0  9.2 18 140   M    M   4        27 140
24  89  73  81   7   0  16 0.98  0.0    0  7.5 25 180   M    M   5 13     49 190
25  81  73  77   3   0  12 0.17  0.0    0  5.4 14 340   M    M   6 13     18 340
26  73  63  68  -5   0   3 1.05  0.0    0  8.7 16  10   M    M  10 1      21  20
27  77  57  67  -6   0   2 0.00  0.0    0  5.1 10 330   M    M   4        15 320
28  89  56  73   0   0   8 0.00  0.0    0  4.7 14 340   M    M   0        17 350
================================================================================
SM 2564 1991         0 464  2.38     0.0 177.5          M       61
================================================================================
AV 91.6 71.1                               6.3 FASTST   M    M   2    MAX(MPH)
                                 MISC ---->  # 29 360               # 49  190
================================================================================
NOTES:
# LAST OF SEVERAL OCCURRENCES

COLUMN 17 PEAK WIND IN M.P.H.

PRELIMINARY LOCAL CLIMATOLOGICAL DATA (WS FORM: F-6) , PAGE 2

                                          STATION:  DALLAS EXECUTIVE
                                          MONTH:    SEPTEMBER
                                          YEAR:     2016
                                          LATITUDE:   32 40 N
                                          LONGITUDE:  96 52 W

[TEMPERATURE DATA]      [PRECIPITATION DATA]       SYMBOLS USED IN COLUMN 16

AVERAGE MONTHLY: 81.3   TOTAL FOR MONTH:   2.38    1 = FOG OR MIST
DPTR FM NORMAL:   3.9   DPTR FM NORMAL:   -0.37    2 = FOG REDUCING VISIBILITY
HIGHEST:   101 ON 19    GRTST 24HR  1.21 ON 25-26      TO 1/4 MILE OR LESS
LOWEST:     56 ON 28                               3 = THUNDER
                        SNOW, ICE PELLETS, HAIL    4 = ICE PELLETS
                        TOTAL MONTH:   0.0 INCH    5 = HAIL
                        GRTST 24HR     0.0         6 = FREEZING RAIN OR DRIZZLE
                        GRTST DEPTH:   0           7 = DUSTSTORM OR SANDSTORM:
                                                       VSBY 1/2 MILE OR LESS
                                                   8 = SMOKE OR HAZE
[NO. OF DAYS WITH]      [WEATHER - DAYS WITH]      9 = BLOWING SNOW
                                                   X = TORNADO
MAX 32 OR BELOW:   0    0.01 INCH OR MORE:   4
MAX 90 OR ABOVE:  22    0.10 INCH OR MORE:   4
MIN 32 OR BELOW:   0    0.50 INCH OR MORE:   2
MIN  0 OR BELOW:   0    1.00 INCH OR MORE:   1

[HDD (BASE 65) ]
TOTAL THIS MO.     0    CLEAR  (SCALE 0-3)  21
DPTR FM NORMAL    -1    PTCLDY (SCALE 4-7)   6
TOTAL FM JUL 1     0    CLOUDY (SCALE 8-10)  1
DPTR FM NORMAL    -1

[CDD (BASE 65) ]
TOTAL THIS MO.   464
DPTR FM NORMAL   111    [PRESSURE DATA]
TOTAL FM JAN 1  2611    HIGHEST SLP M ON M
DPTR FM NORMAL   223    LOWEST  SLP 29.82 ON  9

[REMARKS]
