000
CXUS56 KMFR 161000
CF6RBG
PRELIMINARY LOCAL CLIMATOLOGICAL DATA (WS FORM: F-6)

                                          STATION:   ROSEBURG OR
                                          MONTH:     DECEMBER
                                          YEAR:      2017
                                          LATITUDE:   43 13 N
                                          LONGITUDE: 123 22 W

  TEMPERATURE IN F:       :PCPN:    SNOW:  WIND      :SUNSHINE: SKY     :PK WND
================================================================================
1   2   3   4   5  6A  6B    7    8   9   10  11  12  13   14  15   16   17  18
                                     12Z  AVG MX 2MIN
DY MAX MIN AVG DEP HDD CDD  WTR  SNW DPTH SPD SPD DIR MIN PSBL S-S WX    SPD DR
================================================================================

 1  50  36  43   0  22   0    T    M    M  1.6  8 160   M    M   5 12     12 140
 2  46  35  41  -2  24   0 0.18    M    M  1.2  8 150   M    M   9 12      9 150
 3  49  36  43   0  22   0 0.12    M    M  2.0 12 330   M    M   7 12     14 320
 4  43  35  39  -4  26   0 0.00    M    M  2.2  9  10   M    M   9 12     10  20
 5  45  37  41  -2  24   0 0.00    M    M  2.7 13 360   M    M   9        14 360
 6  41  34  38  -5  27   0 0.00    M    M  1.1  6 360   M    M   9 12      7 350
 7  37  30  34  -8  31   0    T    M    M  1.9  7 240   M    M  10 12      8 240
 8  38  30  34  -8  31   0    T    M    M  1.0  7 230   M    M   9 12      8 230
 9  37  31  34  -8  31   0    T    M    M  0.4  6 220   M    M  10 12      7 220
10  35  31  33  -9  32   0 0.01    M    M  0.8  6 230   M    M  10 12      7 230
11  39  30  35  -7  30   0    T    M    M  1.3  8 240   M    M  10 12     11 230
12  37  30  34  -8  31   0    T    M    M  1.2  6 230   M    M  10 12      7 240
13  38  31  35  -7  30   0 0.00    M    M  1.6  8  10   M    M  10 12      9  10
14  36  32  34  -8  31   0 0.00    M    M  0.7  6  90   M    M  10 12      8 150
15  40  33  37  -5  28   0 0.02    M    M  0.6  9  10   M    M  10 12     10  10
================================================================================
SM  611  491       420   0  0.33    M     20.3          M      137
================================================================================
AV 40.7 32.7                               1.4 FASTST   M    M   9    MAX(MPH)
                                 MISC ---->  # 13 360               # 14  320
================================================================================
NOTES:
# LAST OF SEVERAL OCCURRENCES

COLUMN 17 PEAK WIND IN M.P.H.

PRELIMINARY LOCAL CLIMATOLOGICAL DATA (WS FORM: F-6) , PAGE 2

                                          STATION:  ROSEBURG OR
                                          MONTH:    DECEMBER
                                          YEAR:     2017
                                          LATITUDE:   43 13 N
                                          LONGITUDE: 123 22 W

[TEMPERATURE DATA]      [PRECIPITATION DATA]       SYMBOLS USED IN COLUMN 16

AVERAGE MONTHLY: 36.7   TOTAL FOR MONTH:   0.33    1 = FOG OR MIST
DPTR FM NORMAL:  -5.7   DPTR FM NORMAL:   -2.55    2 = FOG REDUCING VISIBILITY
HIGHEST:    50 ON  1    GRTST 24HR  0.18 ON  2- 2      TO 1/4 MILE OR LESS
LOWEST:     30 ON 12,11                            3 = THUNDER
                        SNOW, ICE PELLETS, HAIL    4 = ICE PELLETS
                        TOTAL MONTH:    M          5 = HAIL
                        GRTST 24HR    M  ON   M    6 = FREEZING RAIN OR DRIZZLE
                        GRTST DEPTH:  M  ON   M    7 = DUSTSTORM OR SANDSTORM:
                                                       VSBY 1/2 MILE OR LESS
                                                   8 = SMOKE OR HAZE
[NO. OF DAYS WITH]      [WEATHER - DAYS WITH]      9 = BLOWING SNOW
                                                   X = TORNADO
MAX 32 OR BELOW:   0    0.01 INCH OR MORE:   4
MAX 90 OR ABOVE:   0    0.10 INCH OR MORE:   2
MIN 32 OR BELOW:   8    0.50 INCH OR MORE:   0
MIN  0 OR BELOW:   0    1.00 INCH OR MORE:   0

[HDD (BASE 65) ]
TOTAL THIS MO.   420    CLEAR  (SCALE 0-3)   0
DPTR FM NORMAL    81    PTCLDY (SCALE 4-7)   2
TOTAL FM JUL 1  1279    CLOUDY (SCALE 8-10) 13
DPTR FM NORMAL    11

[CDD (BASE 65) ]
TOTAL THIS MO.     0
DPTR FM NORMAL     0    [PRESSURE DATA]
TOTAL FM JAN 1   863    HIGHEST SLP M ON M
DPTR FM NORMAL   383    LOWEST  SLP  0.00 ON  2

[REMARKS]
