000
CXUS56 KMFR 201000
CF6RBG
PRELIMINARY LOCAL CLIMATOLOGICAL DATA (WS FORM: F-6)

                                          STATION:   ROSEBURG OR
                                          MONTH:     APRIL
                                          YEAR:      2014
                                          LATITUDE:   43 13 N
                                          LONGITUDE: 123 22 W

  TEMPERATURE IN F:       :PCPN:    SNOW:  WIND      :SUNSHINE: SKY     :PK WND
================================================================================
1   2   3   4   5  6A  6B    7    8   9   10  11  12  13   14  15   16   17  18
                                     12Z  AVG MX 2MIN
DY MAX MIN AVG DEP HDD CDD  WTR  SNW DPTH SPD SPD DIR MIN PSBL S-S WX    SPD DR
================================================================================

 1  59  35  47  -3  18   0 0.00    M    M  2.8 14 350   M    M   5 12     19 340
 2  64  37  51   1  14   0 0.00    M    M  1.7 10 320   M    M   4 12     15 310
 3  62  42  52   2  13   0 0.01    M    M  3.0 12 230   M    M   5        19 220
 4  61  47  54   4  11   0 0.06    M    M  3.2 15 300   M    M   9        19 300
 5  58  48  53   3  12   0 0.06    M    M  1.6  9 150   M    M   9        12 140
 6  71  50  61  11   4   0    T    M    M  2.6  8 360   M    M   6 18     11 260
 7  81  48  65  14   0   0 0.00    M    M  3.3 13 300   M    M   3 1      17 300
 8  77  46  62  11   3   0 0.00    M    M  2.8 14 350   M    M   1        17 350
 9  67  45  56   5   9   0    T    M    M  5.6 16 360   M    M   7 8      22 360
10  71  37  54   3  11   0 0.00    M    M  4.6 18  10   M    M   0        23  10
11  73  40  57   6   8   0 0.00    M    M  5.8 20 360   M    M   0        26  20
12  68  44  56   5   9   0 0.00    M    M  5.1 17  10   M    M   3        22  10
13  77  36  57   5   8   0 0.00    M    M  3.4 13 360   M    M   0        17  10
14  75  42  59   7   6   0 0.00    M    M  4.0 16  10   M    M   1        21 310
15  66  46  56   4   9   0 0.00    M    M  4.6 14  10   M    M   5        21 360
16  68  43  56   4   9   0 0.00    M    M  3.4 13  10   M    M   3        16  20
17  59  50  55   3  10   0 0.16    M    M  2.4  9 230   M    M   8        13 230
18  66  42  54   2  11   0 0.00    M    M  3.4 10 340   M    M   4        14 350
19  62  42  52  -1  13   0 0.01    M    M  3.8 16 230   M    M   4 12     24 230
================================================================================
SM 1285  820       178   0  0.30    M     67.1          M       77
================================================================================
AV 67.6 43.2                               3.5 FASTST   M    M   4    MAX(MPH)
                                 MISC ---->  # 20 360               # 26   20
================================================================================
NOTES:
# LAST OF SEVERAL OCCURRENCES

COLUMN 17 PEAK WIND IN M.P.H.

PRELIMINARY LOCAL CLIMATOLOGICAL DATA (WS FORM: F-6) , PAGE 2

                                          STATION:  ROSEBURG OR
                                          MONTH:    APRIL
                                          YEAR:     2014
                                          LATITUDE:   43 13 N
                                          LONGITUDE: 123 22 W

[TEMPERATURE DATA]      [PRECIPITATION DATA]       SYMBOLS USED IN COLUMN 16

AVERAGE MONTHLY: 55.4   TOTAL FOR MONTH:   0.30    1 = FOG OR MIST
DPTR FM NORMAL:   4.3   DPTR FM NORMAL:   -1.60    2 = FOG REDUCING VISIBILITY
HIGHEST:    81 ON  7    GRTST 24HR  0.16 ON 17-17      TO 1/4 MILE OR LESS
LOWEST:     35 ON  1                               3 = THUNDER
                        SNOW, ICE PELLETS, HAIL    4 = ICE PELLETS
                        TOTAL MONTH:    M          5 = HAIL
                        GRTST 24HR    M  ON   M    6 = FREEZING RAIN OR DRIZZLE
                        GRTST DEPTH:  M  ON   M    7 = DUSTSTORM OR SANDSTORM:
                                                       VSBY 1/2 MILE OR LESS
                                                   8 = SMOKE OR HAZE
[NO. OF DAYS WITH]      [WEATHER - DAYS WITH]      9 = BLOWING SNOW
                                                   X = TORNADO
MAX 32 OR BELOW:   0    0.01 INCH OR MORE:   5
MAX 90 OR ABOVE:   0    0.10 INCH OR MORE:   1
MIN 32 OR BELOW:   0    0.50 INCH OR MORE:   0
MIN  0 OR BELOW:   0    1.00 INCH OR MORE:   0

[HDD (BASE 65) ]
TOTAL THIS MO.   178    CLEAR  (SCALE 0-3)   8
DPTR FM NORMAL   -85    PTCLDY (SCALE 4-7)   9
TOTAL FM JUL 1  3502    CLOUDY (SCALE 8-10)  2
DPTR FM NORMAL  -140

[CDD (BASE 65) ]
TOTAL THIS MO.     0
DPTR FM NORMAL     0    [PRESSURE DATA]
TOTAL FM JAN 1     0    HIGHEST SLP  0.00 ON M
DPTR FM NORMAL     0    LOWEST  SLP  0.00 ON  1

[REMARKS]
