000
CXUS56 KMFR 261000
CF6RBG
PRELIMINARY LOCAL CLIMATOLOGICAL DATA (WS FORM: F-6)

                                          STATION:   ROSEBURG OR
                                          MONTH:     FEBRUARY
                                          YEAR:      2015
                                          LATITUDE:   43 13 N
                                          LONGITUDE: 123 22 W

  TEMPERATURE IN F:       :PCPN:    SNOW:  WIND      :SUNSHINE: SKY     :PK WND
================================================================================
1   2   3   4   5  6A  6B    7    8   9   10  11  12  13   14  15   16   17  18
                                     12Z  AVG MX 2MIN
DY MAX MIN AVG DEP HDD CDD  WTR  SNW DPTH SPD SPD DIR MIN PSBL S-S WX    SPD DR
================================================================================

 1  54  42  48   4  17   0 0.13    M    M  0.9 12 250   M    M   8 12     16 260
 2  62  47  55  11  10   0 0.34    M    M  1.3 10 360   M    M  10 12     12 360
 3  56  50  53   9  12   0 0.88    M    M  2.2 15 350   M    M  10 1      19 350
 4  54  50  52   8  13   0 0.00    M    M  1.3  6 150   M    M  10 1       8 260
 5  63  50  57  13   8   0 0.07    M    M  7.4 18 160   M    M   9        29 150
 6  60  51  56  12   9   0 1.89    M    M  3.5 20 160   M    M   9 1      30 180
 7  61  51  56  11   9   0 0.60    M    M  5.8 21 170   M    M   8 1      30 170
 8  56  48  52   7  13   0 0.21    M    M  0.9 14 140   M    M   9 123    17 150
 9  55  48  52   7  13   0 0.19    M    M  5.4 15 190   M    M  10 12     22 180
10  54  37  46   1  19   0 0.00    M    M  0.4  7 240   M    M   3 12      9 210
11  59  41  50   5  15   0 0.00    M    M  0.8  6 260   M    M   4 12      7 260
12  60  42  51   6  14   0 0.00    M    M  0.8  6 230   M    M   4 12      7 240
13  63  44  54   9  11   0 0.00    M    M  0.2  6  10   M    M   5 12      6 360
14  60  41  51   6  14   0 0.00    M    M  2.3 10 350   M    M   6 12     14 340
15  59  41  50   5  15   0 0.00    M    M  1.7  6 270   M    M   5         8 300
16  58  40  49   4  16   0 0.00    M    M  2.3  7 360   M    M   5 12      8  10
17  65  40  53   7  12   0 0.00    M    M  0.7  6 230   M    M   4 12      8 250
18  58  43  51   5  14   0 0.00    M    M  1.9 12  20   M    M   9 1      13  30
19  60  41  51   5  14   0 0.00    M    M  1.8  8  10   M    M   5 1      11 360
20  56  38  47   1  18   0 0.00    M    M  1.6  8  10   M    M   6 12     11  10
21  57  38  48   2  17   0 0.00    M    M  3.7 16 360   M    M   6 12     21  20
22  61  29  45  -1  20   0 0.00    M    M  3.3 16 350   M    M   0        20 350
23  61  27  44  -2  21   0 0.00    M    M  2.1  9 320   M    M   0        12  20
24  66  28  47   1  18   0 0.00    M    M  1.5 10 320   M    M   0        14 310
25  56  32  44  -2  21   0 0.00    M    M  2.2 12 320   M    M   3        16 330
================================================================================
SM 1474 1039       363   0  4.31    M     56.0          M      148
================================================================================
AV 59.0 41.6                               2.2 FASTST   M    M   6    MAX(MPH)
                                 MISC ---->  # 21 170               # 30  180
================================================================================
NOTES:
# LAST OF SEVERAL OCCURRENCES

COLUMN 17 PEAK WIND IN M.P.H.

PRELIMINARY LOCAL CLIMATOLOGICAL DATA (WS FORM: F-6) , PAGE 2

                                          STATION:  ROSEBURG OR
                                          MONTH:    FEBRUARY
                                          YEAR:     2015
                                          LATITUDE:   43 13 N
                                          LONGITUDE: 123 22 W

[TEMPERATURE DATA]      [PRECIPITATION DATA]       SYMBOLS USED IN COLUMN 16

AVERAGE MONTHLY: 50.3   TOTAL FOR MONTH:   4.31    1 = FOG OR MIST
DPTR FM NORMAL:   5.1   DPTR FM NORMAL:    0.75    2 = FOG REDUCING VISIBILITY
HIGHEST:    66 ON 24    GRTST 24HR  2.11 ON  6- 7      TO 1/4 MILE OR LESS
LOWEST:     27 ON 23                               3 = THUNDER
                        SNOW, ICE PELLETS, HAIL    4 = ICE PELLETS
                        TOTAL MONTH:    M          5 = HAIL
                        GRTST 24HR    M  ON   M    6 = FREEZING RAIN OR DRIZZLE
                        GRTST DEPTH:  M  ON   M    7 = DUSTSTORM OR SANDSTORM:
                                                       VSBY 1/2 MILE OR LESS
                                                   8 = SMOKE OR HAZE
[NO. OF DAYS WITH]      [WEATHER - DAYS WITH]      9 = BLOWING SNOW
                                                   X = TORNADO
MAX 32 OR BELOW:   0    0.01 INCH OR MORE:   8
MAX 90 OR ABOVE:   0    0.10 INCH OR MORE:   7
MIN 32 OR BELOW:   4    0.50 INCH OR MORE:   3
MIN  0 OR BELOW:   0    1.00 INCH OR MORE:   1

[HDD (BASE 65) ]
TOTAL THIS MO.   363    CLEAR  (SCALE 0-3)   5
DPTR FM NORMAL  -134    PTCLDY (SCALE 4-7)  10
TOTAL FM JUL 1  2009    CLOUDY (SCALE 8-10) 10
DPTR FM NORMAL  -807

[CDD (BASE 65) ]
TOTAL THIS MO.     0
DPTR FM NORMAL     0    [PRESSURE DATA]
TOTAL FM JAN 1     0    HIGHEST SLP M ON M
DPTR FM NORMAL     0    LOWEST  SLP  0.00 ON M

[REMARKS]
