000
CXUS56 KSTO 281425
CF6RDD
PRELIMINARY LOCAL CLIMATOLOGICAL DATA (WS FORM: F-6)

                                          STATION:   REDDING AIRPORT CA
                                          MONTH:     JUNE
                                          YEAR:      2017
                                          LATITUDE:   40 30 N
                                          LONGITUDE: 122 18 W

  TEMPERATURE IN F:       :PCPN:    SNOW:  WIND      :SUNSHINE: SKY     :PK WND
================================================================================
1   2   3   4   5  6A  6B    7    8   9   10  11  12  13   14  15   16   17  18
                                     12Z  AVG MX 2MIN
DY MAX MIN AVG DEP HDD CDD  WTR  SNW DPTH SPD SPD DIR MIN PSBL S-S WX    SPD DR
================================================================================

 1  86  64  75   3   0  10 0.00  0.0    0  3.7 10 120   M    M   3        15 170
 2  93  60  77   5   0  12 0.00  0.0    0  4.0 12 180   M    M   0        19 140
 3  93  64  79   7   0  14 0.00  0.0    0  5.3 15 160   M    M   0        26 190
 4  91  62  77   4   0  12 0.00  0.0    0  4.8 14 140   M    M   0        17 180
 5  96  65  81   8   0  16 0.00  0.0    0  7.3 18 360   M    M   0        23 350
 6  95  61  78   5   0  13 0.00  0.0    0  3.7 15 150   M    M   0        19 170
 7  88  60  74   0   0   9 0.00  0.0    0  8.7 30 190   M    M   0        40 190
 8  72  56  64 -10   1   0 0.31  0.0    0  8.2 29 170   M    M  10 18     35 170
 9  77  57  67  -7   0   2 0.26  0.0    0  5.9 26 140   M    M   8 3      32 170
10  73  50  62 -12   3   0 0.00  0.0    0  7.2 23 210   M    M   5        32 220
11  72  53  63 -12   2   0 0.02  0.0    0  9.1 22  10   M    M   7        27 360
12  74  49  62 -13   3   0 0.00  0.0    0  6.1 20 160   M    M   4        23 160
13  85  57  71  -4   0   6 0.00  0.0    0  4.4 10 340   M    M   1        13 160
14  93  56  75  -1   0  10 0.00  0.0    0  3.8 12 360   M    M   0        15  20
15  94  60  77   1   0  12 0.00  0.0    0  3.9 14 360   M    M   0        18 360
16  99  66  83   7   0  18 0.00  0.0    0  4.9 12 280   M    M   0        16 280
17 103  72  88  12   0  23 0.00  0.0    0 10.5 21  20   M    M   0        26  30
18 110  83  97  20   0  32 0.00  0.0    0 11.5 26  10   M    M   0        34  20
19 113  76  95  18   0  30 0.00  0.0    0  3.5  9 360   M    M   0        11 350
20 111  79  95  18   0  30 0.00  0.0    0  5.9 12 210   M    M   0        16 360
21 110  85  98  21   0  33 0.00  0.0    0 13.7 28  10   M    M   0        36  20
22 109  85  97  19   0  32 0.00  0.0    0 15.7 32  10   M    M   0        39  20
23 110  80  95  17   0  30 0.00  0.0    0  8.4 16 360   M    M   0        22 360
24 113  73  93  15   0  28 0.00  0.0    0  5.9 17 180   M    M   0        21  10
25 103  79  91  12   0  26 0.00  0.0    0  7.1 17 170   M    M   0        23 170
26  93  68  81   2   0  16 0.00  0.0    0  6.4 16 180   M    M   0        22 150
27  96  62  79   0   0  14 0.00  0.0    0  5.4 17 170   M    M   0        24 150
================================================================================
SM 2552 1782         9 428  0.59     0.0 185.0          M       38
================================================================================
AV 94.5 66.0                               6.9 FASTST   M    M   1    MAX(MPH)
                                 MISC ---->  # 32  10               # 40  190
================================================================================
NOTES:
# LAST OF SEVERAL OCCURRENCES

COLUMN 17 PEAK WIND IN M.P.H.

PRELIMINARY LOCAL CLIMATOLOGICAL DATA (WS FORM: F-6) , PAGE 2

                                          STATION:  REDDING AIRPORT CA
                                          MONTH:    JUNE
                                          YEAR:     2017
                                          LATITUDE:   40 30 N
                                          LONGITUDE: 122 18 W

[TEMPERATURE DATA]      [PRECIPITATION DATA]       SYMBOLS USED IN COLUMN 16

AVERAGE MONTHLY: 80.3   TOTAL FOR MONTH:   0.59    1 = FOG OR MIST
DPTR FM NORMAL:   4.7   DPTR FM NORMAL:   -0.08    2 = FOG REDUCING VISIBILITY
HIGHEST:   113 ON 24,19 GRTST 24HR  0.31 ON  8- 8      TO 1/4 MILE OR LESS
LOWEST:     49 ON 12                               3 = THUNDER
                        SNOW, ICE PELLETS, HAIL    4 = ICE PELLETS
                        TOTAL MONTH:   0.0 INCH    5 = HAIL
                        GRTST 24HR     0.0         6 = FREEZING RAIN OR DRIZZLE
                        GRTST DEPTH:   0           7 = DUSTSTORM OR SANDSTORM:
                                                       VSBY 1/2 MILE OR LESS
                                                   8 = SMOKE OR HAZE
[NO. OF DAYS WITH]      [WEATHER - DAYS WITH]      9 = BLOWING SNOW
                                                   X = TORNADO
MAX 32 OR BELOW:   0    0.01 INCH OR MORE:   3
MAX 90 OR ABOVE:  19    0.10 INCH OR MORE:   2
MIN 32 OR BELOW:   0    0.50 INCH OR MORE:   0
MIN  0 OR BELOW:   0    1.00 INCH OR MORE:   0

[HDD (BASE 65) ]
TOTAL THIS MO.     9    CLEAR  (SCALE 0-3)  22
DPTR FM NORMAL     3    PTCLDY (SCALE 4-7)   4
TOTAL FM JUL 1  2604    CLOUDY (SCALE 8-10)  1
DPTR FM NORMAL  -211

[CDD (BASE 65) ]
TOTAL THIS MO.   428
DPTR FM NORMAL   137    [PRESSURE DATA]
TOTAL FM JAN 1   662    HIGHEST SLP M ON M
DPTR FM NORMAL   203    LOWEST  SLP 29.61 ON 21

[REMARKS]
