000
CXUS56 KSTO 271300
CF6RDD
PRELIMINARY LOCAL CLIMATOLOGICAL DATA (WS FORM: F-6)
STATION: REDDING CA AIRPORT AND CITY
MONTH: MARCH
YEAR: 2024
LATITUDE: 40 30 N
LONGITUDE: 122 18 W
TEMPERATURE IN F: :PCPN: SNOW: WIND :SUNSHINE: SKY :PK WND
================================================================================
1 2 3 4 5 6A 6B 7 8 9 10 11 12 13 14 15 16 17 18
12Z AVG MX 2MIN
DY MAX MIN AVG DEP HDD CDD WTR SNW DPTH SPD SPD DIR MIN PSBL S-S WX SPD DR
================================================================================
1 55 44 50 -3 15 0 0.46 M M 16.5 35 170 M M 9 38 41 170
2 48 37 43 -10 22 0 0.26 M M 9.9 25 170 M M 7 29 180
3 53 35 44 -9 21 0 0.01 M M 3.2 10 260 M M 6 1 22 260
4 51 34 43 -10 22 0 0.41 M M 3.7 20 180 M M 8 1 24 180
5 53 47 50 -3 15 0 0.54 M M 6.6 21 170 M M 10 18 24 180
6 61 48 55 2 10 0 0.26 M M 1.9 6 330 M M 9 1 8 320
7 65 46 56 3 9 0 0.00 0.0 M 10.7 22 10 M M 0 28 80
8 70 45 58 4 7 0 0.00 0.0 M 5.5 15 360 M M 0 20 360
9 62 42 52 -2 13 0 T M M 8.5 22 180 M M 5 25 170
10 58 49 54 0 11 0 0.39 0.0 M 8.3 21 190 M M 8 1 27 190
11 56 47 52 -2 13 0 0.48 0.0 M 4.6 14 190 M M 10 1 M M
12 59 46 53 -1 12 0 0.29 M M 6.7 16 180 M M 8 1 21 200
13 66 44 55 1 10 0 0.00 0.0 M 9.2 18 20 M M 0 31 20
14 71 53 62 8 3 0 0.00 0.0 M 18.8 30 360 M M 0 40 360
15 77 56 67 13 0 2 0.00 0.0 M 15.8 27 20 M M 0 40 10
16 79 43 61 7 4 0 0.00 0.0 M 2.6 9 20 M M 0 M M
17 85 42 64 9 1 0 0.00 0.0 M 3.2 9 20 M M 0 M M
18 80 46 63 8 2 0 0.00 0.0 M 1.7 5 130 M M 0 M M
19 77 47 62 7 3 0 0.00 0.0 M 2.3 10 170 M M 0 12 170
20 72 52 62 7 3 0 0.00 0.0 M 4.7 15 150 M M 4 22 100
21 70 48 59 4 6 0 0.00 0.0 M 3.5 14 190 M M 2 29 330
22 68 52 60 5 5 0 0.16 0.0 M 13.8 39 170 M M 7 49 170
23 59 47 53 -2 12 0 0.33 M M 13.6 36 170 M M 9 138 43 170
24 66 47 57 2 8 0 T M M 2.2 8 290 M M 5 12 290
25 67 43 55 -1 10 0 0.00 0.0 M 5.1 12 190 M M 1 M M
26 67 42 55 -1 10 0 0.00 0.0 M 3.1 13 180 M M 1 M M
================================================================================
SM 1695 1182 247 2 3.59 0.0 185.7 M 109
================================================================================
AV 65.2 45.5 7.1 FASTST M M 4 MAX(MPH)
MISC ----> 39 170 49 170
================================================================================
NOTES:
# LAST OF SEVERAL OCCURRENCES
COLUMN 17 PEAK WIND IN M.P.H.
PRELIMINARY LOCAL CLIMATOLOGICAL DATA (WS FORM: F-6) , PAGE 2
STATION: REDDING CA AIRPORT AND CITY
MONTH: MARCH
YEAR: 2024
LATITUDE: 40 30 N
LONGITUDE: 122 18 W
[TEMPERATURE DATA] [PRECIPITATION DATA] SYMBOLS USED IN COLUMN 16
AVERAGE MONTHLY: 55.3 TOTAL FOR MONTH: 3.59 1 = FOG OR MIST
DPTR FM NORMAL: 1.1 DPTR FM NORMAL: -0.41 2 = FOG REDUCING VISIBILITY
HIGHEST: 85 ON 17 GRTST 24HR 0.74 ON 5- 6 TO 1/4 MILE OR LESS
LOWEST: 34 ON 4 3 = THUNDER
SNOW, ICE PELLETS, HAIL 4 = ICE PELLETS
TOTAL MONTH: 0.0 INCH 5 = HAIL
GRTST 24HR 0.0 6 = FREEZING RAIN OR DRIZZLE
GRTST DEPTH: M ON M 7 = DUSTSTORM OR SANDSTORM:
VSBY 1/2 MILE OR LESS
8 = SMOKE OR HAZE
[NO. OF DAYS WITH] [WEATHER - DAYS WITH] 9 = BLOWING SNOW
X = TORNADO
MAX 32 OR BELOW: 0 0.01 INCH OR MORE: 11
MAX 90 OR ABOVE: 0 0.10 INCH OR MORE: 10
MIN 32 OR BELOW: 0 0.50 INCH OR MORE: 1
MIN 0 OR BELOW: 0 1.00 INCH OR MORE: 0
[HDD (BASE 65) ]
TOTAL THIS MO. 247 CLEAR (SCALE 0-3) 12
DPTR FM NORMAL -38 PTCLDY (SCALE 4-7) 8
TOTAL FM JUL 1 1859 CLOUDY (SCALE 8-10) 6
DPTR FM NORMAL -407
[CDD (BASE 65) ]
TOTAL THIS MO. 2
DPTR FM NORMAL 2 [PRESSURE DATA]
TOTAL FM JAN 1 3 HIGHEST SLP M ON M
DPTR FM NORMAL 3 LOWEST SLP 29.47 ON 1
[REMARKS]