000
CXUS51 KPHI 300800
CF6RDG
PRELIMINARY LOCAL CLIMATOLOGICAL DATA (WS FORM: F-6)

                                          STATION:   READING PA
                                          MONTH:     AUGUST
                                          YEAR:      2016
                                          LATITUDE:   40 22 N
                                          LONGITUDE:  75 58 W

  TEMPERATURE IN F:       :PCPN:    SNOW:  WIND      :SUNSHINE: SKY     :PK WND
================================================================================
1   2   3   4   5  6A  6B    7    8   9   10  11  12  13   14  15   16   17  18
                                     12Z  AVG MX 2MIN
DY MAX MIN AVG DEP HDD CDD  WTR  SNW DPTH SPD SPD DIR MIN PSBL S-S WX    SPD DR
================================================================================

 1  83  72  78   4   0  13 0.01    M    M  5.2 12 250   M    M   9 13     16 120
 2  85  68  77   3   0  12 1.33    M    M  3.1 23  10   M    M   8 1      30 360
 3  82  63  73  -1   0   8 0.00    M    M  3.4  9 160   M    M   3 1      15 150
 4  85  64  75   1   0  10 0.00    M    M  2.9  9 210   M    M   3        13 210
 5  82  64  73  -1   0   8 0.00    M    M  4.9 15 190   M    M   5        20 190
 6  91  70  81   7   0  16 0.35    M    M  4.4 26 360   M    M   7 1      37 360
 7  87  63  75   1   0  10 0.00    M    M  2.5  8  10   M    M   1 1       M  M
 8  83  64  74   0   0   9 0.00    M    M  2.6  8  30   M    M   0        12 350
 9  87  62  75   1   0  10 0.00    M    M  5.8 16 210   M    M   4 18     22 210
10  91  76  84  10   0  19    T    M    M  7.1 14 200   M    M   7        19 210
11  91  76  84  10   0  19 0.13    M    M  4.9 13 220   M    M   4 138    17 260
12  95  76  86  12   0  21 0.53    M    M  3.6 20 270   M    M   2 13     25 270
13  96  75  86  12   0  21 0.25    M    M  3.2 31 350   M    M   2 138    52 360
14  93  74  84  11   0  19 0.16    M    M  5.9 18 340   M    M   2 13     23 350
15  91  71  81   8   0  16 0.00    M    M  3.2  9 310   M    M   1 1      13 320
16  91  73  82   9   0  17 0.16    M    M  6.0 35 230   M    M   5 138    48 230
17  86  71  79   6   0  14 0.22    M    M  6.1 16 310   M    M   4 1      22 320
18  87  70  79   6   0  14 0.02    M    M  3.6 15 250   M    M   7 1      20 250
19  88  68  78   5   0  13 0.00    M    M  2.7 10 340   M    M   1        13 360
20  90  65  78   5   0  13 0.00    M    M  4.3 13 160   M    M   2        17 150
21  85  68  77   4   0  12 1.45    M    M  8.4 18 170   M    M   6 18     25 190
22  80  59  70  -2   0   5 0.00    M    M  7.4 20 320   M    M   1 1      26 320
23  81  55  68  -4   0   3 0.00    M    M  2.0 13 260   M    M   1        16 260
24  85  60  73   1   0   8 0.00    M    M  4.5 14 230   M    M   1        20 240
25  86  66  76   4   0  11    T    M    M  5.0 14 200   M    M   3        16 210
26  90  70  80   8   0  15    T    M    M  5.9 17 300   M    M   2 1      21 330
27  88  66  77   5   0  12 0.00    M    M  3.1  9 350   M    M   0 1      12 350
28  89  63  76   5   0  11 0.00    M    M  3.9 12 220   M    M   0        15 220
29  89  68  79   8   0  14 0.00    M    M  5.1 14 320   M    M   0        17  30
================================================================================
SM 2537 1960         0 373  4.61    M    130.7          M       91
================================================================================
AV 87.5 67.6                               4.5 FASTST   M    M   3    MAX(MPH)
                                 MISC ---->  # 35 230               # 52  360
================================================================================
NOTES:
# LAST OF SEVERAL OCCURRENCES

COLUMN 17 PEAK WIND IN M.P.H.

PRELIMINARY LOCAL CLIMATOLOGICAL DATA (WS FORM: F-6) , PAGE 2

                                          STATION:  READING PA
                                          MONTH:    AUGUST
                                          YEAR:     2016
                                          LATITUDE:   40 22 N
                                          LONGITUDE:  75 58 W

[TEMPERATURE DATA]      [PRECIPITATION DATA]       SYMBOLS USED IN COLUMN 16

AVERAGE MONTHLY: 77.5   TOTAL FOR MONTH:   4.61    1 = FOG OR MIST
DPTR FM NORMAL:   4.4   DPTR FM NORMAL:    1.19    2 = FOG REDUCING VISIBILITY
HIGHEST:    96 ON 13    GRTST 24HR  1.45 ON 21-21      TO 1/4 MILE OR LESS
LOWEST:     55 ON 23                               3 = THUNDER
                        SNOW, ICE PELLETS, HAIL    4 = ICE PELLETS
                        TOTAL MONTH:    M          5 = HAIL
                        GRTST 24HR    M  ON   M    6 = FREEZING RAIN OR DRIZZLE
                        GRTST DEPTH:  M  ON   M    7 = DUSTSTORM OR SANDSTORM:
                                                       VSBY 1/2 MILE OR LESS
                                                   8 = SMOKE OR HAZE
[NO. OF DAYS WITH]      [WEATHER - DAYS WITH]      9 = BLOWING SNOW
                                                   X = TORNADO
MAX 32 OR BELOW:   0    0.01 INCH OR MORE:  11
MAX 90 OR ABOVE:  10    0.10 INCH OR MORE:   9
MIN 32 OR BELOW:   0    0.50 INCH OR MORE:   3
MIN  0 OR BELOW:   0    1.00 INCH OR MORE:   2

[HDD (BASE 65) ]
TOTAL THIS MO.     0    CLEAR  (SCALE 0-3)  17
DPTR FM NORMAL     0    PTCLDY (SCALE 4-7)  11
TOTAL FM JUL 1     0    CLOUDY (SCALE 8-10)  1
DPTR FM NORMAL    -1

[CDD (BASE 65) ]
TOTAL THIS MO.   373
DPTR FM NORMAL   135    [PRESSURE DATA]
TOTAL FM JAN 1  1122    HIGHEST SLP  0.00 ON  7
DPTR FM NORMAL   332    LOWEST  SLP  0.00 ON M

[REMARKS]
