000
CXUS51 KPHI 310800
CF6RDG
PRELIMINARY LOCAL CLIMATOLOGICAL DATA (WS FORM: F-6)

                                          STATION:   READING PA
                                          MONTH:     JANUARY
                                          YEAR:      2015
                                          LATITUDE:   40 22 N
                                          LONGITUDE:  75 58 W

  TEMPERATURE IN F:       :PCPN:    SNOW:  WIND      :SUNSHINE: SKY     :PK WND
================================================================================
1   2   3   4   5  6A  6B    7    8   9   10  11  12  13   14  15   16   17  18
                                     12Z  AVG MX 2MIN
DY MAX MIN AVG DEP HDD CDD  WTR  SNW DPTH SPD SPD DIR MIN PSBL S-S WX    SPD DR
================================================================================

 1  40  14  27  -4  38   0 0.00    M    M  7.3 22 230   M    M   0        30 230
 2  42  23  33   3  32   0 0.00    M    M  3.8 17 290   M    M   2        23 290
 3  36  21  29  -1  36   0 0.58    M    M  3.0 10 130   M    M   7 16     18 100
 4  49  35  42  12  23   0 0.18    M    M  5.0 30 290   M    M  10 12     40 290
 5  44  17  31   1  34   0 0.00    M    M 18.6 31 290   M    M   4        41 280
 6  22  11  17 -13  48   0 0.08    M    M  2.5 12 290   M    M   7 18     16 290
 7  21   8  15 -15  50   0    T    M    M 13.7 31 320   M    M   5 1      40 320
 8  19   6  13 -17  52   0 0.00    M    M 10.3 22 310   M    M   0        28 250
 9  32  14  23  -7  42   0    T    M    M 11.4 26 270   M    M   5        34 260
10  19   9  14 -16  51   0 0.00    M    M  7.5 18 300   M    M   0        23 320
11  36   9  23  -7  42   0    T    M    M  3.6 17 200   M    M   3        22 220
12  37  32  35   5  30   0 0.51    M    M  3.3 17 340   M    M  10 1246   23 340
13  35  16  26  -4  39   0 0.00    M    M 10.6 22 350   M    M   2        26 350
14  27  15  21  -9  44   0 0.00    M    M  5.7 13  20   M    M   9        14  30
15  34  23  29  -1  36   0 0.00    M    M  4.9 14 250   M    M   6        19 290
16  39  19  29   0  36   0 0.00    M    M 11.1 28 290   M    M   3        36 300
17  32  13  23  -6  42   0 0.00    M    M  5.8 13 330   M    M   1        17 160
18  34  22  28  -1  37   0 0.05    M    M  3.0 13 280   M    M   6 16     16 280
19  41  29  35   6  30   0 0.00    M    M  9.4 21 300   M    M   9        27 300
20  42  26  34   5  31   0 0.05    M    M  3.5 15 280   M    M   4 12     19 280
21  30  21  26  -3  39   0    T    M    M  3.0  8  10   M    M   7 1       9  30
22  37  27  32   3  33   0 0.12    M    M  3.8 15 310   M    M  10 18     20 320
23  38  21  30   1  35   0 0.15    M    M  3.7 10 250   M    M   3 18     15 230
24  38  32  35   6  30   0 0.55    M    M  8.6 22 290   M    M   9 16     28 290
25  40  29  35   5  30   0    T    M    M  6.3 16 300   M    M   9 1      21 310
26  29  20  25  -5  40   0    T    M    M 10.4 17  50   M    M  10 18     23  70
27  30  17  24  -6  41   0    T    M    M 14.1 26 340   M    M   5 8      33 330
28  31  14  23  -7  42   0 0.00    M    M 12.1 23 320   M    M   0        32 320
29  32   7  20 -10  45   0    T    M    M  3.5 17 180   M    M   5 14     25 170
30  37  15  26  -4  39   0 0.04    M    M 14.9 33 320   M    M   7 189    41 310
================================================================================
SM 1023  565      1147   0  2.31    M    224.4          M      158
================================================================================
AV 34.1 18.8                               7.5 FASTST   M    M   5    MAX(MPH)
                                 MISC ---->  # 33 320               # 41  280
================================================================================
NOTES:
# LAST OF SEVERAL OCCURRENCES

COLUMN 17 PEAK WIND IN M.P.H.

PRELIMINARY LOCAL CLIMATOLOGICAL DATA (WS FORM: F-6) , PAGE 2

                                          STATION:  READING PA
                                          MONTH:    JANUARY
                                          YEAR:     2015
                                          LATITUDE:   40 22 N
                                          LONGITUDE:  75 58 W

[TEMPERATURE DATA]      [PRECIPITATION DATA]       SYMBOLS USED IN COLUMN 16

AVERAGE MONTHLY: 26.5   TOTAL FOR MONTH:   2.31    1 = FOG OR MIST
DPTR FM NORMAL:  -3.3   DPTR FM NORMAL:   -0.66    2 = FOG REDUCING VISIBILITY
HIGHEST:    49 ON  4    GRTST 24HR  0.68 ON  3- 4      TO 1/4 MILE OR LESS
LOWEST:      6 ON  8                               3 = THUNDER
                        SNOW, ICE PELLETS, HAIL    4 = ICE PELLETS
                        TOTAL MONTH:    M          5 = HAIL
                        GRTST 24HR    M  ON   M    6 = FREEZING RAIN OR DRIZZLE
                        GRTST DEPTH:  M  ON   M    7 = DUSTSTORM OR SANDSTORM:
                                                       VSBY 1/2 MILE OR LESS
                                                   8 = SMOKE OR HAZE
[NO. OF DAYS WITH]      [WEATHER - DAYS WITH]      9 = BLOWING SNOW
                                                   X = TORNADO
MAX 32 OR BELOW:  12    0.01 INCH OR MORE:  10
MAX 90 OR ABOVE:   0    0.10 INCH OR MORE:   6
MIN 32 OR BELOW:  29    0.50 INCH OR MORE:   3
MIN  0 OR BELOW:   0    1.00 INCH OR MORE:   0

[HDD (BASE 65) ]
TOTAL THIS MO.  1147    CLEAR  (SCALE 0-3)  10
DPTR FM NORMAL    86    PTCLDY (SCALE 4-7)  12
TOTAL FM JUL 1  3017    CLOUDY (SCALE 8-10)  8
DPTR FM NORMAL   -75

[CDD (BASE 65) ]
TOTAL THIS MO.     0
DPTR FM NORMAL     0    [PRESSURE DATA]
TOTAL FM JAN 1     0    HIGHEST SLP M ON M
DPTR FM NORMAL     0    LOWEST  SLP 29.26 ON 24

[REMARKS]
