000
CXUS56 KPDT 171832
CF6RDM
PRELIMINARY LOCAL CLIMATOLOGICAL DATA (WS FORM: F-6)

                                          STATION:   REDMOND OR
                                          MONTH:     FEBRUARY
                                          YEAR:      2018
                                          LATITUDE:   44 16 N
                                          LONGITUDE: 121  9 W

  TEMPERATURE IN F:       :PCPN:    SNOW:  WIND      :SUNSHINE: SKY     :PK WND
================================================================================
1   2   3   4   5  6A  6B    7    8   9   10  11  12  13   14  15   16   17  18
                                     12Z  AVG MX 2MIN
DY MAX MIN AVG DEP HDD CDD  WTR  SNW DPTH SPD SPD DIR MIN PSBL S-S WX    SPD DR
================================================================================

 1  54  31  43   9  22   0 0.00  0.0    0  4.2 18 230   M    M   9        27 200
 2  65  33  49  15  16   0 0.00  0.0    0  7.1 23 290   M    M   3        30 250
 3  60  36  48  14  17   0 0.00  0.0    0  5.4 16 300   M    M   2        21 300
 4  65  37  51  17  14   0 0.00  0.0    0  6.4 20 290   M    M   1        24 320
 5  56  36  46  12  19   0 0.00  0.0    0 10.0 22 290   M    M   0        27 280
 6  60  25  43   9  22   0 0.00  0.0    0  3.9 15 320   M    M   1        20 310
 7  69  30  50  16  15   0 0.00  0.0    0  4.8  9 160   M    M   0        13 120
 8  68  32  50  16  15   0 0.00  0.0    0  8.0 24 270   M    M   0        30 260
 9  53  30  42   7  23   0 0.00  0.0    0  5.4 15 330   M    M   1        22 310
10  45  22  34  -1  31   0 0.00  0.0    0  4.4 13  20   M    M   3        17  30
11  42  23  33  -2  32   0 0.01    T    T  7.2 17  20   M    M   8 18     23  30
12  33   7  20 -15  45   0 0.00  0.0    0 11.4 20 320   M    M   2        25 320
13  57   4  31  -4  34   0 0.00  0.0    0  6.6 15 140   M    M   0        20 150
14  47  24  36   1  29   0 0.00  0.0    0  8.1 25 290   M    M   5        31 290
15  46  15  31  -4  34   0 0.00  0.0    0  4.5 16 310   M    M   2        20 310
16  46  20  33  -2  32   0 0.00  0.0    0  7.2 25 280   M    M   4        31 280
================================================================================
SM  866  405       400   0  0.01    T    104.6          M       41
================================================================================
AV 54.1 25.3                               6.5 FASTST   M    M   3    MAX(MPH)
                                 MISC ---->  # 25 290               # 31  290
================================================================================
NOTES:
# LAST OF SEVERAL OCCURRENCES

COLUMN 17 PEAK WIND IN M.P.H.

PRELIMINARY LOCAL CLIMATOLOGICAL DATA (WS FORM: F-6) , PAGE 2

                                          STATION:  REDMOND OR
                                          MONTH:    FEBRUARY
                                          YEAR:     2018
                                          LATITUDE:   44 16 N
                                          LONGITUDE: 121  9 W

[TEMPERATURE DATA]      [PRECIPITATION DATA]       SYMBOLS USED IN COLUMN 16

AVERAGE MONTHLY: 39.7   TOTAL FOR MONTH:   0.01    1 = FOG OR MIST
DPTR FM NORMAL:   5.2   DPTR FM NORMAL:   -0.38    2 = FOG REDUCING VISIBILITY
HIGHEST:    69 ON  7    GRTST 24HR  0.01 ON 11-11      TO 1/4 MILE OR LESS
LOWEST:      4 ON 13                               3 = THUNDER
                        SNOW, ICE PELLETS, HAIL    4 = ICE PELLETS
                        TOTAL MONTH:    T          5 = HAIL
                        GRTST 24HR    T  ON 11-11  6 = FREEZING RAIN OR DRIZZLE
                        GRTST DEPTH:   T           7 = DUSTSTORM OR SANDSTORM:
                                                       VSBY 1/2 MILE OR LESS
                                                   8 = SMOKE OR HAZE
[NO. OF DAYS WITH]      [WEATHER - DAYS WITH]      9 = BLOWING SNOW
                                                   X = TORNADO
MAX 32 OR BELOW:   0    0.01 INCH OR MORE:   1
MAX 90 OR ABOVE:   0    0.10 INCH OR MORE:   0
MIN 32 OR BELOW:  12    0.50 INCH OR MORE:   0
MIN  0 OR BELOW:   0    1.00 INCH OR MORE:   0

[HDD (BASE 65) ]
TOTAL THIS MO.   400    CLEAR  (SCALE 0-3)  11
DPTR FM NORMAL   -87    PTCLDY (SCALE 4-7)   4
TOTAL FM JUL 1  3982    CLOUDY (SCALE 8-10)  1
DPTR FM NORMAL  -345

[CDD (BASE 65) ]
TOTAL THIS MO.     0
DPTR FM NORMAL     0    [PRESSURE DATA]
TOTAL FM JAN 1     0    HIGHEST SLP M ON M
DPTR FM NORMAL     0    LOWEST  SLP 29.86 ON 11

[REMARKS]
